{"id":49507,"date":"2024-05-10T16:11:20","date_gmt":"2024-05-10T14:11:20","guid":{"rendered":"https:\/\/esperanza.ch\/?post_type=product&#038;p=49507"},"modified":"2025-05-02T15:03:54","modified_gmt":"2025-05-02T13:03:54","slug":"jura-c8-piano-black-sa-15604","status":"publish","type":"product","link":"https:\/\/yithcompare.321dev.ch\/fr\/produit\/jura-c8-piano-black-sa-15604\/","title":{"rendered":"JURA C8 Piano Black (SA)"},"content":{"rendered":"<div class=\"description\">\n<div id=\"pagelayout_0_pagetype_0_pagecontent_0_panExpandable\" class=\"block-expandable state-expanded\" data-init=\"expandable\" data-expandable-options=\"{&quot;modal&quot;:true}\">\n<div class=\"content\" data-expandable=\"content\">\n<p>Con\u00e7ue dans une optique minimaliste, la C8 ma\u00eetrise les sp\u00e9cialit\u00e9s classiques : caf\u00e9, espresso, cappuccino et latte macchiato. \u00c9quip\u00e9 du Professional Aroma Grinder (P.A.G.), elle garantit un maximum d&rsquo;ar\u00f4mes. La quantit\u00e9 de caf\u00e9 et de lait, mais aussi l&rsquo;intensit\u00e9, peuvent \u00eatre facilement adapt\u00e9es aux go\u00fbts personnels sur la C8.<\/p>\n<p>La C8 s\u00e9duit par sa forme convexe-concave et refl\u00e8te dans celle-ci son aspect visuel haut de gamme. Le panneau de contr\u00f4le simple et les touches physiques sont sobres et favorisent une utilisation simple et intuitive.<\/p>\n<p>Gr\u00e2ce au Wi-Fi Connect et \u00e0 l\u2019application J.O.E.<sup>\u00ae<\/sup>, la C8 peut \u00eatre command\u00e9e \u00e0 partir d\u2019un appareil mobile et offre des fonctionnalit\u00e9s suppl\u00e9mentaires qui \u00e9l\u00e8vent l\u2019exp\u00e9rience utilisateur au niveau sup\u00e9rieur.<\/p>\n<\/div>\n<\/div>\n<\/div>\n","protected":false},"excerpt":{"rendered":"<h2 style=\"font-size: 1.25em;\">Un petit format pour de grands moments de d\u00e9gustation<\/h2>\n<p>La C8 inaugure le segment Premium Eco de JURA. De taille compacte, dot\u00e9e d\u2019un syst\u00e8me interne performant et d\u2019\u00e9l\u00e9gants accents haut de gamme, elle cr\u00e9e une exp\u00e9rience caf\u00e9 totalement unique.<\/p>\n","protected":false},"featured_media":49548,"comment_status":"closed","ping_status":"closed","template":"","meta":[],"product_brand":[],"product_cat":[47],"product_tag":[],"class_list":{"0":"post-49507","1":"product","2":"type-product","3":"status-publish","4":"has-post-thumbnail","6":"product_cat-jura-monde-du-cafe-particuliers","8":"first","9":"instock","10":"taxable","11":"shipping-taxable","12":"purchasable","13":"product-type-simple"},"_links":{"self":[{"href":"https:\/\/yithcompare.321dev.ch\/fr\/wp-json\/wp\/v2\/product\/49507","targetHints":{"allow":["GET"]}}],"collection":[{"href":"https:\/\/yithcompare.321dev.ch\/fr\/wp-json\/wp\/v2\/product"}],"about":[{"href":"https:\/\/yithcompare.321dev.ch\/fr\/wp-json\/wp\/v2\/types\/product"}],"replies":[{"embeddable":true,"href":"https:\/\/yithcompare.321dev.ch\/fr\/wp-json\/wp\/v2\/comments?post=49507"}],"wp:featuredmedia":[{"embeddable":true,"href":"https:\/\/yithcompare.321dev.ch\/fr\/wp-json\/wp\/v2\/media\/49548"}],"wp:attachment":[{"href":"https:\/\/yithcompare.321dev.ch\/fr\/wp-json\/wp\/v2\/media?parent=49507"}],"wp:term":[{"taxonomy":"product_brand","embeddable":true,"href":"https:\/\/yithcompare.321dev.ch\/fr\/wp-json\/wp\/v2\/product_brand?post=49507"},{"taxonomy":"product_cat","embeddable":true,"href":"https:\/\/yithcompare.321dev.ch\/fr\/wp-json\/wp\/v2\/product_cat?post=49507"},{"taxonomy":"product_tag","embeddable":true,"href":"https:\/\/yithcompare.321dev.ch\/fr\/wp-json\/wp\/v2\/product_tag?post=49507"}],"curies":[{"name":"wp","href":"https:\/\/api.w.org\/{rel}","templated":true}]}}

<div class="description">
<div id="pagelayout_0_pagetype_0_pagecontent_0_panExpandable" class="block-expandable state-expanded" data-init="expandable" data-expandable-options="{&quot;modal&quot;:true}">
<div class="content" data-expandable="content">
<p>Conçue dans une optique minimaliste, la C8 maîtrise les spécialités classiques : café, espresso, cappuccino et latte macchiato. Équipé du Professional Aroma Grinder (P.A.G.), elle garantit un maximum d&rsquo;arômes. La quantité de café et de lait, mais aussi l&rsquo;intensité, peuvent être facilement adaptées aux goûts personnels sur la C8.</p>
<p>La C8 séduit par sa forme convexe-concave et reflète dans celle-ci son aspect visuel haut de gamme. Le panneau de contrôle simple et les touches physiques sont sobres et favorisent une utilisation simple et intuitive.</p>
<p>Grâce au Wi-Fi Connect et à l’application J.O.E.<sup>®</sup>, la C8 peut être commandée à partir d’un appareil mobile et offre des fonctionnalités supplémentaires qui élèvent l’expérience utilisateur au niveau supérieur.</p>
</div>
</div>
</div>

<h2 style="font-size: 1.25em;">Un petit format pour de grands moments de dégustation</h2>
<p>La C8 inaugure le segment Premium Eco de JURA. De taille compacte, dotée d’un système interne performant et d’élégants accents haut de gamme, elle crée une expérience café totalement unique.</p>
