{"id":4665,"date":"2019-08-13T00:00:00","date_gmt":"2019-08-12T22:00:00","guid":{"rendered":"https:\/\/esperanza.ch\/produit\/buse-mousse-fine-pro-jura-g2\/"},"modified":"2024-11-27T09:54:32","modified_gmt":"2024-11-27T07:54:32","slug":"buse-mousse-fine-pro-jura-g2-24250","status":"publish","type":"product","link":"https:\/\/yithcompare.321dev.ch\/fr\/produit\/buse-mousse-fine-pro-jura-g2-24250\/","title":{"rendered":"Buse mousse fine Pro G2"},"content":{"rendered":"<h2 style=\"font-size: 1.25em; display:none;\">Buse mousse fine Pro G2<\/h2>\n<p>Sp\u00e9cialement con\u00e7ue pour pr\u00e9parer des sp\u00e9cialit\u00e9s de caf\u00e9 rehauss\u00e9es de lait et de mousse de lait, elle couronne latte macchiato et cie d\u2019une mousse fine parfaite et s\u00e9duit par sa philosophie de commande particuli\u00e8rement intuitive.<\/p>\n<div id=\"pagelayout_0_pagetype_0_pagecontent_0_panExpandable\" class=\"block-expandable state-expanded\" data-init=\"expandable\" data-expandable-options=\"{&quot;modal&quot;:true}\">\n<div class=\"content\" data-expandable=\"content\">\n<div id=\"pagelayout_0_pagetype_0_pagecontent_0_pnlGlobalContentText\">\n<p><strong>Compatibilit\u00e9<\/strong><\/p>\n<ul class=\"machines\">\n<li>E8 (SA)<\/li>\n<li>E800 (2018)<\/li>\n<li>S8<\/li>\n<li>S8 (SA)<\/li>\n<li><a href=\"https:\/\/yithcompare.321dev.ch\/fr\/produit\/jura-s8-dark-inox-sb-15484\/\" target=\"_parent\" rel=\"noopener\">S8 (SB)<\/a><\/li>\n<li>S80<\/li>\n<li><a href=\"https:\/\/yithcompare.321dev.ch\/fr\/produit\/jura-w8-dark-inox-sa-15552\/\" target=\"_parent\" rel=\"noopener\">W8 (SA)<\/a><\/li>\n<li>WE8 (2019ff)<\/li>\n<\/ul>\n<\/div>\n<\/div>\n<\/div>\n","protected":false},"excerpt":{"rendered":"<p>La nouvelle buse mousse fine Pro<sup>G2<\/sup>, fabriqu\u00e9e dans les mat\u00e9riaux les plus nobles, est un tr\u00e9sor d\u2019esth\u00e9tique et d\u2019haptique.<\/p>\n","protected":false},"featured_media":50314,"comment_status":"closed","ping_status":"closed","template":"","meta":[],"product_brand":[],"product_cat":[421,397],"product_tag":[],"class_list":{"0":"post-4665","1":"product","2":"type-product","3":"status-publish","4":"has-post-thumbnail","6":"product_cat-accessoires-du-froid-pro","7":"product_cat-accessoires-du-froid","9":"first","10":"instock","11":"taxable","12":"shipping-taxable","13":"purchasable","14":"product-type-simple"},"_links":{"self":[{"href":"https:\/\/yithcompare.321dev.ch\/fr\/wp-json\/wp\/v2\/product\/4665","targetHints":{"allow":["GET"]}}],"collection":[{"href":"https:\/\/yithcompare.321dev.ch\/fr\/wp-json\/wp\/v2\/product"}],"about":[{"href":"https:\/\/yithcompare.321dev.ch\/fr\/wp-json\/wp\/v2\/types\/product"}],"replies":[{"embeddable":true,"href":"https:\/\/yithcompare.321dev.ch\/fr\/wp-json\/wp\/v2\/comments?post=4665"}],"wp:featuredmedia":[{"embeddable":true,"href":"https:\/\/yithcompare.321dev.ch\/fr\/wp-json\/wp\/v2\/media\/50314"}],"wp:attachment":[{"href":"https:\/\/yithcompare.321dev.ch\/fr\/wp-json\/wp\/v2\/media?parent=4665"}],"wp:term":[{"taxonomy":"product_brand","embeddable":true,"href":"https:\/\/yithcompare.321dev.ch\/fr\/wp-json\/wp\/v2\/product_brand?post=4665"},{"taxonomy":"product_cat","embeddable":true,"href":"https:\/\/yithcompare.321dev.ch\/fr\/wp-json\/wp\/v2\/product_cat?post=4665"},{"taxonomy":"product_tag","embeddable":true,"href":"https:\/\/yithcompare.321dev.ch\/fr\/wp-json\/wp\/v2\/product_tag?post=4665"}],"curies":[{"name":"wp","href":"https:\/\/api.w.org\/{rel}","templated":true}]}}

<h2 style="font-size: 1.25em; display:none;">Buse mousse fine Pro G2</h2>
<p>Spécialement conçue pour préparer des spécialités de café rehaussées de lait et de mousse de lait, elle couronne latte macchiato et cie d’une mousse fine parfaite et séduit par sa philosophie de commande particulièrement intuitive.</p>
<div id="pagelayout_0_pagetype_0_pagecontent_0_panExpandable" class="block-expandable state-expanded" data-init="expandable" data-expandable-options="{&quot;modal&quot;:true}">
<div class="content" data-expandable="content">
<div id="pagelayout_0_pagetype_0_pagecontent_0_pnlGlobalContentText">
<p><strong>Compatibilité</strong></p>
<ul class="machines">
<li>E8 (SA)</li>
<li>E800 (2018)</li>
<li>S8</li>
<li>S8 (SA)</li>
<li><a href="https://yithcompare.321dev.ch/fr/produit/jura-s8-dark-inox-sb-15484/" target="_parent" rel="noopener">S8 (SB)</a></li>
<li>S80</li>
<li><a href="https://yithcompare.321dev.ch/fr/produit/jura-w8-dark-inox-sa-15552/" target="_parent" rel="noopener">W8 (SA)</a></li>
<li>WE8 (2019ff)</li>
</ul>
</div>
</div>
</div>

<p>La nouvelle buse mousse fine Pro<sup>G2</sup>, fabriquée dans les matériaux les plus nobles, est un trésor d’esthétique et d’haptique.</p>
