{"id":4536,"date":"2018-04-17T00:00:00","date_gmt":"2018-04-16T22:00:00","guid":{"rendered":"https:\/\/esperanza.ch\/produit\/cafe-esperanza-fairtrade-bresil-en-grains\/"},"modified":"2025-05-12T01:03:35","modified_gmt":"2025-05-11T23:03:35","slug":"cafe-esperanza-fairtrade-bresil-en-grains","status":"publish","type":"product","link":"https:\/\/yithcompare.321dev.ch\/fr\/produit\/cafe-esperanza-fairtrade-bresil-en-grains\/","title":{"rendered":"Caf\u00e9 Esperanza BRESIL Fairtrade, en grains"},"content":{"rendered":"<h2 style=\"font-size: 1.25em;\"><strong>Caf\u00e9 aux ar\u00f4mes de pain grill\u00e9, toffee<\/strong> (caramel \u00e0 la cr\u00e8me)<\/h2>\n<p>Intensit\u00e9: 2\/5<br \/>\nProfil de torr\u00e9faction: moyen<br \/>\nPr\u00e9parations id\u00e9ales: lungo<br \/>\nEsp\u00e8ces botaniques: 100% Arabica<br \/>\nOrigines: Br\u00e9sil Santos<br \/>\nR\u00e9coltes: mai \u00e0 ao\u00fbt<br \/>\nS\u00e9chage: caf\u00e9s naturels, voie s\u00e8che<\/p>\n<p>Fra\u00eechement conditionn\u00e9 dans un sachet \u00e0 valve de protection des ar\u00f4mes. A\u00a0savourer id\u00e9alement avant trois mois, \u00e0 consommer de pr\u00e9f\u00e9rence avant douze mois apr\u00e8s torr\u00e9faction.<\/p>\n<p><strong>Origines, r\u00e9gion, coop\u00e9rative<\/strong><\/p>\n<p><strong>Br\u00e9sil &#8211;\u00a0<\/strong>La Cooperativa Mista Paragua\u00e7u (<a href=\"https:\/\/goo.gl\/maps\/QGMZ3vVEWaXkPEEg6\">COOMAP<\/a>) a son si\u00e8ge dans la municipalit\u00e9 de Paragua\u00e7u, dans l&rsquo;\u00c9tat du Minas Gerais, au sud-est du Br\u00e9sil. La coop\u00e9rative a \u00e9t\u00e9 fond\u00e9e en 1957 par des producteurs qui se sont fix\u00e9 comme objectif de commercialiser conjointement leur caf\u00e9. Elle n&rsquo;a cess\u00e9 de cro\u00eetre et compte aujourd&rsquo;hui 672 membres. C&rsquo;est une entreprise professionnelle florissante, dot\u00e9e de d\u00e9partements techniques et commerciaux. Ils ont \u00e9t\u00e9 certifi\u00e9s \u00ab\u00a0commerce \u00e9quitable\u00a0\u00bb en 2014.<\/p>\n","protected":false},"excerpt":{"rendered":"<p>Cette s\u00e9lection br\u00e9silienne du Minas Gerais, 100% Arabica s\u00e9duit par sa douceur et sa finesse. Un vrai caf\u00e9 \u00ab\u00a0plaisir\u00a0\u00bb \u00e0 l&rsquo;attention des passionn\u00e9s de lungo qui, tasse apr\u00e8s tasse, accompagnent votre journ\u00e9e au bureau, sans charger votre corps et votre esprit.<\/p>\n","protected":false},"featured_media":20214,"comment_status":"open","ping_status":"closed","template":"","meta":[],"product_brand":[],"product_cat":[26,27,403],"product_tag":[],"class_list":{"0":"post-4536","1":"product","2":"type-product","3":"status-publish","4":"has-post-thumbnail","6":"product_cat-cafe","7":"product_cat-cafe-en-grains","8":"product_cat-brasil","9":"pa_emballage-250g","10":"pa_emballage-500-g","11":"pa_emballage-1-kg","12":"pa_emballage-5-kg","13":"pa_emballage-10-kg","15":"first","16":"instock","17":"sale","18":"taxable","19":"shipping-taxable","20":"purchasable","21":"product-type-variable","22":"has-default-attributes"},"_links":{"self":[{"href":"https:\/\/yithcompare.321dev.ch\/fr\/wp-json\/wp\/v2\/product\/4536","targetHints":{"allow":["GET"]}}],"collection":[{"href":"https:\/\/yithcompare.321dev.ch\/fr\/wp-json\/wp\/v2\/product"}],"about":[{"href":"https:\/\/yithcompare.321dev.ch\/fr\/wp-json\/wp\/v2\/types\/product"}],"replies":[{"embeddable":true,"href":"https:\/\/yithcompare.321dev.ch\/fr\/wp-json\/wp\/v2\/comments?post=4536"}],"wp:featuredmedia":[{"embeddable":true,"href":"https:\/\/yithcompare.321dev.ch\/fr\/wp-json\/wp\/v2\/media\/20214"}],"wp:attachment":[{"href":"https:\/\/yithcompare.321dev.ch\/fr\/wp-json\/wp\/v2\/media?parent=4536"}],"wp:term":[{"taxonomy":"product_brand","embeddable":true,"href":"https:\/\/yithcompare.321dev.ch\/fr\/wp-json\/wp\/v2\/product_brand?post=4536"},{"taxonomy":"product_cat","embeddable":true,"href":"https:\/\/yithcompare.321dev.ch\/fr\/wp-json\/wp\/v2\/product_cat?post=4536"},{"taxonomy":"product_tag","embeddable":true,"href":"https:\/\/yithcompare.321dev.ch\/fr\/wp-json\/wp\/v2\/product_tag?post=4536"}],"curies":[{"name":"wp","href":"https:\/\/api.w.org\/{rel}","templated":true}]}}

Café Esperanza BRESIL Fairtrade, en grains

<h2 style="font-size: 1.25em;"><strong>Café aux arômes de pain grillé, toffee</strong> (caramel à la crème)</h2>
<p>Intensité: 2/5<br />
Profil de torréfaction: moyen<br />
Préparations idéales: lungo<br />
Espèces botaniques: 100% Arabica<br />
Origines: Brésil Santos<br />
Récoltes: mai à août<br />
Séchage: cafés naturels, voie sèche</p>
<p>Fraîchement conditionné dans un sachet à valve de protection des arômes. A savourer idéalement avant trois mois, à consommer de préférence avant douze mois après torréfaction.</p>
<p><strong>Origines, région, coopérative</strong></p>
<p><strong>Brésil &#8211; </strong>La Cooperativa Mista Paraguaçu (<a href="https://goo.gl/maps/QGMZ3vVEWaXkPEEg6">COOMAP</a>) a son siège dans la municipalité de Paraguaçu, dans l&rsquo;État du Minas Gerais, au sud-est du Brésil. La coopérative a été fondée en 1957 par des producteurs qui se sont fixé comme objectif de commercialiser conjointement leur café. Elle n&rsquo;a cessé de croître et compte aujourd&rsquo;hui 672 membres. C&rsquo;est une entreprise professionnelle florissante, dotée de départements techniques et commerciaux. Ils ont été certifiés « commerce équitable » en 2014.</p>

<p>Cette sélection brésilienne du Minas Gerais, 100% Arabica séduit par sa douceur et sa finesse. Un vrai café « plaisir » à l&rsquo;attention des passionnés de lungo qui, tasse après tasse, accompagnent votre journée au bureau, sans charger votre corps et votre esprit.</p>
