{"id":44955,"date":"2023-12-27T21:55:27","date_gmt":"2023-12-27T19:55:27","guid":{"rendered":"https:\/\/esperanza.ch\/?post_type=product&#038;p=44955"},"modified":"2025-05-02T15:28:24","modified_gmt":"2025-05-02T13:28:24","slug":"jura-j8-twin-diamond-white-sa-15596","status":"publish","type":"product","link":"https:\/\/yithcompare.321dev.ch\/fr\/produit\/jura-j8-twin-diamond-white-sa-15596\/","title":{"rendered":"JURA J8 twin Diamond White (SA)"},"content":{"rendered":"<div class=\"mod_pagetitle page-inner load-hidden\" data-init=\"pagetitle\" data-animate=\"basic\" data-sr-id=\"2\">\n<div class=\"block-title\">\n<div class=\"page-info\">\u00c0 partir de deux vari\u00e9t\u00e9s diff\u00e9rentes de grains, pures ou m\u00e9lang\u00e9es, elle pr\u00e9pare d\u2019un simple effleurement des caf\u00e9s au go\u00fbt unique, toujours parfaits \u2013 fra\u00eechement moulus, pas en capsule. Si vous le souhaitez, la J8 twin peut m\u00eame couronner votre boisson d\u2019une mousse de lait subtilement sucr\u00e9e, qui vous ouvre les portes d\u2019une toute nouvelle dimension de d\u00e9gustation. Ces performances sont le fruit de technologies telles que le broyeur P.A.G.3<sup>+ <\/sup>ou la fonction Sweet Foam, d\u00e9velopp\u00e9es par une ing\u00e9nierie suisse de pointe.<\/div>\n<\/div>\n<\/div>\n","protected":false},"excerpt":{"rendered":"<div class=\"mod_pagetitle page-inner load-hidden\" data-init=\"pagetitle\" data-animate=\"basic\" data-sr-id=\"2\">\n<div class=\"block-title\">\n<div class=\"page-info\">\n<h2 class=\"page-subtitle\" style=\"font-size: 1.25em;\"><strong>Nouvelle J8 twin : double performance et flexibilit\u00e9 maximale<\/strong><\/h2>\n<p>Une sp\u00e9cialit\u00e9 de caf\u00e9 avec ou sans caf\u00e9ine? Une torr\u00e9faction fonc\u00e9e pour un espresso ou un m\u00e9lange doux pour un lungo? La J8 twin de JURA est dot\u00e9e de deux broyeurs de pr\u00e9cision. R\u00e9unissant litt\u00e9ralement deux machines en une, elle met fin aux dilemmes et permet de ma\u00eetriser l\u2019art de la polyvalence.<\/p>\n<\/div>\n<\/div>\n<\/div>\n","protected":false},"featured_media":49240,"comment_status":"closed","ping_status":"closed","template":"","meta":[],"product_brand":[],"product_cat":[47],"product_tag":[],"class_list":{"0":"post-44955","1":"product","2":"type-product","3":"status-publish","4":"has-post-thumbnail","6":"product_cat-jura-monde-du-cafe-particuliers","8":"first","9":"instock","10":"taxable","11":"shipping-taxable","12":"purchasable","13":"product-type-simple"},"_links":{"self":[{"href":"https:\/\/yithcompare.321dev.ch\/fr\/wp-json\/wp\/v2\/product\/44955","targetHints":{"allow":["GET"]}}],"collection":[{"href":"https:\/\/yithcompare.321dev.ch\/fr\/wp-json\/wp\/v2\/product"}],"about":[{"href":"https:\/\/yithcompare.321dev.ch\/fr\/wp-json\/wp\/v2\/types\/product"}],"replies":[{"embeddable":true,"href":"https:\/\/yithcompare.321dev.ch\/fr\/wp-json\/wp\/v2\/comments?post=44955"}],"wp:featuredmedia":[{"embeddable":true,"href":"https:\/\/yithcompare.321dev.ch\/fr\/wp-json\/wp\/v2\/media\/49240"}],"wp:attachment":[{"href":"https:\/\/yithcompare.321dev.ch\/fr\/wp-json\/wp\/v2\/media?parent=44955"}],"wp:term":[{"taxonomy":"product_brand","embeddable":true,"href":"https:\/\/yithcompare.321dev.ch\/fr\/wp-json\/wp\/v2\/product_brand?post=44955"},{"taxonomy":"product_cat","embeddable":true,"href":"https:\/\/yithcompare.321dev.ch\/fr\/wp-json\/wp\/v2\/product_cat?post=44955"},{"taxonomy":"product_tag","embeddable":true,"href":"https:\/\/yithcompare.321dev.ch\/fr\/wp-json\/wp\/v2\/product_tag?post=44955"}],"curies":[{"name":"wp","href":"https:\/\/api.w.org\/{rel}","templated":true}]}}

<div class="mod_pagetitle page-inner load-hidden" data-init="pagetitle" data-animate="basic" data-sr-id="2">
<div class="block-title">
<div class="page-info">À partir de deux variétés différentes de grains, pures ou mélangées, elle prépare d’un simple effleurement des cafés au goût unique, toujours parfaits – fraîchement moulus, pas en capsule. Si vous le souhaitez, la J8 twin peut même couronner votre boisson d’une mousse de lait subtilement sucrée, qui vous ouvre les portes d’une toute nouvelle dimension de dégustation. Ces performances sont le fruit de technologies telles que le broyeur P.A.G.3<sup>+ </sup>ou la fonction Sweet Foam, développées par une ingénierie suisse de pointe.</div>
</div>
</div>

<div class="mod_pagetitle page-inner load-hidden" data-init="pagetitle" data-animate="basic" data-sr-id="2">
<div class="block-title">
<div class="page-info">
<h2 class="page-subtitle" style="font-size: 1.25em;"><strong>Nouvelle J8 twin : double performance et flexibilité maximale</strong></h2>
<p>Une spécialité de café avec ou sans caféine? Une torréfaction foncée pour un espresso ou un mélange doux pour un lungo? La J8 twin de JURA est dotée de deux broyeurs de précision. Réunissant littéralement deux machines en une, elle met fin aux dilemmes et permet de maîtriser l’art de la polyvalence.</p>
</div>
</div>
</div>
