{"id":4489,"date":"2017-07-25T00:00:00","date_gmt":"2017-07-24T22:00:00","guid":{"rendered":"https:\/\/esperanza.ch\/produit\/buse-mousse-fine-pro\/"},"modified":"2024-11-27T09:51:15","modified_gmt":"2024-11-27T07:51:15","slug":"buse-mousse-fine-pro-jura-24251","status":"publish","type":"product","link":"https:\/\/yithcompare.321dev.ch\/fr\/produit\/buse-mousse-fine-pro-jura-24251\/","title":{"rendered":"Buse mousse fine Pro"},"content":{"rendered":"<p>Dans sa premi\u00e8re partie, un syst\u00e8me \u00e0 plusieurs chambres fait mousser le lait avec une qualit\u00e9 barista optimale. La technologie mousse fine r\u00e9volutionnaire offre une mousse de lait fine \u00e0 la consistance persistante et fait de chaque d\u00e9gustation une v\u00e9ritable f\u00eate pour le palais et la langue.<\/p>\n<p>La deuxi\u00e8me partie de la buse permet d\u2019aspirer et de faire chauffer le lait.<\/p>\n<p>Associ\u00e9e \u00e0 la qualit\u00e9 exceptionnelle du caf\u00e9 pr\u00e9par\u00e9, cette buse vous ouvre de nouvelles dimensions de plaisir. Une diff\u00e9rence sensible \u00e0 l\u2019\u0153il et au palais.<\/p>\n<p>Afin d&rsquo;assurer un nettoyage efficace et une hygi\u00e8ne optimale, la buse mousse fine Pro est \u00e0 pr\u00e9sent dot\u00e9e d&rsquo;un \u00e9coulement de lait interchangeable. Pour des raisons d&rsquo;hygi\u00e8ne, nous vous recommandons de changer r\u00e9guli\u00e8rement (environ tous les deux mois) l&rsquo;\u00e9coulement de lait interchangeable.<\/p>\n<p><strong style=\"font-size: 14.4px;\">Compatibilit\u00e9:<\/strong><\/p>\n<div id=\"pagelayout_0_pagetype_0_pagecontent_0_panExpandable\" class=\"block-expandable state-expanded\" data-init=\"expandable\" data-expandable-options=\"{&quot;modal&quot;:true}\">\n<div class=\"content\" data-expandable=\"content\">\n<div id=\"pagelayout_0_pagetype_0_pagecontent_0_pnlGlobalContentText\">\n<ul>\n<li>IMPRESSA C5<\/li>\n<li>IMPRESSA C9<\/li>\n<li>IMPRESSA F50<\/li>\n<li>IMPRESSA F505<\/li>\n<li>IMPRESSA S901<\/li>\n<li>IMPRESSA XF50<\/li>\n<li>IMPRESSA XS9<\/li>\n<li>IMPRESSA XS95<\/li>\n<li>WE8 (2016)<\/li>\n<li>WF600<\/li>\n<\/ul>\n<\/div>\n<\/div>\n<\/div>\n","protected":false},"excerpt":{"rendered":"<p>Cette buse multifonction a \u00e9t\u00e9 sp\u00e9cialement con\u00e7ue pour la pr\u00e9paration de sp\u00e9cialit\u00e9s de caf\u00e9 au lait et de mousse de lait. Elle garantit un latte macchiato, un cappuccino ou du lait chaud et de la mousse de lait pour le cacao toujours parfaits.<\/p>\n","protected":false},"featured_media":50301,"comment_status":"closed","ping_status":"closed","template":"","meta":[],"product_brand":[],"product_cat":[421,397],"product_tag":[],"class_list":{"0":"post-4489","1":"product","2":"type-product","3":"status-publish","4":"has-post-thumbnail","6":"product_cat-accessoires-du-froid-pro","7":"product_cat-accessoires-du-froid","9":"first","10":"instock","11":"taxable","12":"shipping-taxable","13":"purchasable","14":"product-type-simple"},"_links":{"self":[{"href":"https:\/\/yithcompare.321dev.ch\/fr\/wp-json\/wp\/v2\/product\/4489","targetHints":{"allow":["GET"]}}],"collection":[{"href":"https:\/\/yithcompare.321dev.ch\/fr\/wp-json\/wp\/v2\/product"}],"about":[{"href":"https:\/\/yithcompare.321dev.ch\/fr\/wp-json\/wp\/v2\/types\/product"}],"replies":[{"embeddable":true,"href":"https:\/\/yithcompare.321dev.ch\/fr\/wp-json\/wp\/v2\/comments?post=4489"}],"wp:featuredmedia":[{"embeddable":true,"href":"https:\/\/yithcompare.321dev.ch\/fr\/wp-json\/wp\/v2\/media\/50301"}],"wp:attachment":[{"href":"https:\/\/yithcompare.321dev.ch\/fr\/wp-json\/wp\/v2\/media?parent=4489"}],"wp:term":[{"taxonomy":"product_brand","embeddable":true,"href":"https:\/\/yithcompare.321dev.ch\/fr\/wp-json\/wp\/v2\/product_brand?post=4489"},{"taxonomy":"product_cat","embeddable":true,"href":"https:\/\/yithcompare.321dev.ch\/fr\/wp-json\/wp\/v2\/product_cat?post=4489"},{"taxonomy":"product_tag","embeddable":true,"href":"https:\/\/yithcompare.321dev.ch\/fr\/wp-json\/wp\/v2\/product_tag?post=4489"}],"curies":[{"name":"wp","href":"https:\/\/api.w.org\/{rel}","templated":true}]}}

<p>Dans sa première partie, un système à plusieurs chambres fait mousser le lait avec une qualité barista optimale. La technologie mousse fine révolutionnaire offre une mousse de lait fine à la consistance persistante et fait de chaque dégustation une véritable fête pour le palais et la langue.</p>
<p>La deuxième partie de la buse permet d’aspirer et de faire chauffer le lait.</p>
<p>Associée à la qualité exceptionnelle du café préparé, cette buse vous ouvre de nouvelles dimensions de plaisir. Une différence sensible à l’œil et au palais.</p>
<p>Afin d&rsquo;assurer un nettoyage efficace et une hygiène optimale, la buse mousse fine Pro est à présent dotée d&rsquo;un écoulement de lait interchangeable. Pour des raisons d&rsquo;hygiène, nous vous recommandons de changer régulièrement (environ tous les deux mois) l&rsquo;écoulement de lait interchangeable.</p>
<p><strong style="font-size: 14.4px;">Compatibilité:</strong></p>
<div id="pagelayout_0_pagetype_0_pagecontent_0_panExpandable" class="block-expandable state-expanded" data-init="expandable" data-expandable-options="{&quot;modal&quot;:true}">
<div class="content" data-expandable="content">
<div id="pagelayout_0_pagetype_0_pagecontent_0_pnlGlobalContentText">
<ul>
<li>IMPRESSA C5</li>
<li>IMPRESSA C9</li>
<li>IMPRESSA F50</li>
<li>IMPRESSA F505</li>
<li>IMPRESSA S901</li>
<li>IMPRESSA XF50</li>
<li>IMPRESSA XS9</li>
<li>IMPRESSA XS95</li>
<li>WE8 (2016)</li>
<li>WF600</li>
</ul>
</div>
</div>
</div>

<p>Cette buse multifonction a été spécialement conçue pour la préparation de spécialités de café au lait et de mousse de lait. Elle garantit un latte macchiato, un cappuccino ou du lait chaud et de la mousse de lait pour le cacao toujours parfaits.</p>
