{"id":4428,"date":"2017-07-04T00:00:00","date_gmt":"2017-07-04T00:00:00","guid":{"rendered":"https:\/\/esperanza.ch\/produit\/tasses-et-sous-tasses-a-cafe-esperanza-6-pcs\/"},"modified":"2024-11-18T16:35:10","modified_gmt":"2024-11-18T14:35:10","slug":"tasses-et-sous-tasses-a-cafe-esperanza-6-pcs","status":"publish","type":"product","link":"https:\/\/yithcompare.321dev.ch\/fr\/produit\/tasses-et-sous-tasses-a-cafe-esperanza-6-pcs\/","title":{"rendered":"Tasses et sous-tasses \u00e0 caf\u00e9 Esperanza, 6 pcs"},"content":{"rendered":"<h2 class=\"product-title product_title entry-title\" style=\"font-size: 1.25em; display:none;\">Tasses et sous-tasses \u00e0 caf\u00e9 Esperanza, 6 pcs<\/h2>\n<p><strong>Tasses et sous-tasses \u00e0 caf\u00e9 Esperanza<\/strong>, 6 pcs, 110ml<\/p>\n","protected":false},"excerpt":{"rendered":"<p>Tasses et sous-tasses \u00e0 caf\u00e9 Esperanza, 6 pcs Tasses et sous-tasses \u00e0 caf\u00e9 Esperanza, 6 pcs, 110ml<\/p>\n","protected":false},"featured_media":28842,"comment_status":"open","ping_status":"closed","template":"","meta":[],"product_brand":[],"product_cat":[30,41],"product_tag":[],"class_list":{"0":"post-4428","1":"product","2":"type-product","3":"status-publish","4":"has-post-thumbnail","6":"product_cat-consommables","7":"product_cat-gobelets-tasses","9":"first","10":"instock","11":"taxable","12":"shipping-taxable","13":"purchasable","14":"product-type-simple"},"_links":{"self":[{"href":"https:\/\/yithcompare.321dev.ch\/fr\/wp-json\/wp\/v2\/product\/4428","targetHints":{"allow":["GET"]}}],"collection":[{"href":"https:\/\/yithcompare.321dev.ch\/fr\/wp-json\/wp\/v2\/product"}],"about":[{"href":"https:\/\/yithcompare.321dev.ch\/fr\/wp-json\/wp\/v2\/types\/product"}],"replies":[{"embeddable":true,"href":"https:\/\/yithcompare.321dev.ch\/fr\/wp-json\/wp\/v2\/comments?post=4428"}],"wp:featuredmedia":[{"embeddable":true,"href":"https:\/\/yithcompare.321dev.ch\/fr\/wp-json\/wp\/v2\/media\/28842"}],"wp:attachment":[{"href":"https:\/\/yithcompare.321dev.ch\/fr\/wp-json\/wp\/v2\/media?parent=4428"}],"wp:term":[{"taxonomy":"product_brand","embeddable":true,"href":"https:\/\/yithcompare.321dev.ch\/fr\/wp-json\/wp\/v2\/product_brand?post=4428"},{"taxonomy":"product_cat","embeddable":true,"href":"https:\/\/yithcompare.321dev.ch\/fr\/wp-json\/wp\/v2\/product_cat?post=4428"},{"taxonomy":"product_tag","embeddable":true,"href":"https:\/\/yithcompare.321dev.ch\/fr\/wp-json\/wp\/v2\/product_tag?post=4428"}],"curies":[{"name":"wp","href":"https:\/\/api.w.org\/{rel}","templated":true}]}}

Tasses et sous-tasses à café Esperanza, 6 pcs

<h2 class="product-title product_title entry-title" style="font-size: 1.25em; display:none;">Tasses et sous-tasses à café Esperanza, 6 pcs</h2>
<p><strong>Tasses et sous-tasses à café Esperanza</strong>, 6 pcs, 110ml</p>

<p>Tasses et sous-tasses à café Esperanza, 6 pcs Tasses et sous-tasses à café Esperanza, 6 pcs, 110ml</p>
