{"id":4412,"date":"2017-06-30T00:00:00","date_gmt":"2017-06-29T22:00:00","guid":{"rendered":"https:\/\/esperanza.ch\/produit\/cafe-esperanza-decafeine-fairtrade\/"},"modified":"2025-05-12T01:03:34","modified_gmt":"2025-05-11T23:03:34","slug":"cafe-esperanza-decafeine-fairtrade","status":"publish","type":"product","link":"https:\/\/yithcompare.321dev.ch\/fr\/produit\/cafe-esperanza-decafeine-fairtrade\/","title":{"rendered":"Caf\u00e9 Esperanza 100% D\u00c9CAF\u00c9IN\u00c9 Fairtrade, en grains"},"content":{"rendered":"<h2 style=\"font-size: 1.25em;\"><strong>Caf\u00e9 aux ar\u00f4mes de Pralin\u00e9<\/strong> (ar\u00f4me dominant)<\/h2>\n<p>Intensit\u00e9: 3\/5<br \/>\nProfil de torr\u00e9faction: fonc\u00e9<br \/>\nPr\u00e9parations id\u00e9ales: lungo mild, caf\u00e9 cr\u00e8me<br \/>\nEsp\u00e8ces botaniques: 100% Arabica<br \/>\nOrigine: Huatusco, Mexique (r\u00e9gion sud-atlantique),\u00a0Uni\u00f3n Regional Peque\u00f1os Productores Caf\u00e9<br \/>\nR\u00e9coltes: novembre \u00e0 mars (Mexique)<br \/>\nS\u00e9chage: voie humide, caf\u00e9 lav\u00e9<br \/>\nProcessus de d\u00e9caf\u00e9ination \u00e0 l\u2019eau ou Swiss Water\u00ae Process (SWP)<\/p>\n<p>Fra\u00eechement conditionn\u00e9 dans un sachet \u00e0 valve de protection des ar\u00f4mes. A\u00a0savourer id\u00e9alement avant trois mois, \u00e0 consommer de pr\u00e9f\u00e9rence avant douze mois apr\u00e8s torr\u00e9faction.<\/p>\n","protected":false},"excerpt":{"rendered":"<p>Souvent, nos clients nous demandent notre avis sur notre DECAFEINE. Certains ironisent sur ces grains lav\u00e9s, et lav\u00e9s, et encore une fois lav\u00e9s. Nous pensons, car nous l&rsquo;avons go\u00fbt\u00e9, que son intensit\u00e9 r\u00e9conforte les plus costauds d&rsquo;entre nous. Avant d&rsquo;aller se coucher.<\/p>\n","protected":false},"featured_media":17509,"comment_status":"open","ping_status":"closed","template":"","meta":[],"product_brand":[],"product_cat":[26,27,407,401],"product_tag":[],"class_list":{"0":"post-4412","1":"product","2":"type-product","3":"status-publish","4":"has-post-thumbnail","6":"product_cat-cafe","7":"product_cat-cafe-en-grains","8":"product_cat-mexico","9":"product_cat-decafeines","10":"pa_emballage-500-g","11":"pa_emballage-5-kg","12":"pa_emballage-10-kg","14":"first","15":"instock","16":"sale","17":"taxable","18":"shipping-taxable","19":"purchasable","20":"product-type-variable","21":"has-default-attributes"},"_links":{"self":[{"href":"https:\/\/yithcompare.321dev.ch\/fr\/wp-json\/wp\/v2\/product\/4412","targetHints":{"allow":["GET"]}}],"collection":[{"href":"https:\/\/yithcompare.321dev.ch\/fr\/wp-json\/wp\/v2\/product"}],"about":[{"href":"https:\/\/yithcompare.321dev.ch\/fr\/wp-json\/wp\/v2\/types\/product"}],"replies":[{"embeddable":true,"href":"https:\/\/yithcompare.321dev.ch\/fr\/wp-json\/wp\/v2\/comments?post=4412"}],"wp:featuredmedia":[{"embeddable":true,"href":"https:\/\/yithcompare.321dev.ch\/fr\/wp-json\/wp\/v2\/media\/17509"}],"wp:attachment":[{"href":"https:\/\/yithcompare.321dev.ch\/fr\/wp-json\/wp\/v2\/media?parent=4412"}],"wp:term":[{"taxonomy":"product_brand","embeddable":true,"href":"https:\/\/yithcompare.321dev.ch\/fr\/wp-json\/wp\/v2\/product_brand?post=4412"},{"taxonomy":"product_cat","embeddable":true,"href":"https:\/\/yithcompare.321dev.ch\/fr\/wp-json\/wp\/v2\/product_cat?post=4412"},{"taxonomy":"product_tag","embeddable":true,"href":"https:\/\/yithcompare.321dev.ch\/fr\/wp-json\/wp\/v2\/product_tag?post=4412"}],"curies":[{"name":"wp","href":"https:\/\/api.w.org\/{rel}","templated":true}]}}

Café Esperanza 100% DÉCAFÉINÉ Fairtrade, en grains

<h2 style="font-size: 1.25em;"><strong>Café aux arômes de Praliné</strong> (arôme dominant)</h2>
<p>Intensité: 3/5<br />
Profil de torréfaction: foncé<br />
Préparations idéales: lungo mild, café crème<br />
Espèces botaniques: 100% Arabica<br />
Origine: Huatusco, Mexique (région sud-atlantique), Unión Regional Pequeños Productores Café<br />
Récoltes: novembre à mars (Mexique)<br />
Séchage: voie humide, café lavé<br />
Processus de décaféination à l’eau ou Swiss Water® Process (SWP)</p>
<p>Fraîchement conditionné dans un sachet à valve de protection des arômes. A savourer idéalement avant trois mois, à consommer de préférence avant douze mois après torréfaction.</p>

<p>Souvent, nos clients nous demandent notre avis sur notre DECAFEINE. Certains ironisent sur ces grains lavés, et lavés, et encore une fois lavés. Nous pensons, car nous l&rsquo;avons goûté, que son intensité réconforte les plus costauds d&rsquo;entre nous. Avant d&rsquo;aller se coucher.</p>
