{"id":4403,"date":"2017-06-30T00:00:00","date_gmt":"2017-06-29T22:00:00","guid":{"rendered":"https:\/\/esperanza.ch\/produit\/cafe-esperanza-fairtrade-delicia\/"},"modified":"2025-05-12T01:03:35","modified_gmt":"2025-05-11T23:03:35","slug":"cafe-esperanza-fairtrade-delicia","status":"publish","type":"product","link":"https:\/\/yithcompare.321dev.ch\/fr\/produit\/cafe-esperanza-fairtrade-delicia\/","title":{"rendered":"Caf\u00e9 Esperanza DELICIA Fairtrade, en grains"},"content":{"rendered":"<h2 style=\"font-size: 1.25em;\"><strong>Caf\u00e9 aux ar\u00f4mes de Quetsche, bois de Santal<\/strong><\/h2>\n<p>Intensit\u00e9: 3\/5<br \/>\nProfil de torr\u00e9faction: fonc\u00e9<br \/>\nPr\u00e9parations id\u00e9ales: lungo, caf\u00e9 cr\u00e8me<br \/>\nEsp\u00e8ces botaniques: 100% Arabica<br \/>\nOrigines: Br\u00e9sil Santos, Colombie Excelso,\u00a0Guatemala SHB<br \/>\nR\u00e9coltes: mai \u00e0 ao\u00fbt (Br\u00e9sil) \/ toute l&rsquo;ann\u00e9e gr\u00e2ce aux nombreux microclimats! (Colombie) \/ novembre \u00e0 mars (Guatemala)<br \/>\nS\u00e9chage: caf\u00e9s naturels, voie s\u00e8che (Br\u00e9sil) \/ caf\u00e9s lav\u00e9s (Colombie, Guatemala)<\/p>\n<p>Fra\u00eechement conditionn\u00e9 dans un sachet \u00e0 valve de protection des ar\u00f4mes. A\u00a0savourer id\u00e9alement avant trois mois, \u00e0 consommer de pr\u00e9f\u00e9rence avant douze mois apr\u00e8s torr\u00e9faction.<\/p>\n<p><strong>Origines, r\u00e9gions, coop\u00e9ratives<\/strong><\/p>\n<p><strong>Br\u00e9sil &#8211;\u00a0<\/strong>La Cooperativa Mista Paragua\u00e7u (<a href=\"https:\/\/goo.gl\/maps\/QGMZ3vVEWaXkPEEg6\">COOMAP<\/a>) a son si\u00e8ge dans la municipalit\u00e9 de Paragua\u00e7u, dans l&rsquo;\u00c9tat du Minas Gerais, au sud-est du Br\u00e9sil. La coop\u00e9rative a \u00e9t\u00e9 fond\u00e9e en 1957 par des producteurs qui se sont fix\u00e9 comme objectif de commercialiser conjointement leur caf\u00e9. Elle n&rsquo;a cess\u00e9 de cro\u00eetre et compte aujourd&rsquo;hui 672 membres. C&rsquo;est une entreprise professionnelle florissante, dot\u00e9e de d\u00e9partements techniques et commerciaux. Ils ont \u00e9t\u00e9 certifi\u00e9s \u00ab\u00a0commerce \u00e9quitable\u00a0\u00bb en 2014.<\/p>\n<p><strong>Colombie &#8211;\u00a0<\/strong>La <a href=\"https:\/\/goo.gl\/maps\/wgrDw6VhNNTofGbNA\">Cooperativa de Caficultores de Anserma<\/a>\u00a0investit une partie de la prime Fairtrade pour financer sept techniciens qui conseillent et forment les producteurs de caf\u00e9 pendant six jours sur sept. Par ailleurs, elle a am\u00e9nag\u00e9 plusieurs installations de traitement de l\u0092eau (Tratamiento de Aguas Mieles) et mis en place un syst\u00e8me de surveillance \u00e9lectronique (Garmeen).<\/p>\n<p><strong>Guatemala &#8211;\u00a0<\/strong>En 1969, les membres de 19 coop\u00e9ratives ont d\u00e9cid\u00e9 de fusionner au sein de la Federaci\u00f3n de Cooperativas de Productores de Caf\u00e9 de Guatemala. <a href=\"http:\/\/www.fedecocagua.com.gt\">Fedecocagua<\/a> offre toute une gamme de services. Il s&rsquo;agit principalement de la formation dans les domaines techniques et administratifs, de l&rsquo;acc\u00e8s au cr\u00e9dit, du d\u00e9veloppement de nouveaux march\u00e9s et de la d\u00e9fense des droits des petits agriculteurs.<\/p>\n","protected":false},"excerpt":{"rendered":"<p>Delicia est l&rsquo;ami de tous, notre bestseller: cr\u00e9meux, \u00e9quilibr\u00e9, plaisant. Il ne rebute pour les extr\u00eames: les costauds l&rsquo;appr\u00e9cient, comme les plus sensibles. Il vous accompagne toute la journ\u00e9e, matin et soir.<\/p>\n","protected":false},"featured_media":17485,"comment_status":"closed","ping_status":"closed","template":"","meta":[],"product_brand":[],"product_cat":[26,27,405,404,403],"product_tag":[],"class_list":{"0":"post-4403","1":"product","2":"type-product","3":"status-publish","4":"has-post-thumbnail","6":"product_cat-cafe","7":"product_cat-cafe-en-grains","8":"product_cat-guatemala","9":"product_cat-colombie","10":"product_cat-brasil","11":"pa_emballage-250g","12":"pa_emballage-500-g","13":"pa_emballage-1-kg","14":"pa_emballage-5-kg","15":"pa_emballage-10-kg","17":"first","18":"instock","19":"sale","20":"taxable","21":"shipping-taxable","22":"purchasable","23":"product-type-variable","24":"has-default-attributes"},"_links":{"self":[{"href":"https:\/\/yithcompare.321dev.ch\/fr\/wp-json\/wp\/v2\/product\/4403","targetHints":{"allow":["GET"]}}],"collection":[{"href":"https:\/\/yithcompare.321dev.ch\/fr\/wp-json\/wp\/v2\/product"}],"about":[{"href":"https:\/\/yithcompare.321dev.ch\/fr\/wp-json\/wp\/v2\/types\/product"}],"replies":[{"embeddable":true,"href":"https:\/\/yithcompare.321dev.ch\/fr\/wp-json\/wp\/v2\/comments?post=4403"}],"wp:featuredmedia":[{"embeddable":true,"href":"https:\/\/yithcompare.321dev.ch\/fr\/wp-json\/wp\/v2\/media\/17485"}],"wp:attachment":[{"href":"https:\/\/yithcompare.321dev.ch\/fr\/wp-json\/wp\/v2\/media?parent=4403"}],"wp:term":[{"taxonomy":"product_brand","embeddable":true,"href":"https:\/\/yithcompare.321dev.ch\/fr\/wp-json\/wp\/v2\/product_brand?post=4403"},{"taxonomy":"product_cat","embeddable":true,"href":"https:\/\/yithcompare.321dev.ch\/fr\/wp-json\/wp\/v2\/product_cat?post=4403"},{"taxonomy":"product_tag","embeddable":true,"href":"https:\/\/yithcompare.321dev.ch\/fr\/wp-json\/wp\/v2\/product_tag?post=4403"}],"curies":[{"name":"wp","href":"https:\/\/api.w.org\/{rel}","templated":true}]}}

Café Esperanza DELICIA Fairtrade, en grains

<h2 style="font-size: 1.25em;"><strong>Café aux arômes de Quetsche, bois de Santal</strong></h2>
<p>Intensité: 3/5<br />
Profil de torréfaction: foncé<br />
Préparations idéales: lungo, café crème<br />
Espèces botaniques: 100% Arabica<br />
Origines: Brésil Santos, Colombie Excelso, Guatemala SHB<br />
Récoltes: mai à août (Brésil) / toute l&rsquo;année grâce aux nombreux microclimats! (Colombie) / novembre à mars (Guatemala)<br />
Séchage: cafés naturels, voie sèche (Brésil) / cafés lavés (Colombie, Guatemala)</p>
<p>Fraîchement conditionné dans un sachet à valve de protection des arômes. A savourer idéalement avant trois mois, à consommer de préférence avant douze mois après torréfaction.</p>
<p><strong>Origines, régions, coopératives</strong></p>
<p><strong>Brésil &#8211; </strong>La Cooperativa Mista Paraguaçu (<a href="https://goo.gl/maps/QGMZ3vVEWaXkPEEg6">COOMAP</a>) a son siège dans la municipalité de Paraguaçu, dans l&rsquo;État du Minas Gerais, au sud-est du Brésil. La coopérative a été fondée en 1957 par des producteurs qui se sont fixé comme objectif de commercialiser conjointement leur café. Elle n&rsquo;a cessé de croître et compte aujourd&rsquo;hui 672 membres. C&rsquo;est une entreprise professionnelle florissante, dotée de départements techniques et commerciaux. Ils ont été certifiés « commerce équitable » en 2014.</p>
<p><strong>Colombie &#8211; </strong>La <a href="https://goo.gl/maps/wgrDw6VhNNTofGbNA">Cooperativa de Caficultores de Anserma</a> investit une partie de la prime Fairtrade pour financer sept techniciens qui conseillent et forment les producteurs de café pendant six jours sur sept. Par ailleurs, elle a aménagé plusieurs installations de traitement de leau (Tratamiento de Aguas Mieles) et mis en place un système de surveillance électronique (Garmeen).</p>
<p><strong>Guatemala &#8211; </strong>En 1969, les membres de 19 coopératives ont décidé de fusionner au sein de la Federación de Cooperativas de Productores de Café de Guatemala. <a href="http://www.fedecocagua.com.gt">Fedecocagua</a> offre toute une gamme de services. Il s&rsquo;agit principalement de la formation dans les domaines techniques et administratifs, de l&rsquo;accès au crédit, du développement de nouveaux marchés et de la défense des droits des petits agriculteurs.</p>

<p>Delicia est l&rsquo;ami de tous, notre bestseller: crémeux, équilibré, plaisant. Il ne rebute pour les extrêmes: les costauds l&rsquo;apprécient, comme les plus sensibles. Il vous accompagne toute la journée, matin et soir.</p>
