{"id":4388,"date":"2017-06-30T00:00:00","date_gmt":"2017-06-29T22:00:00","guid":{"rendered":"https:\/\/esperanza.ch\/produit\/cafe-esperanza-fairtrade-supremo-en-grains\/"},"modified":"2025-05-12T01:03:36","modified_gmt":"2025-05-11T23:03:36","slug":"cafe-esperanza-fairtrade-supremo-en-grains","status":"publish","type":"product","link":"https:\/\/yithcompare.321dev.ch\/fr\/produit\/cafe-esperanza-fairtrade-supremo-en-grains\/","title":{"rendered":"Caf\u00e9 Esperanza SUPREMO Fairtrade, en grains"},"content":{"rendered":"<h2 style=\"font-size: 1.25em;\"><strong>Caf\u00e9 aux ar\u00f4mes de chocolat noir, fum\u00e9<\/strong> (ar\u00f4mes dominants)<\/h2>\n<p>Intensit\u00e9: 5\/5<br \/>\nProfil de torr\u00e9faction: tr\u00e8s fonc\u00e9<br \/>\nPr\u00e9parations id\u00e9ales: ristretto, espresso, latte<br \/>\nEsp\u00e8ces botaniques: 50% Arabica \/ 50% Robusta<br \/>\nOrigines: Guatemala SHB (Arabica), Ouganda (Robusta), Br\u00e9sil Santos (Arabica)<br \/>\nR\u00e9coltes: novembre \u00e0 mars (Guatemala) \/ mai \u00e0 ao\u00fbt (Br\u00e9sil) \/ ao\u00fbt \u00e0 janvier (Ouganda)<br \/>\nS\u00e9chage: caf\u00e9s lav\u00e9s (Guatemala) \/ Caf\u00e9s naturels, m\u00e9thode s\u00e8che (Ouganda, Br\u00e9sil)<\/p>\n<p><strong>Conditionnements<\/strong><\/p>\n<p>Fra\u00eechement conditionn\u00e9 dans un sachet \u00e0 valve de protection des ar\u00f4mes de 250g, 500g ou 1kg. A\u00a0savourer id\u00e9alement avant trois mois, \u00e0 consommer de pr\u00e9f\u00e9rence avant douze mois apr\u00e8s torr\u00e9faction.<\/p>\n<p>Le conditionnement en vrac est disponible en ligne par 2 bidons consign\u00e9s de 5kg (total 2 x 5kg), puis compl\u00e9ment\u00e9 \u00e0 souhait de recharges en sac kraft de 5kg. A transvaser rapidement dans le bidon consign\u00e9 ou tout autre contenant opaque et ferm\u00e9, d\u00e8s r\u00e9ception de votre colis. Une fois vide, le sac en papier kraft est \u00e0 recycler aux vieux papiers.<\/p>\n<p><strong>Origines, r\u00e9gions, coop\u00e9ratives<\/strong><\/p>\n<p><strong>Guatemala &#8211;\u00a0<\/strong>En 1969, les membres de 19 coop\u00e9ratives ont d\u00e9cid\u00e9 de fusionner au sein de la Federaci\u00f3n de Cooperativas de Productores de Caf\u00e9 de Guatemala. Fedecocagua offre toute une gamme de services. Il s&rsquo;agit principalement de la formation dans les domaines techniques et administratifs, de l&rsquo;acc\u00e8s au cr\u00e9dit, du d\u00e9veloppement de nouveaux march\u00e9s et de la d\u00e9fense des droits des petits agriculteurs.<\/p>\n<p><strong>Ouganda &#8211; <\/strong>La coop\u00e9rative &#8230;. texte en r\u00e9daction<\/p>\n<p><strong>Br\u00e9sil &#8211;\u00a0<\/strong>La Cooperativa Mista Paragua\u00e7u (COOMAP) a son si\u00e8ge dans la municipalit\u00e9 de Paragua\u00e7u, dans l&rsquo;\u00c9tat du Minas Gerais, au sud-est du Br\u00e9sil. La coop\u00e9rative a \u00e9t\u00e9 fond\u00e9e en 1957 par des producteurs qui se sont fix\u00e9 comme objectif de commercialiser conjointement leur caf\u00e9. Elle n&rsquo;a cess\u00e9 de cro\u00eetre et compte aujourd&rsquo;hui 672 membres. C&rsquo;est une entreprise professionnelle florissante, dot\u00e9e de d\u00e9partements techniques et commerciaux. Ils ont \u00e9t\u00e9 certifi\u00e9s \u00ab\u00a0commerce \u00e9quitable\u00a0\u00bb en 2014.<\/p>\n","protected":false},"excerpt":{"rendered":"<div class=\"product-short-description\">\n<p>Supremo est notre star des caf\u00e9s intenses, cors\u00e9s, cr\u00e9meux, sans l&rsquo;amertume tenace. Merveilleux choix du matin! Pchhht, un secret: certains oenologues pr\u00e9f\u00e8rent la qualit\u00e9 \u00e0 la quantit\u00e9, ils ont trouv\u00e9 leur bonheur avec ce caf\u00e9.<\/p>\n<\/div>\n","protected":false},"featured_media":17431,"comment_status":"open","ping_status":"closed","template":"","meta":[],"product_brand":[],"product_cat":[26,27,405,403,615],"product_tag":[],"class_list":{"0":"post-4388","1":"product","2":"type-product","3":"status-publish","4":"has-post-thumbnail","6":"product_cat-cafe","7":"product_cat-cafe-en-grains","8":"product_cat-guatemala","9":"product_cat-brasil","10":"product_cat-ouganda","11":"pa_emballage-250g","12":"pa_emballage-500-g","13":"pa_emballage-1-kg","14":"pa_emballage-5-kg","15":"pa_emballage-10-kg","17":"first","18":"instock","19":"sale","20":"taxable","21":"shipping-taxable","22":"purchasable","23":"product-type-variable","24":"has-default-attributes"},"_links":{"self":[{"href":"https:\/\/yithcompare.321dev.ch\/fr\/wp-json\/wp\/v2\/product\/4388","targetHints":{"allow":["GET"]}}],"collection":[{"href":"https:\/\/yithcompare.321dev.ch\/fr\/wp-json\/wp\/v2\/product"}],"about":[{"href":"https:\/\/yithcompare.321dev.ch\/fr\/wp-json\/wp\/v2\/types\/product"}],"replies":[{"embeddable":true,"href":"https:\/\/yithcompare.321dev.ch\/fr\/wp-json\/wp\/v2\/comments?post=4388"}],"wp:featuredmedia":[{"embeddable":true,"href":"https:\/\/yithcompare.321dev.ch\/fr\/wp-json\/wp\/v2\/media\/17431"}],"wp:attachment":[{"href":"https:\/\/yithcompare.321dev.ch\/fr\/wp-json\/wp\/v2\/media?parent=4388"}],"wp:term":[{"taxonomy":"product_brand","embeddable":true,"href":"https:\/\/yithcompare.321dev.ch\/fr\/wp-json\/wp\/v2\/product_brand?post=4388"},{"taxonomy":"product_cat","embeddable":true,"href":"https:\/\/yithcompare.321dev.ch\/fr\/wp-json\/wp\/v2\/product_cat?post=4388"},{"taxonomy":"product_tag","embeddable":true,"href":"https:\/\/yithcompare.321dev.ch\/fr\/wp-json\/wp\/v2\/product_tag?post=4388"}],"curies":[{"name":"wp","href":"https:\/\/api.w.org\/{rel}","templated":true}]}}

Café Esperanza SUPREMO Fairtrade, en grains

<h2 style="font-size: 1.25em;"><strong>Café aux arômes de chocolat noir, fumé</strong> (arômes dominants)</h2>
<p>Intensité: 5/5<br />
Profil de torréfaction: très foncé<br />
Préparations idéales: ristretto, espresso, latte<br />
Espèces botaniques: 50% Arabica / 50% Robusta<br />
Origines: Guatemala SHB (Arabica), Ouganda (Robusta), Brésil Santos (Arabica)<br />
Récoltes: novembre à mars (Guatemala) / mai à août (Brésil) / août à janvier (Ouganda)<br />
Séchage: cafés lavés (Guatemala) / Cafés naturels, méthode sèche (Ouganda, Brésil)</p>
<p><strong>Conditionnements</strong></p>
<p>Fraîchement conditionné dans un sachet à valve de protection des arômes de 250g, 500g ou 1kg. A savourer idéalement avant trois mois, à consommer de préférence avant douze mois après torréfaction.</p>
<p>Le conditionnement en vrac est disponible en ligne par 2 bidons consignés de 5kg (total 2 x 5kg), puis complémenté à souhait de recharges en sac kraft de 5kg. A transvaser rapidement dans le bidon consigné ou tout autre contenant opaque et fermé, dès réception de votre colis. Une fois vide, le sac en papier kraft est à recycler aux vieux papiers.</p>
<p><strong>Origines, régions, coopératives</strong></p>
<p><strong>Guatemala &#8211; </strong>En 1969, les membres de 19 coopératives ont décidé de fusionner au sein de la Federación de Cooperativas de Productores de Café de Guatemala. Fedecocagua offre toute une gamme de services. Il s&rsquo;agit principalement de la formation dans les domaines techniques et administratifs, de l&rsquo;accès au crédit, du développement de nouveaux marchés et de la défense des droits des petits agriculteurs.</p>
<p><strong>Ouganda &#8211; </strong>La coopérative &#8230;. texte en rédaction</p>
<p><strong>Brésil &#8211; </strong>La Cooperativa Mista Paraguaçu (COOMAP) a son siège dans la municipalité de Paraguaçu, dans l&rsquo;État du Minas Gerais, au sud-est du Brésil. La coopérative a été fondée en 1957 par des producteurs qui se sont fixé comme objectif de commercialiser conjointement leur café. Elle n&rsquo;a cessé de croître et compte aujourd&rsquo;hui 672 membres. C&rsquo;est une entreprise professionnelle florissante, dotée de départements techniques et commerciaux. Ils ont été certifiés « commerce équitable » en 2014.</p>

<div class="product-short-description">
<p>Supremo est notre star des cafés intenses, corsés, crémeux, sans l&rsquo;amertume tenace. Merveilleux choix du matin! Pchhht, un secret: certains oenologues préfèrent la qualité à la quantité, ils ont trouvé leur bonheur avec ce café.</p>
</div>
