{"id":41332,"date":"2023-07-27T17:10:52","date_gmt":"2023-07-27T15:10:52","guid":{"rendered":"https:\/\/esperanza.ch\/?post_type=product&#038;p=41332"},"modified":"2025-05-12T01:03:34","modified_gmt":"2025-05-11T23:03:34","slug":"cafe-esperanza-bio-sidamo-fairtrade-en-grains","status":"publish","type":"product","link":"https:\/\/yithcompare.321dev.ch\/fr\/produit\/cafe-esperanza-bio-sidamo-fairtrade-en-grains\/","title":{"rendered":"Caf\u00e9 Esperanza BIO SIDAMO Fairtrade, en grains"},"content":{"rendered":"<h2 style=\"font-size: 1.25em;\"><strong>Caf\u00e9 issus de l&rsquo;agriculture biologique, aux ar\u00f4mes floraux, bergamote et chocolat<\/strong><\/h2>\n<p>Intensit\u00e9: 3\/5<br \/>\nProfil de torr\u00e9faction: moyen<br \/>\nPr\u00e9parations id\u00e9ales: lungo, caf\u00e9 filtre<br \/>\nEsp\u00e8ce botanique: arabica aux diverses vari\u00e9t\u00e9s, dont le Typica<br \/>\nOrigine: sud-ouest de l&rsquo;Ethiopie<br \/>\nR\u00e9coltes: cueillette manuelle et s\u00e9lective d&rsquo;octobre \u00e0 d\u00e9cembre, export d\u00e8s janvier<br \/>\nS\u00e9chage: caf\u00e9 lav\u00e9 (jusqu&rsquo;\u00e0 36 heures), puis s\u00e9ch\u00e9 sur des lits africains (7-10 jours)<\/p>\n<p>Fra\u00eechement conditionn\u00e9 dans un sachet \u00e0 valve de protection des ar\u00f4mes. A\u00a0savourer id\u00e9alement avant trois mois, \u00e0 consommer de pr\u00e9f\u00e9rence avant douze mois apr\u00e8s torr\u00e9faction.<\/p>\n<p><strong>Ethiopie <\/strong>&#8211; La commercialisation du caf\u00e9 en Ethiopie est toujours control\u00e9e par l&rsquo;Etat. Par contre, les cultivateurs ont un droit d&rsquo;usage sur la terre, droit transmis par h\u00e9ritage \u00e0 leur femme ou enfants. La <a href=\"http:\/\/sidamacoffee.com\/index.php\/about-us\">Sidama Coffee Farmers Cooperative Union<\/a> regroupe les agriculteurs de la r\u00e9gion de Sidama, une culture vivri\u00e8re de faible densit\u00e9, sous la cime des arbres indig\u00e8nes.<\/p>\n","protected":false},"excerpt":{"rendered":"<p>Caf\u00e9 issus de l&rsquo;agriculture biologique, aux ar\u00f4mes floraux, bergamote et chocolat Intensit\u00e9: 3\/5 Profil de torr\u00e9faction: moyen Pr\u00e9parations id\u00e9ales: lungo, caf\u00e9 filtre Esp\u00e8ce botanique: arabica aux diverses vari\u00e9t\u00e9s, dont le Typica Origine: sud-ouest de l&rsquo;Ethiopie R\u00e9coltes: cueillette manuelle et s\u00e9lective d&rsquo;octobre \u00e0 d\u00e9cembre, export d\u00e8s janvier S\u00e9chage: caf\u00e9 lav\u00e9 (jusqu&rsquo;\u00e0 36 heures), puis s\u00e9ch\u00e9 sur [&hellip;]<\/p>\n","protected":false},"featured_media":46876,"comment_status":"closed","ping_status":"closed","template":"","meta":[],"product_brand":[],"product_cat":[26,27,409,313],"product_tag":[],"class_list":{"0":"post-41332","1":"product","2":"type-product","3":"status-publish","4":"has-post-thumbnail","6":"product_cat-cafe","7":"product_cat-cafe-en-grains","8":"product_cat-ethiopie","9":"product_cat-cafes-bio","10":"pa_emballage-250g","11":"pa_emballage-500-g","12":"pa_emballage-5-kg","13":"pa_emballage-10-kg","15":"first","16":"instock","17":"sale","18":"taxable","19":"shipping-taxable","20":"purchasable","21":"product-type-variable","22":"has-default-attributes"},"_links":{"self":[{"href":"https:\/\/yithcompare.321dev.ch\/fr\/wp-json\/wp\/v2\/product\/41332","targetHints":{"allow":["GET"]}}],"collection":[{"href":"https:\/\/yithcompare.321dev.ch\/fr\/wp-json\/wp\/v2\/product"}],"about":[{"href":"https:\/\/yithcompare.321dev.ch\/fr\/wp-json\/wp\/v2\/types\/product"}],"replies":[{"embeddable":true,"href":"https:\/\/yithcompare.321dev.ch\/fr\/wp-json\/wp\/v2\/comments?post=41332"}],"wp:featuredmedia":[{"embeddable":true,"href":"https:\/\/yithcompare.321dev.ch\/fr\/wp-json\/wp\/v2\/media\/46876"}],"wp:attachment":[{"href":"https:\/\/yithcompare.321dev.ch\/fr\/wp-json\/wp\/v2\/media?parent=41332"}],"wp:term":[{"taxonomy":"product_brand","embeddable":true,"href":"https:\/\/yithcompare.321dev.ch\/fr\/wp-json\/wp\/v2\/product_brand?post=41332"},{"taxonomy":"product_cat","embeddable":true,"href":"https:\/\/yithcompare.321dev.ch\/fr\/wp-json\/wp\/v2\/product_cat?post=41332"},{"taxonomy":"product_tag","embeddable":true,"href":"https:\/\/yithcompare.321dev.ch\/fr\/wp-json\/wp\/v2\/product_tag?post=41332"}],"curies":[{"name":"wp","href":"https:\/\/api.w.org\/{rel}","templated":true}]}}

Café Esperanza BIO SIDAMO Fairtrade, en grains

<h2 style="font-size: 1.25em;"><strong>Café issus de l&rsquo;agriculture biologique, aux arômes floraux, bergamote et chocolat</strong></h2>
<p>Intensité: 3/5<br />
Profil de torréfaction: moyen<br />
Préparations idéales: lungo, café filtre<br />
Espèce botanique: arabica aux diverses variétés, dont le Typica<br />
Origine: sud-ouest de l&rsquo;Ethiopie<br />
Récoltes: cueillette manuelle et sélective d&rsquo;octobre à décembre, export dès janvier<br />
Séchage: café lavé (jusqu&rsquo;à 36 heures), puis séché sur des lits africains (7-10 jours)</p>
<p>Fraîchement conditionné dans un sachet à valve de protection des arômes. A savourer idéalement avant trois mois, à consommer de préférence avant douze mois après torréfaction.</p>
<p><strong>Ethiopie </strong>&#8211; La commercialisation du café en Ethiopie est toujours controlée par l&rsquo;Etat. Par contre, les cultivateurs ont un droit d&rsquo;usage sur la terre, droit transmis par héritage à leur femme ou enfants. La <a href="http://sidamacoffee.com/index.php/about-us">Sidama Coffee Farmers Cooperative Union</a> regroupe les agriculteurs de la région de Sidama, une culture vivrière de faible densité, sous la cime des arbres indigènes.</p>

<p>Café issus de l&rsquo;agriculture biologique, aux arômes floraux, bergamote et chocolat Intensité: 3/5 Profil de torréfaction: moyen Préparations idéales: lungo, café filtre Espèce botanique: arabica aux diverses variétés, dont le Typica Origine: sud-ouest de l&rsquo;Ethiopie Récoltes: cueillette manuelle et sélective d&rsquo;octobre à décembre, export dès janvier Séchage: café lavé (jusqu&rsquo;à 36 heures), puis séché sur [&hellip;]</p>
