{"id":37085,"date":"2023-01-11T23:05:39","date_gmt":"2023-01-11T21:05:39","guid":{"rendered":"https:\/\/esperanza.ch\/?post_type=product&#038;p=37085"},"modified":"2025-05-01T13:19:33","modified_gmt":"2025-05-01T11:19:33","slug":"jura-giga-10-diamond-black-sa-15479","status":"publish","type":"product","link":"https:\/\/yithcompare.321dev.ch\/fr\/produit\/jura-giga-10-diamond-black-sa-15479\/","title":{"rendered":"JURA GIGA 10 Diamond Black (SA)"},"content":{"rendered":"<div class=\"mod_pagetitle page-inner load-hidden\" data-init=\"pagetitle\" data-animate=\"basic\" data-sr-id=\"2\">\n<div class=\"block-title\">\n<div class=\"mod_pagetitle page-inner load-hidden\" data-init=\"pagetitle\" data-animate=\"basic\" data-sr-id=\"2\">\n<div class=\"block-title\">\n<div class=\"page-info\">Avec deux r\u00e9cipients \u00e0 grains dot\u00e9s chacun de leur propre broyeur, le Cold Extraction Process r\u00e9volutionnaire, un panneau de commande innovant au format panoramique pour une vue d\u2019ensemble optimale et un nouveau concept d\u2019utilisation intuitif, la GIGA 10 offre un choix in\u00e9dit de sp\u00e9cialit\u00e9s. Un design affirm\u00e9 souligne toute la puissance de cette machine d\u2019exception. La GIGA 10 fait de chaque d\u00e9gustation un moment unique digne d\u2019un barista et transforme d\u2019un seul geste votre cuisine en un bar tendance.<\/div>\n<\/div>\n<\/div>\n<\/div>\n<\/div>\n","protected":false},"excerpt":{"rendered":"<h2 class=\"page-subtitle\" style=\"font-size: 1.25em;\"><strong>Le plaisir du caf\u00e9 par excellence<\/strong><\/h2>\n<p class=\"page-subtitle\">La GIGA 10, machine \u00e0 caf\u00e9 de tous les superlatifs, repousse et red\u00e9finit les limites en mati\u00e8re de performance et de d\u00e9gustation!<\/p>\n","protected":false},"featured_media":46338,"comment_status":"closed","ping_status":"closed","template":"","meta":[],"product_brand":[],"product_cat":[47],"product_tag":[],"class_list":{"0":"post-37085","1":"product","2":"type-product","3":"status-publish","4":"has-post-thumbnail","6":"product_cat-jura-monde-du-cafe-particuliers","8":"first","9":"instock","10":"taxable","11":"shipping-taxable","12":"purchasable","13":"product-type-simple"},"_links":{"self":[{"href":"https:\/\/yithcompare.321dev.ch\/fr\/wp-json\/wp\/v2\/product\/37085","targetHints":{"allow":["GET"]}}],"collection":[{"href":"https:\/\/yithcompare.321dev.ch\/fr\/wp-json\/wp\/v2\/product"}],"about":[{"href":"https:\/\/yithcompare.321dev.ch\/fr\/wp-json\/wp\/v2\/types\/product"}],"replies":[{"embeddable":true,"href":"https:\/\/yithcompare.321dev.ch\/fr\/wp-json\/wp\/v2\/comments?post=37085"}],"wp:featuredmedia":[{"embeddable":true,"href":"https:\/\/yithcompare.321dev.ch\/fr\/wp-json\/wp\/v2\/media\/46338"}],"wp:attachment":[{"href":"https:\/\/yithcompare.321dev.ch\/fr\/wp-json\/wp\/v2\/media?parent=37085"}],"wp:term":[{"taxonomy":"product_brand","embeddable":true,"href":"https:\/\/yithcompare.321dev.ch\/fr\/wp-json\/wp\/v2\/product_brand?post=37085"},{"taxonomy":"product_cat","embeddable":true,"href":"https:\/\/yithcompare.321dev.ch\/fr\/wp-json\/wp\/v2\/product_cat?post=37085"},{"taxonomy":"product_tag","embeddable":true,"href":"https:\/\/yithcompare.321dev.ch\/fr\/wp-json\/wp\/v2\/product_tag?post=37085"}],"curies":[{"name":"wp","href":"https:\/\/api.w.org\/{rel}","templated":true}]}}

<div class="mod_pagetitle page-inner load-hidden" data-init="pagetitle" data-animate="basic" data-sr-id="2">
<div class="block-title">
<div class="mod_pagetitle page-inner load-hidden" data-init="pagetitle" data-animate="basic" data-sr-id="2">
<div class="block-title">
<div class="page-info">Avec deux récipients à grains dotés chacun de leur propre broyeur, le Cold Extraction Process révolutionnaire, un panneau de commande innovant au format panoramique pour une vue d’ensemble optimale et un nouveau concept d’utilisation intuitif, la GIGA 10 offre un choix inédit de spécialités. Un design affirmé souligne toute la puissance de cette machine d’exception. La GIGA 10 fait de chaque dégustation un moment unique digne d’un barista et transforme d’un seul geste votre cuisine en un bar tendance.</div>
</div>
</div>
</div>
</div>

<h2 class="page-subtitle" style="font-size: 1.25em;"><strong>Le plaisir du café par excellence</strong></h2>
<p class="page-subtitle">La GIGA 10, machine à café de tous les superlatifs, repousse et redéfinit les limites en matière de performance et de dégustation!</p>
