{"id":17812,"date":"2020-05-12T19:09:20","date_gmt":"2020-05-12T17:09:20","guid":{"rendered":"https:\/\/esperanza.ch\/?post_type=product&#038;p=17812"},"modified":"2024-11-01T09:50:32","modified_gmt":"2024-11-01T07:50:32","slug":"pack-de-degustation-les-caramelises-cafe-esperanza","status":"publish","type":"product","link":"https:\/\/yithcompare.321dev.ch\/fr\/produit\/pack-de-degustation-les-caramelises-cafe-esperanza\/","title":{"rendered":"LES CARAM\u00c9LIS\u00c9S, set de d\u00e9gustations, Caf\u00e9s Esperanza"},"content":{"rendered":"<p><span style=\"color: #282828;\"><b>1 x Bio Excelso, 500g<br \/>\n<\/b><\/span><span style=\"color: #282828;\">Ar\u00f4mes dominants:<strong> miel, caramel<\/strong><\/span><br \/>\n<span style=\"color: #282828;\">Intensit\u00e9: 4\/5<\/span><br \/>\n<span style=\"color: #282828;\">Profil de torr\u00e9faction: fonc\u00e9<\/span><br \/>\n<span style=\"color: #282828;\">Pr\u00e9parations id\u00e9ales: espresso, caf\u00e9 cr\u00e8me<\/span><br \/>\n<span style=\"color: #282828;\">Esp\u00e8ces botaniques: 100% Arabica<br \/>\nOrigines: Bolivie, P\u00e9rou, Indon\u00e9sie<\/span><\/p>\n<p><span style=\"color: #282828;\"><b>1 x Moka, 500g<br \/>\n<\/b><\/span><span style=\"color: #282828;\">Ar\u00f4mes dominants:<strong> caramel, noisette grill\u00e9e<\/strong><\/span><br \/>\n<span style=\"color: #282828;\">Intensit\u00e9: 3\/5<\/span><br \/>\n<span style=\"color: #282828;\">Profil de torr\u00e9faction: fonc\u00e9<\/span><br \/>\n<span style=\"color: #282828;\">Pr\u00e9parations id\u00e9ales: lungo intense, latte<\/span><br \/>\n<span style=\"color: #282828;\">Esp\u00e8ces botaniques: 100% Arabica<br \/>\nOrigines: Colombie, Guatemala, Mexico<\/span><\/p>\n<p><span style=\"color: #282828;\"><b>1 x Br\u00e9sil, 250g<br \/>\n<\/b><\/span><span style=\"color: #282828;\">Ar\u00f4mes dominants:<strong> pain grill\u00e9, toffee<\/strong> (caramel \u00e0 la cr\u00e8me)<\/span><br \/>\n<span style=\"color: #282828;\">Intensit\u00e9: 2\/5<\/span><br \/>\n<span style=\"color: #282828;\">Profil de torr\u00e9faction: moyen<\/span><br \/>\n<span style=\"color: #282828;\">Pr\u00e9parations id\u00e9ales: lungo<\/span><br \/>\n<span style=\"color: #282828;\">Esp\u00e8ces botaniques: 100% Arabica<br \/>\nOrigines: Br\u00e9sil (Minas Gerais)<\/span><\/p>\n","protected":false},"excerpt":{"rendered":"<p>Imaginez la cr\u00e8me caramel de votre enfance, le miel, un ensemble compl\u00e9t\u00e9 par la noisette grill\u00e9 du caf\u00e9 Moka.<\/p>\n","protected":false},"featured_media":22911,"comment_status":"open","ping_status":"closed","template":"","meta":[],"product_brand":[],"product_cat":[26,27,407,405,404,408,403,406,311],"product_tag":[],"class_list":{"0":"post-17812","1":"product","2":"type-product","3":"status-publish","4":"has-post-thumbnail","6":"product_cat-cafe","7":"product_cat-cafe-en-grains","8":"product_cat-mexico","9":"product_cat-guatemala","10":"product_cat-colombie","11":"product_cat-peru","12":"product_cat-brasil","13":"product_cat-indonesia","14":"product_cat-nos-packs-cafe","16":"first","17":"instock","18":"taxable","19":"shipping-taxable","20":"purchasable","21":"product-type-simple"},"_links":{"self":[{"href":"https:\/\/yithcompare.321dev.ch\/fr\/wp-json\/wp\/v2\/product\/17812","targetHints":{"allow":["GET"]}}],"collection":[{"href":"https:\/\/yithcompare.321dev.ch\/fr\/wp-json\/wp\/v2\/product"}],"about":[{"href":"https:\/\/yithcompare.321dev.ch\/fr\/wp-json\/wp\/v2\/types\/product"}],"replies":[{"embeddable":true,"href":"https:\/\/yithcompare.321dev.ch\/fr\/wp-json\/wp\/v2\/comments?post=17812"}],"wp:featuredmedia":[{"embeddable":true,"href":"https:\/\/yithcompare.321dev.ch\/fr\/wp-json\/wp\/v2\/media\/22911"}],"wp:attachment":[{"href":"https:\/\/yithcompare.321dev.ch\/fr\/wp-json\/wp\/v2\/media?parent=17812"}],"wp:term":[{"taxonomy":"product_brand","embeddable":true,"href":"https:\/\/yithcompare.321dev.ch\/fr\/wp-json\/wp\/v2\/product_brand?post=17812"},{"taxonomy":"product_cat","embeddable":true,"href":"https:\/\/yithcompare.321dev.ch\/fr\/wp-json\/wp\/v2\/product_cat?post=17812"},{"taxonomy":"product_tag","embeddable":true,"href":"https:\/\/yithcompare.321dev.ch\/fr\/wp-json\/wp\/v2\/product_tag?post=17812"}],"curies":[{"name":"wp","href":"https:\/\/api.w.org\/{rel}","templated":true}]}}

LES CARAMÉLISÉS, set de dégustations, Cafés Esperanza

<p><span style="color: #282828;"><b>1 x Bio Excelso, 500g<br />
</b></span><span style="color: #282828;">Arômes dominants:<strong> miel, caramel</strong></span><br />
<span style="color: #282828;">Intensité: 4/5</span><br />
<span style="color: #282828;">Profil de torréfaction: foncé</span><br />
<span style="color: #282828;">Préparations idéales: espresso, café crème</span><br />
<span style="color: #282828;">Espèces botaniques: 100% Arabica<br />
Origines: Bolivie, Pérou, Indonésie</span></p>
<p><span style="color: #282828;"><b>1 x Moka, 500g<br />
</b></span><span style="color: #282828;">Arômes dominants:<strong> caramel, noisette grillée</strong></span><br />
<span style="color: #282828;">Intensité: 3/5</span><br />
<span style="color: #282828;">Profil de torréfaction: foncé</span><br />
<span style="color: #282828;">Préparations idéales: lungo intense, latte</span><br />
<span style="color: #282828;">Espèces botaniques: 100% Arabica<br />
Origines: Colombie, Guatemala, Mexico</span></p>
<p><span style="color: #282828;"><b>1 x Brésil, 250g<br />
</b></span><span style="color: #282828;">Arômes dominants:<strong> pain grillé, toffee</strong> (caramel à la crème)</span><br />
<span style="color: #282828;">Intensité: 2/5</span><br />
<span style="color: #282828;">Profil de torréfaction: moyen</span><br />
<span style="color: #282828;">Préparations idéales: lungo</span><br />
<span style="color: #282828;">Espèces botaniques: 100% Arabica<br />
Origines: Brésil (Minas Gerais)</span></p>

<p>Imaginez la crème caramel de votre enfance, le miel, un ensemble complété par la noisette grillé du café Moka.</p>
