{"id":21234,"date":"2021-03-24T16:47:32","date_gmt":"2021-03-24T14:47:32","guid":{"rendered":"https:\/\/esperanza.ch\/?page_id=21234"},"modified":"2023-01-05T11:09:23","modified_gmt":"2023-01-05T09:09:23","slug":"nos-valeurs","status":"publish","type":"page","link":"https:\/\/yithcompare.321dev.ch\/fr\/nous-connaitre\/nos-valeurs\/","title":{"rendered":"Nos valeurs"},"content":{"rendered":"<h1>NOS VALEURS<\/h1>\n<p>Chez Esperanza, nous aimons donner du sens \u00e0 notre travail. L&rsquo;aspect<strong> humain<\/strong> se ressent par l&rsquo;attention que nous portons \u00e0 nos clients et par les rapports bienveillants que nous entretenons avec eux. Le respect de l&rsquo;humain constitue \u00e9galement le centre de nos pr\u00e9occupations, c&rsquo;est pourquoi tous nos caf\u00e9s sont labellis\u00e9s 100% <strong>Fairtrade<\/strong>.<\/p>\n<p>La maison Les Caf\u00e9s Esperanza torr\u00e9fie ses caf\u00e9s de mani\u00e8re <strong>artisanale<\/strong>: au tambour, par petits lots de 30 kilos, au pied du Mol\u00e9son, en Gruy\u00e8re. Le caf\u00e9 vert n&rsquo;est pas produit sous nos latitudes, mais il est valoris\u00e9 par une entreprise locale au sein de laquelle s&rsquo;\u00e9panouissent seize collaborateurs.<\/p>\n<p>Pour obtenir un bon caf\u00e9, l&rsquo;un des ma\u00eetres-mots est la <strong>fra\u00eecheur<\/strong>. Les caf\u00e9s Esperanza sont conditionn\u00e9s dans des sachets \u00e0 valve qui garantissent une conservation optimale. Puis, gr\u00e2ce \u00e0 la technologie des machines JURA ou AEQUATOR, les grains sont moulus juste avant l&rsquo;extraction, permettant ainsi une pr\u00e9paration \u00e0 nulle autre pareille.<\/p>\n<p>\t\t\t\t\t\t\t\t\t\t\t\t<img decoding=\"async\" src=\"https:\/\/yithcompare.321dev.ch\/wp-content\/uploads\/elementor\/thumbs\/valeurs_esperanza2-plv5ad8cwpt3uuemd5w8n92gc7kjbzmlijwfftxcs4.jpg\" title=\"Impression\" alt=\"Impression\" \/><\/p>\n","protected":false},"excerpt":{"rendered":"<p>NOS VALEURS Chez Esperanza, nous aimons donner du sens \u00e0 notre travail. L&rsquo;aspect humain se ressent par l&rsquo;attention que nous portons \u00e0 nos clients et par les rapports bienveillants que nous entretenons avec eux. Le respect de l&rsquo;humain constitue \u00e9galement le centre de nos pr\u00e9occupations, c&rsquo;est pourquoi tous nos caf\u00e9s sont labellis\u00e9s 100% Fairtrade. La [&hellip;]<\/p>\n","protected":false},"author":6990,"featured_media":0,"parent":21229,"menu_order":0,"comment_status":"closed","ping_status":"closed","template":"","meta":{"footnotes":""},"class_list":["post-21234","page","type-page","status-publish","hentry"],"_links":{"self":[{"href":"https:\/\/yithcompare.321dev.ch\/fr\/wp-json\/wp\/v2\/pages\/21234","targetHints":{"allow":["GET"]}}],"collection":[{"href":"https:\/\/yithcompare.321dev.ch\/fr\/wp-json\/wp\/v2\/pages"}],"about":[{"href":"https:\/\/yithcompare.321dev.ch\/fr\/wp-json\/wp\/v2\/types\/page"}],"author":[{"embeddable":true,"href":"https:\/\/yithcompare.321dev.ch\/fr\/wp-json\/wp\/v2\/users\/6990"}],"replies":[{"embeddable":true,"href":"https:\/\/yithcompare.321dev.ch\/fr\/wp-json\/wp\/v2\/comments?post=21234"}],"version-history":[{"count":0,"href":"https:\/\/yithcompare.321dev.ch\/fr\/wp-json\/wp\/v2\/pages\/21234\/revisions"}],"up":[{"embeddable":true,"href":"https:\/\/yithcompare.321dev.ch\/fr\/wp-json\/wp\/v2\/pages\/21229"}],"wp:attachment":[{"href":"https:\/\/yithcompare.321dev.ch\/fr\/wp-json\/wp\/v2\/media?parent=21234"}],"curies":[{"name":"wp","href":"https:\/\/api.w.org\/{rel}","templated":true}]}}

<h1>NOS VALEURS</h1>
<p>Chez Esperanza, nous aimons donner du sens à notre travail. L&rsquo;aspect<strong> humain</strong> se ressent par l&rsquo;attention que nous portons à nos clients et par les rapports bienveillants que nous entretenons avec eux. Le respect de l&rsquo;humain constitue également le centre de nos préoccupations, c&rsquo;est pourquoi tous nos cafés sont labellisés 100% <strong>Fairtrade</strong>.</p>
<p>La maison Les Cafés Esperanza torréfie ses cafés de manière <strong>artisanale</strong>: au tambour, par petits lots de 30 kilos, au pied du Moléson, en Gruyère. Le café vert n&rsquo;est pas produit sous nos latitudes, mais il est valorisé par une entreprise locale au sein de laquelle s&rsquo;épanouissent seize collaborateurs.</p>
<p>Pour obtenir un bon café, l&rsquo;un des maîtres-mots est la <strong>fraîcheur</strong>. Les cafés Esperanza sont conditionnés dans des sachets à valve qui garantissent une conservation optimale. Puis, grâce à la technologie des machines JURA ou AEQUATOR, les grains sont moulus juste avant l&rsquo;extraction, permettant ainsi une préparation à nulle autre pareille.</p>
<p>												<img decoding="async" src="https://yithcompare.321dev.ch/wp-content/uploads/elementor/thumbs/valeurs_esperanza2-plv5ad8cwpt3uuemd5w8n92gc7kjbzmlijwfftxcs4.jpg" title="Impression" alt="Impression" /></p>

<p>NOS VALEURS Chez Esperanza, nous aimons donner du sens à notre travail. L&rsquo;aspect humain se ressent par l&rsquo;attention que nous portons à nos clients et par les rapports bienveillants que nous entretenons avec eux. Le respect de l&rsquo;humain constitue également le centre de nos préoccupations, c&rsquo;est pourquoi tous nos cafés sont labellisés 100% Fairtrade. La [&hellip;]</p>
