{"id":21171,"date":"2021-03-22T17:01:59","date_gmt":"2021-03-22T15:01:59","guid":{"rendered":"https:\/\/esperanza.ch\/?page_id=21171"},"modified":"2022-04-19T14:47:19","modified_gmt":"2022-04-19T12:47:19","slug":"location-saisonniere","status":"publish","type":"page","link":"https:\/\/yithcompare.321dev.ch\/fr\/solutions-pro-machines-a-cafe\/location-saisonniere\/","title":{"rendered":"Location saisonni\u00e8re"},"content":{"rendered":"<h1>LOUEZ UNE MACHINE \u00c0 CAF\u00c9 POUR DE LA RESTAURATION SAISONNI\u00c8RE<\/h1>\n<h2>Un caf\u00e9 de qualit\u00e9 pour un lieu singulier<\/h2>\n<p>Pr\u00e9senter un caf\u00e9 de qualit\u00e9 \u00e0 un prix correct est essentiel. Nous vous proposons des <strong>caf\u00e9s aussi authentiques que votre lieu, fra\u00eechement moulus<\/strong> et servis par simple pression d&rsquo;une touche. Facile d\u2019utilisation, laissez-vous tenter par la solution pro sign\u00e9e Esperanza! La location comprend l\u2019approvisionnement en caf\u00e9s et autres consommables, livrables en 24h.<\/p>\n<p>\t\t\t\t\t\t\t\t\t\t\t\t<img decoding=\"async\" src=\"https:\/\/yithcompare.321dev.ch\/wp-content\/uploads\/elementor\/thumbs\/cuisine_entreprise-plv5et0qui5gya9ibqf0xc5ewkx0h07lkesexutgli.jpg\" title=\"cuisine_entreprise\" alt=\"cuisine_entreprise\" \/>\t\t\t\t\t\t\t\t\t\t\t\t\t\t<\/p>\n<h2>Une identit\u00e9 locale, une solution caf\u00e9 globale<\/h2>\n<p>Casser la cro\u00fbte et partager un bon caf\u00e9 hors des sentiers battus devient populaire. Les Suisses autant que les touristes appr\u00e9cient de se r\u00e9unir et se retrouver dans des lieux typiques et authentiques tels qu\u2019une buvette d&rsquo;alpage, une pinte de boulodrome, une terrasse au bord d\u2019une piscine, un carnotzet, un espace culturel ou simplement la buvette du club sportif. Or leurs exigences culinaires ont \u00e9volu\u00e9. Pensez \u00e0 la plus-value de proposer un caf\u00e9 de qualit\u00e9: une valeur s\u00fbre pour <strong>fid\u00e9liser votre client\u00e8le<\/strong>!<\/p>\n<p>Le kit coffee-to-go comprend machines, frigos, produits d&rsquo;entretien et consommables. Gr\u00e2ce \u00e0 notre solution de location de machines \u00e0 caf\u00e9 automatiques au prix par tasse, vous n&rsquo;avez pas d&rsquo;investissement de base. <strong>Vos b\u00e9n\u00e9fices d\u00e9marrent d\u00e8s la premi\u00e8re vente!<\/strong><\/p>\n<h2>Conseils et location<\/h2>\n<p>Nous vous recommandons la <strong>machine \u00e0 caf\u00e9 automatique<\/strong> adapt\u00e9e \u00e0 vos besoins. L\u2019\u00e9quipe Esperanza vous encadre lors des maintenances, des <strong>choix des caf\u00e9s<\/strong> et autres consommables.<br \/>Quelles que soient vos attentes, location ou achat de distributeurs de caf\u00e9, service technique, abonnements de service, achat et livraison de consommables, nous y r\u00e9pondons avec respect et courtoisie.<\/p>\n<p>Tisser du lien est pour nous essentiel!<\/p>\n<p>\t<a href=\"https:\/\/yithcompare.321dev.ch\/fr\/demande-de-rappel\/\"><br \/>\n\t\t\tContact<br \/>\n\t\t\tContact<br \/>\n\t<\/a><br \/>\n\t<a href=\"https:\/\/yithcompare.321dev.ch\/fr\/demande-de-rappel\/\"><br \/>\n\t\t\tConvenir d&rsquo;un appel<br \/>\n\t\t\tConvenir d&rsquo;un appel<br \/>\n\t<\/a><br \/>\n\t\t\t\t\t\t\t\t\t\t\t\t<img decoding=\"async\" src=\"https:\/\/yithcompare.321dev.ch\/wp-content\/uploads\/elementor\/thumbs\/csm_Jacques_aa1626e260-plv5ad8382f5hy6bmq4ifsb9ooq0hy7e53uw1vwcga.jpg\" title=\"csm_Jacques_aa1626e260\" alt=\"csm_Jacques_aa1626e260\" \/>\t\t\t\t\t\t\t\t\t\t\t\t\t\t<\/p>\n<h2>Jacques Berset<\/h2>\n<h2>VENTE ET COMMUNICATION<br \/>\nCofondateur<\/h2>\n<p>\t\t\t\t\t\t\t\t\t\t\t\t<img decoding=\"async\" src=\"https:\/\/yithcompare.321dev.ch\/wp-content\/uploads\/elementor\/thumbs\/csm_Mylene_e06e88428b-plv5apfzowvvovokndenu789ep1sa0jwisc7ahe87e.jpg\" title=\"csm_Mylene_e06e88428b\" alt=\"csm_Mylene_e06e88428b\" \/>\t\t\t\t\t\t\t\t\t\t\t\t\t\t<\/p>\n<h2>Myl\u00e8ne Deutsch<\/h2>\n<h2>VENTE, SERVICE CLIENT\u00c8LE<\/h2>\n","protected":false},"excerpt":{"rendered":"<p>LOUEZ UNE MACHINE \u00c0 CAF\u00c9 POUR DE LA RESTAURATION SAISONNI\u00c8RE Un caf\u00e9 de qualit\u00e9 pour un lieu singulier Pr\u00e9senter un caf\u00e9 de qualit\u00e9 \u00e0 un prix correct est essentiel. Nous vous proposons des caf\u00e9s aussi authentiques que votre lieu, fra\u00eechement moulus et servis par simple pression d&rsquo;une touche. Facile d\u2019utilisation, laissez-vous tenter par la solution [&hellip;]<\/p>\n","protected":false},"author":6990,"featured_media":0,"parent":21137,"menu_order":0,"comment_status":"closed","ping_status":"closed","template":"","meta":{"footnotes":""},"class_list":["post-21171","page","type-page","status-publish","hentry"],"_links":{"self":[{"href":"https:\/\/yithcompare.321dev.ch\/fr\/wp-json\/wp\/v2\/pages\/21171","targetHints":{"allow":["GET"]}}],"collection":[{"href":"https:\/\/yithcompare.321dev.ch\/fr\/wp-json\/wp\/v2\/pages"}],"about":[{"href":"https:\/\/yithcompare.321dev.ch\/fr\/wp-json\/wp\/v2\/types\/page"}],"author":[{"embeddable":true,"href":"https:\/\/yithcompare.321dev.ch\/fr\/wp-json\/wp\/v2\/users\/6990"}],"replies":[{"embeddable":true,"href":"https:\/\/yithcompare.321dev.ch\/fr\/wp-json\/wp\/v2\/comments?post=21171"}],"version-history":[{"count":0,"href":"https:\/\/yithcompare.321dev.ch\/fr\/wp-json\/wp\/v2\/pages\/21171\/revisions"}],"up":[{"embeddable":true,"href":"https:\/\/yithcompare.321dev.ch\/fr\/wp-json\/wp\/v2\/pages\/21137"}],"wp:attachment":[{"href":"https:\/\/yithcompare.321dev.ch\/fr\/wp-json\/wp\/v2\/media?parent=21171"}],"curies":[{"name":"wp","href":"https:\/\/api.w.org\/{rel}","templated":true}]}}

Location saisonnière

<h1>LOUEZ UNE MACHINE À CAFÉ POUR DE LA RESTAURATION SAISONNIÈRE</h1>
<h2>Un café de qualité pour un lieu singulier</h2>
<p>Présenter un café de qualité à un prix correct est essentiel. Nous vous proposons des <strong>cafés aussi authentiques que votre lieu, fraîchement moulus</strong> et servis par simple pression d&rsquo;une touche. Facile d’utilisation, laissez-vous tenter par la solution pro signée Esperanza! La location comprend l’approvisionnement en cafés et autres consommables, livrables en 24h.</p>
<p>												<img decoding="async" src="https://yithcompare.321dev.ch/wp-content/uploads/elementor/thumbs/cuisine_entreprise-plv5et0qui5gya9ibqf0xc5ewkx0h07lkesexutgli.jpg" title="cuisine_entreprise" alt="cuisine_entreprise" />														</p>
<h2>Une identité locale, une solution café globale</h2>
<p>Casser la croûte et partager un bon café hors des sentiers battus devient populaire. Les Suisses autant que les touristes apprécient de se réunir et se retrouver dans des lieux typiques et authentiques tels qu’une buvette d&rsquo;alpage, une pinte de boulodrome, une terrasse au bord d’une piscine, un carnotzet, un espace culturel ou simplement la buvette du club sportif. Or leurs exigences culinaires ont évolué. Pensez à la plus-value de proposer un café de qualité: une valeur sûre pour <strong>fidéliser votre clientèle</strong>!</p>
<p>Le kit coffee-to-go comprend machines, frigos, produits d&rsquo;entretien et consommables. Grâce à notre solution de location de machines à café automatiques au prix par tasse, vous n&rsquo;avez pas d&rsquo;investissement de base. <strong>Vos bénéfices démarrent dès la première vente!</strong></p>
<h2>Conseils et location</h2>
<p>Nous vous recommandons la <strong>machine à café automatique</strong> adaptée à vos besoins. L’équipe Esperanza vous encadre lors des maintenances, des <strong>choix des cafés</strong> et autres consommables.<br />Quelles que soient vos attentes, location ou achat de distributeurs de café, service technique, abonnements de service, achat et livraison de consommables, nous y répondons avec respect et courtoisie.</p>
<p>Tisser du lien est pour nous essentiel!</p>
<p>	<a href="https://yithcompare.321dev.ch/fr/demande-de-rappel/"><br />
			Contact<br />
			Contact<br />
	</a><br />
	<a href="https://yithcompare.321dev.ch/fr/demande-de-rappel/"><br />
			Convenir d&rsquo;un appel<br />
			Convenir d&rsquo;un appel<br />
	</a><br />
												<img decoding="async" src="https://yithcompare.321dev.ch/wp-content/uploads/elementor/thumbs/csm_Jacques_aa1626e260-plv5ad8382f5hy6bmq4ifsb9ooq0hy7e53uw1vwcga.jpg" title="csm_Jacques_aa1626e260" alt="csm_Jacques_aa1626e260" />														</p>
<h2>Jacques Berset</h2>
<h2>VENTE ET COMMUNICATION<br />
Cofondateur</h2>
<p>												<img decoding="async" src="https://yithcompare.321dev.ch/wp-content/uploads/elementor/thumbs/csm_Mylene_e06e88428b-plv5apfzowvvovokndenu789ep1sa0jwisc7ahe87e.jpg" title="csm_Mylene_e06e88428b" alt="csm_Mylene_e06e88428b" />														</p>
<h2>Mylène Deutsch</h2>
<h2>VENTE, SERVICE CLIENTÈLE</h2>

<p>LOUEZ UNE MACHINE À CAFÉ POUR DE LA RESTAURATION SAISONNIÈRE Un café de qualité pour un lieu singulier Présenter un café de qualité à un prix correct est essentiel. Nous vous proposons des cafés aussi authentiques que votre lieu, fraîchement moulus et servis par simple pression d&rsquo;une touche. Facile d’utilisation, laissez-vous tenter par la solution [&hellip;]</p>
