{"id":60241,"date":"2025-05-01T14:17:41","date_gmt":"2025-05-01T12:17:41","guid":{"rendered":"https:\/\/esperanza.ch\/?post_type=product&#038;p=60241"},"modified":"2025-05-02T19:07:17","modified_gmt":"2025-05-02T17:07:17","slug":"jura-s8-platine-sb-15487","status":"publish","type":"product","link":"https:\/\/yithcompare.321dev.ch\/de\/produit\/jura-s8-platine-sb-15487\/","title":{"rendered":"JURA S8 Platine (SB)"},"content":{"rendered":"<div class=\"mod_pagetitle page-inner load-hidden\" data-init=\"pagetitle\" data-animate=\"basic\" data-sr-id=\"2\">\n<div class=\"block-title\">\n<p>Die gesamte Palette an Kaffeespezialit\u00e4ten gelingt auf Fingertipp in exzellenter Qualit\u00e4t. Durch die Sweet-Foam-Funktion erweitert subtil ges\u00fc\u00dfter Milchschaum das Spezialit\u00e4tenspektrum um eine zus\u00e4tzliche Dimension. Das 4,3\u02ee-Touchdisplay erm\u00f6glicht eine intuitive, bequeme Bedienung. F\u00fcr ein H\u00f6chstma\u00df an Sauberkeit sorgt die automatische Milchsystem-Reinigung, welche bequem auf Knopfdruck erfolgen kann. Und \u00fcber Wi-Fi mit dem Heimnetzwerk verbunden, lassen sich s\u00e4mtliche Vorteile der kostenlosen, regelm\u00e4\u00dfig upgedateten JURA Operating Experience (J.O.E.\u00ae) nutzen.<\/p>\n<\/div>\n<\/div>\n","protected":false},"excerpt":{"rendered":"<h3 class=\"page-subtitle\">Innovation und Genuss in harmonischer Eleganz<\/h3>\n<p>Die stilvolle S8 begeistert Kaffee-Enthusiasten und \u00c4stheten gleicherma\u00dfen. Mit skulpturalem Design, hochwertigen Materialien und erstklassiger Verarbeitungsqualit\u00e4t setzt sie schon auf den ersten Blick ein Statement f\u00fcr hervorragenden Geschmack. Innovative Technologie er\u00f6ffnet neue M\u00f6glichkeiten vollendeten Genusses.<\/p>\n","protected":false},"featured_media":60363,"comment_status":"closed","ping_status":"closed","template":"","meta":[],"product_brand":[],"product_cat":[260],"product_tag":[],"class_list":{"0":"post-60241","1":"product","2":"type-product","3":"status-publish","4":"has-post-thumbnail","6":"product_cat-jura-kaffeewelt-privat","8":"first","9":"instock","10":"taxable","11":"shipping-taxable","12":"purchasable","13":"product-type-simple"},"_links":{"self":[{"href":"https:\/\/yithcompare.321dev.ch\/de\/wp-json\/wp\/v2\/product\/60241","targetHints":{"allow":["GET"]}}],"collection":[{"href":"https:\/\/yithcompare.321dev.ch\/de\/wp-json\/wp\/v2\/product"}],"about":[{"href":"https:\/\/yithcompare.321dev.ch\/de\/wp-json\/wp\/v2\/types\/product"}],"replies":[{"embeddable":true,"href":"https:\/\/yithcompare.321dev.ch\/de\/wp-json\/wp\/v2\/comments?post=60241"}],"wp:featuredmedia":[{"embeddable":true,"href":"https:\/\/yithcompare.321dev.ch\/de\/wp-json\/wp\/v2\/media\/60363"}],"wp:attachment":[{"href":"https:\/\/yithcompare.321dev.ch\/de\/wp-json\/wp\/v2\/media?parent=60241"}],"wp:term":[{"taxonomy":"product_brand","embeddable":true,"href":"https:\/\/yithcompare.321dev.ch\/de\/wp-json\/wp\/v2\/product_brand?post=60241"},{"taxonomy":"product_cat","embeddable":true,"href":"https:\/\/yithcompare.321dev.ch\/de\/wp-json\/wp\/v2\/product_cat?post=60241"},{"taxonomy":"product_tag","embeddable":true,"href":"https:\/\/yithcompare.321dev.ch\/de\/wp-json\/wp\/v2\/product_tag?post=60241"}],"curies":[{"name":"wp","href":"https:\/\/api.w.org\/{rel}","templated":true}]}}

<div class="mod_pagetitle page-inner load-hidden" data-init="pagetitle" data-animate="basic" data-sr-id="2">
<div class="block-title">
<p>Die gesamte Palette an Kaffeespezialitäten gelingt auf Fingertipp in exzellenter Qualität. Durch die Sweet-Foam-Funktion erweitert subtil gesüßter Milchschaum das Spezialitätenspektrum um eine zusätzliche Dimension. Das 4,3ˮ-Touchdisplay ermöglicht eine intuitive, bequeme Bedienung. Für ein Höchstmaß an Sauberkeit sorgt die automatische Milchsystem-Reinigung, welche bequem auf Knopfdruck erfolgen kann. Und über Wi-Fi mit dem Heimnetzwerk verbunden, lassen sich sämtliche Vorteile der kostenlosen, regelmäßig upgedateten JURA Operating Experience (J.O.E.®) nutzen.</p>
</div>
</div>

<h3 class="page-subtitle">Innovation und Genuss in harmonischer Eleganz</h3>
<p>Die stilvolle S8 begeistert Kaffee-Enthusiasten und Ästheten gleichermaßen. Mit skulpturalem Design, hochwertigen Materialien und erstklassiger Verarbeitungsqualität setzt sie schon auf den ersten Blick ein Statement für hervorragenden Geschmack. Innovative Technologie eröffnet neue Möglichkeiten vollendeten Genusses.</p>
