{"id":5643,"date":"2019-08-13T00:00:00","date_gmt":"2019-08-12T22:00:00","guid":{"rendered":"https:\/\/esperanza.ch\/produit\/buse-mousse-fine-pro-jura-g2-2\/"},"modified":"2023-03-28T12:51:07","modified_gmt":"2023-03-28T10:51:07","slug":"buse-mousse-fine-pro-jura-g2-2","status":"publish","type":"product","link":"https:\/\/yithcompare.321dev.ch\/de\/produit\/buse-mousse-fine-pro-jura-g2-2\/","title":{"rendered":"Profi-Feinschaumd\u00fcse G2"},"content":{"rendered":"<p>Produziert aus hochwertigsten Materialien und exemplarisch f\u00fcr beste Haptik und Optik pr\u00e4sentiert sich die neue Profi-Feinschaumd\u00fcse<sup>G2<\/sup>. Eigens f\u00fcr die Zubereitung von Kaffeespezialit\u00e4ten mit Milch und Milchschaum entwickelt, zaubert sie Latte macchiato &amp; Co. in stets bester Feinschaumqualit\u00e4t und \u00fcberzeugt mit besonders intuitiver Bedienphilosophie.<\/p>\n<div id=\"pagelayout_0_pagetype_0_pagecontent_0_panExpandable\" class=\"block-expandable state-expanded\" data-init=\"expandable\" data-expandable-options=\"{&quot;modal&quot;:true}\">\n<div class=\"content\" data-expandable=\"content\">\n<div id=\"pagelayout_0_pagetype_0_pagecontent_0_pnlGlobalContentText\">\n<p><strong>Kompatibilit\u00e4t<\/strong><\/p>\n<ul class=\"machines\">\n<li>E800 (2018)<\/li>\n<li>S8<\/li>\n<li>S80<\/li>\n<li>S808<\/li>\n<li>WE8 (2019)<\/li>\n<\/ul>\n<\/div>\n<\/div>\n<\/div>\n","protected":false},"excerpt":{"rendered":"<p>Produziert aus hochwertigsten Materialien und exemplarisch f\u00fcr beste Haptik und Optik pr\u00e4sentiert sich die neue Profi-Feinschaumd\u00fcseG2. Eigens f\u00fcr die Zubereitung von Kaffeespezialit\u00e4ten mit Milch und Milchschaum entwickelt, zaubert sie Latte macchiato &amp; Co. in stets bester Feinschaumqualit\u00e4t und \u00fcberzeugt mit besonders intuitiver Bedienphilosophie. Kompatibilit\u00e4t E800 (2018) S8 S80 S808 WE8 (2019)<\/p>\n","protected":false},"featured_media":50315,"comment_status":"closed","ping_status":"closed","template":"","meta":[],"product_brand":[],"product_cat":[425,400],"product_tag":[],"class_list":{"0":"post-5643","1":"product","2":"type-product","3":"status-publish","4":"has-post-thumbnail","6":"product_cat-zubehoer-von-kaelte-pro","7":"product_cat-kaltes-zubehor","9":"first","10":"instock","11":"taxable","12":"shipping-taxable","13":"purchasable","14":"product-type-simple"},"_links":{"self":[{"href":"https:\/\/yithcompare.321dev.ch\/de\/wp-json\/wp\/v2\/product\/5643","targetHints":{"allow":["GET"]}}],"collection":[{"href":"https:\/\/yithcompare.321dev.ch\/de\/wp-json\/wp\/v2\/product"}],"about":[{"href":"https:\/\/yithcompare.321dev.ch\/de\/wp-json\/wp\/v2\/types\/product"}],"replies":[{"embeddable":true,"href":"https:\/\/yithcompare.321dev.ch\/de\/wp-json\/wp\/v2\/comments?post=5643"}],"wp:featuredmedia":[{"embeddable":true,"href":"https:\/\/yithcompare.321dev.ch\/de\/wp-json\/wp\/v2\/media\/50315"}],"wp:attachment":[{"href":"https:\/\/yithcompare.321dev.ch\/de\/wp-json\/wp\/v2\/media?parent=5643"}],"wp:term":[{"taxonomy":"product_brand","embeddable":true,"href":"https:\/\/yithcompare.321dev.ch\/de\/wp-json\/wp\/v2\/product_brand?post=5643"},{"taxonomy":"product_cat","embeddable":true,"href":"https:\/\/yithcompare.321dev.ch\/de\/wp-json\/wp\/v2\/product_cat?post=5643"},{"taxonomy":"product_tag","embeddable":true,"href":"https:\/\/yithcompare.321dev.ch\/de\/wp-json\/wp\/v2\/product_tag?post=5643"}],"curies":[{"name":"wp","href":"https:\/\/api.w.org\/{rel}","templated":true}]}}

Profi-Feinschaumdüse G2

<p>Produziert aus hochwertigsten Materialien und exemplarisch für beste Haptik und Optik präsentiert sich die neue Profi-Feinschaumdüse<sup>G2</sup>. Eigens für die Zubereitung von Kaffeespezialitäten mit Milch und Milchschaum entwickelt, zaubert sie Latte macchiato &amp; Co. in stets bester Feinschaumqualität und überzeugt mit besonders intuitiver Bedienphilosophie.</p>
<div id="pagelayout_0_pagetype_0_pagecontent_0_panExpandable" class="block-expandable state-expanded" data-init="expandable" data-expandable-options="{&quot;modal&quot;:true}">
<div class="content" data-expandable="content">
<div id="pagelayout_0_pagetype_0_pagecontent_0_pnlGlobalContentText">
<p><strong>Kompatibilität</strong></p>
<ul class="machines">
<li>E800 (2018)</li>
<li>S8</li>
<li>S80</li>
<li>S808</li>
<li>WE8 (2019)</li>
</ul>
</div>
</div>
</div>

<p>Produziert aus hochwertigsten Materialien und exemplarisch für beste Haptik und Optik präsentiert sich die neue Profi-FeinschaumdüseG2. Eigens für die Zubereitung von Kaffeespezialitäten mit Milch und Milchschaum entwickelt, zaubert sie Latte macchiato &amp; Co. in stets bester Feinschaumqualität und überzeugt mit besonders intuitiver Bedienphilosophie. Kompatibilität E800 (2018) S8 S80 S808 WE8 (2019)</p>
