{"id":5303,"date":"2018-08-28T00:00:00","date_gmt":"2018-08-27T22:00:00","guid":{"rendered":"https:\/\/esperanza.ch\/produit\/set-d-accessoires-pour-systemes-de-lait-2\/"},"modified":"2024-08-06T10:43:17","modified_gmt":"2024-08-06T08:43:17","slug":"set-d-accessoires-pour-systemes-de-lait-jura","status":"publish","type":"product","link":"https:\/\/yithcompare.321dev.ch\/de\/produit\/set-d-accessoires-pour-systemes-de-lait-jura\/","title":{"rendered":"Zubeh\u00f6rset f\u00fcr HP1-Milchsysteme"},"content":{"rendered":"<p><strong>Finden Sie heraus, ob dieses HP1-Zubeh\u00f6rset f\u00fcr Ihre Kaffeemaschine geeignet ist.<br \/>\n<\/strong><span style=\"color: #333333;\"><span style=\"caret-color: #333333;\">Kompatibel<\/span> mit:<\/span><\/p>\n<div id=\"pagelayout_0_pagetype_0_pagecontent_0_panExpandable\" class=\"block-expandable state-expanded\" data-init=\"expandable\" data-expandable-options=\"{\">\n<div class=\"content\" data-expandable=\"content\">\n<ul>\n<li>A900<\/li>\n<li>C8<\/li>\n<li>D600 \/ D601<\/li>\n<li>E60 \/ E600 \/ E6 (SA) \/ E6 (SC)<\/li>\n<li>ENA 8 \/ ENA 8 (SC) \/ ENA 8 (SCS) \/ ENA 8 (UKC)<\/li>\n<li>WE8 (2016)<\/li>\n<\/ul>\n<p>Ist Ihre Kaffeemaschine nicht unter den genannten aufgef\u00fchrt? W\u00e4hlen Sie die Variante HP2 oder HP3.<\/p>\n<\/div>\n<\/div>\n","protected":false},"excerpt":{"rendered":"<p>Alle Vollautomaten, die Milchkaffeespezialit\u00e4ten zubereiten, sind mit dem Zubeh\u00f6rset f\u00fcr Milchsysteme ausgestattet. Unter normalen Nutzungsbedingungen sollte es alle drei Monate ausgetauscht werden.<\/p>\n<p>Jedes Set enth\u00e4lt Milchschl\u00e4uche, Verbindungsst\u00fccke und Saugd\u00fcsen. Die Milchschl\u00e4uche k\u00f6nnen je nach Bedarf zugeschnitten werden.<\/p>\n<p>Je nachdem, ob du das Milchsystem HP1, HP2 oder HP3 benutzt, brauchst du ein anderes Zubeh\u00f6rset.<\/p>\n","protected":false},"featured_media":9056,"comment_status":"closed","ping_status":"closed","template":"","meta":[],"product_brand":[],"product_cat":[425,400],"product_tag":[],"class_list":{"0":"post-5303","1":"product","2":"type-product","3":"status-publish","4":"has-post-thumbnail","6":"product_cat-zubehoer-von-kaelte-pro","7":"product_cat-kaltes-zubehor","9":"first","10":"instock","11":"taxable","12":"shipping-taxable","13":"purchasable","14":"product-type-simple"},"_links":{"self":[{"href":"https:\/\/yithcompare.321dev.ch\/de\/wp-json\/wp\/v2\/product\/5303","targetHints":{"allow":["GET"]}}],"collection":[{"href":"https:\/\/yithcompare.321dev.ch\/de\/wp-json\/wp\/v2\/product"}],"about":[{"href":"https:\/\/yithcompare.321dev.ch\/de\/wp-json\/wp\/v2\/types\/product"}],"replies":[{"embeddable":true,"href":"https:\/\/yithcompare.321dev.ch\/de\/wp-json\/wp\/v2\/comments?post=5303"}],"wp:featuredmedia":[{"embeddable":true,"href":"https:\/\/yithcompare.321dev.ch\/de\/wp-json\/wp\/v2\/media\/9056"}],"wp:attachment":[{"href":"https:\/\/yithcompare.321dev.ch\/de\/wp-json\/wp\/v2\/media?parent=5303"}],"wp:term":[{"taxonomy":"product_brand","embeddable":true,"href":"https:\/\/yithcompare.321dev.ch\/de\/wp-json\/wp\/v2\/product_brand?post=5303"},{"taxonomy":"product_cat","embeddable":true,"href":"https:\/\/yithcompare.321dev.ch\/de\/wp-json\/wp\/v2\/product_cat?post=5303"},{"taxonomy":"product_tag","embeddable":true,"href":"https:\/\/yithcompare.321dev.ch\/de\/wp-json\/wp\/v2\/product_tag?post=5303"}],"curies":[{"name":"wp","href":"https:\/\/api.w.org\/{rel}","templated":true}]}}

Zubehörset für HP1-Milchsysteme

<p><strong>Finden Sie heraus, ob dieses HP1-Zubehörset für Ihre Kaffeemaschine geeignet ist.<br />
</strong><span style="color: #333333;"><span style="caret-color: #333333;">Kompatibel</span> mit:</span></p>
<div id="pagelayout_0_pagetype_0_pagecontent_0_panExpandable" class="block-expandable state-expanded" data-init="expandable" data-expandable-options="{">
<div class="content" data-expandable="content">
<ul>
<li>A900</li>
<li>C8</li>
<li>D600 / D601</li>
<li>E60 / E600 / E6 (SA) / E6 (SC)</li>
<li>ENA 8 / ENA 8 (SC) / ENA 8 (SCS) / ENA 8 (UKC)</li>
<li>WE8 (2016)</li>
</ul>
<p>Ist Ihre Kaffeemaschine nicht unter den genannten aufgeführt? Wählen Sie die Variante HP2 oder HP3.</p>
</div>
</div>

<p>Alle Vollautomaten, die Milchkaffeespezialitäten zubereiten, sind mit dem Zubehörset für Milchsysteme ausgestattet. Unter normalen Nutzungsbedingungen sollte es alle drei Monate ausgetauscht werden.</p>
<p>Jedes Set enthält Milchschläuche, Verbindungsstücke und Saugdüsen. Die Milchschläuche können je nach Bedarf zugeschnitten werden.</p>
<p>Je nachdem, ob du das Milchsystem HP1, HP2 oder HP3 benutzt, brauchst du ein anderes Zubehörset.</p>
