{"id":5285,"date":"2018-08-28T00:00:00","date_gmt":"2018-08-27T22:00:00","guid":{"rendered":"https:\/\/esperanza.ch\/produit\/milchschlauch-edelstahlummantelung-hp3\/"},"modified":"2025-01-17T15:31:41","modified_gmt":"2025-01-17T13:31:41","slug":"milchschlauch-edelstahlummantelung-hp3","status":"publish","type":"product","link":"https:\/\/yithcompare.321dev.ch\/de\/produit\/milchschlauch-edelstahlummantelung-hp3\/","title":{"rendered":"Milchschlauch mit Edelstahlummantelung HP3"},"content":{"rendered":"<p><strong>Ob dieses Zubeh\u00f6rset zu Ihrem Vollautomaten passt, erfahren Sie hier:<\/strong><\/p>\n<div id=\"pagelayout_0_pagetype_0_pagecontent_0_panExpandable\" class=\"block-expandable state-expanded\" data-init=\"expandable\" data-expandable-options=\"{&quot;modal&quot;:true}\">\n<div class=\"content\" data-expandable=\"content\">\n<div id=\"pagelayout_0_pagetype_0_pagecontent_0_pnlGlobalContentText\">\n<p>Kompatibel mit:<\/p>\n<ul>\n<li style=\"list-style-type: none;\">\n<ul>\n<li>E8 (SA) \/ E8 (SB) \/ E8 (SC) \/ E800 (2018)<\/li>\n<li>GIGA 10 (SA) \/ GIGA W10 (SA)<\/li>\n<li>GIGA X3G2 (SA) \/ GIGA X3cG2 (SA)<\/li>\n<li>GIGA X8G2 (SA) \/ GIGA X8G2 (SB) \/ GIGA X8cG2 (SA) \/ GIGA X8cG2 (SB)<\/li>\n<li>IMPRESSA C5 \/ IMPRESSA C9 \/ IMPRESSA F505 \/ IMPRESSA S901 \/ IMPRESSA XF50 \/ IMPRESSA XS9 \/ IMPRESSA XS95<\/li>\n<li>J600 \/ J8 (SA)<\/li>\n<li>J8 twin (SA)<\/li>\n<li>J90 \/ J95<\/li>\n<li>S8 \/ S8 (SA) \/ S8 (SB) \/ S80<\/li>\n<li>WE8 (2019ff)<\/li>\n<li>WF600 \/ WS900<\/li>\n<li>X10 \/ X8 (SA)<\/li>\n<li>Z10 (SA)<\/li>\n<li>Z6<\/li>\n<li>Z8<\/li>\n<\/ul>\n<\/li>\n<\/ul>\n<p>Ihr Vollautomat ist nicht darunter? W\u00e4hlen Sie die Produktvariante HP1 oder HP2.<\/p>\n<\/div>\n<\/div>\n<\/div>\n","protected":false},"excerpt":{"rendered":"<h3>F\u00fcr perfekte Hygiene und edlen Look<\/h3>\n<p>Der mit einer hochwertigen Spiralfeder aus Edelstahl eingefasste Milchschlauch verbindet den Milchbeh\u00e4lter mit dem Milchauslauf und vollendet somit das elegante Rundumdesign jedes Vollautomaten. Die blickdichte Ummantelung aus edlem Material garantiert besten Schutz vor UV-Strahlen und Lichteinfl\u00fcssen. Passgenaue Steckverbindungen sorgen f\u00fcr luftdichte \u00dcberg\u00e4nge. Sofort einsatzbereit liefert dieser Milchschlauch die perfekte L\u00f6sung f\u00fcr stets optimale Milchhygiene.<\/p>\n","protected":false},"featured_media":9039,"comment_status":"closed","ping_status":"closed","template":"","meta":[],"product_brand":[],"product_cat":[425,400],"product_tag":[],"class_list":{"0":"post-5285","1":"product","2":"type-product","3":"status-publish","4":"has-post-thumbnail","6":"product_cat-zubehoer-von-kaelte-pro","7":"product_cat-kaltes-zubehor","9":"first","10":"instock","11":"taxable","12":"shipping-taxable","13":"purchasable","14":"product-type-simple"},"_links":{"self":[{"href":"https:\/\/yithcompare.321dev.ch\/de\/wp-json\/wp\/v2\/product\/5285","targetHints":{"allow":["GET"]}}],"collection":[{"href":"https:\/\/yithcompare.321dev.ch\/de\/wp-json\/wp\/v2\/product"}],"about":[{"href":"https:\/\/yithcompare.321dev.ch\/de\/wp-json\/wp\/v2\/types\/product"}],"replies":[{"embeddable":true,"href":"https:\/\/yithcompare.321dev.ch\/de\/wp-json\/wp\/v2\/comments?post=5285"}],"wp:featuredmedia":[{"embeddable":true,"href":"https:\/\/yithcompare.321dev.ch\/de\/wp-json\/wp\/v2\/media\/9039"}],"wp:attachment":[{"href":"https:\/\/yithcompare.321dev.ch\/de\/wp-json\/wp\/v2\/media?parent=5285"}],"wp:term":[{"taxonomy":"product_brand","embeddable":true,"href":"https:\/\/yithcompare.321dev.ch\/de\/wp-json\/wp\/v2\/product_brand?post=5285"},{"taxonomy":"product_cat","embeddable":true,"href":"https:\/\/yithcompare.321dev.ch\/de\/wp-json\/wp\/v2\/product_cat?post=5285"},{"taxonomy":"product_tag","embeddable":true,"href":"https:\/\/yithcompare.321dev.ch\/de\/wp-json\/wp\/v2\/product_tag?post=5285"}],"curies":[{"name":"wp","href":"https:\/\/api.w.org\/{rel}","templated":true}]}}

<p><strong>Ob dieses Zubehörset zu Ihrem Vollautomaten passt, erfahren Sie hier:</strong></p>
<div id="pagelayout_0_pagetype_0_pagecontent_0_panExpandable" class="block-expandable state-expanded" data-init="expandable" data-expandable-options="{&quot;modal&quot;:true}">
<div class="content" data-expandable="content">
<div id="pagelayout_0_pagetype_0_pagecontent_0_pnlGlobalContentText">
<p>Kompatibel mit:</p>
<ul>
<li style="list-style-type: none;">
<ul>
<li>E8 (SA) / E8 (SB) / E8 (SC) / E800 (2018)</li>
<li>GIGA 10 (SA) / GIGA W10 (SA)</li>
<li>GIGA X3G2 (SA) / GIGA X3cG2 (SA)</li>
<li>GIGA X8G2 (SA) / GIGA X8G2 (SB) / GIGA X8cG2 (SA) / GIGA X8cG2 (SB)</li>
<li>IMPRESSA C5 / IMPRESSA C9 / IMPRESSA F505 / IMPRESSA S901 / IMPRESSA XF50 / IMPRESSA XS9 / IMPRESSA XS95</li>
<li>J600 / J8 (SA)</li>
<li>J8 twin (SA)</li>
<li>J90 / J95</li>
<li>S8 / S8 (SA) / S8 (SB) / S80</li>
<li>WE8 (2019ff)</li>
<li>WF600 / WS900</li>
<li>X10 / X8 (SA)</li>
<li>Z10 (SA)</li>
<li>Z6</li>
<li>Z8</li>
</ul>
</li>
</ul>
<p>Ihr Vollautomat ist nicht darunter? Wählen Sie die Produktvariante HP1 oder HP2.</p>
</div>
</div>
</div>

<h3>Für perfekte Hygiene und edlen Look</h3>
<p>Der mit einer hochwertigen Spiralfeder aus Edelstahl eingefasste Milchschlauch verbindet den Milchbehälter mit dem Milchauslauf und vollendet somit das elegante Rundumdesign jedes Vollautomaten. Die blickdichte Ummantelung aus edlem Material garantiert besten Schutz vor UV-Strahlen und Lichteinflüssen. Passgenaue Steckverbindungen sorgen für luftdichte Übergänge. Sofort einsatzbereit liefert dieser Milchschlauch die perfekte Lösung für stets optimale Milchhygiene.</p>
