{"id":5134,"date":"2017-08-08T00:00:00","date_gmt":"2017-08-07T22:00:00","guid":{"rendered":"https:\/\/esperanza.ch\/produit\/rallonge-pour-cartouche-filtrante-claris-6\/"},"modified":"2024-05-07T15:28:23","modified_gmt":"2024-05-07T13:28:23","slug":"rallonge-pour-cartouche-filtrante-claris-6","status":"publish","type":"product","link":"https:\/\/yithcompare.321dev.ch\/de\/produit\/rallonge-pour-cartouche-filtrante-claris-6\/","title":{"rendered":"Verl\u00e4ngerung zur Filterpatrone CLARIS Z-Linie, 1 St\u00fcck"},"content":{"rendered":"<p><strong>Verl\u00e4ngerung zu der passenden Filterpatrone<\/strong><\/p>\n<p>Speziell f\u00fcr JURA-Vollautomaten wurden die Filterpatronen CLARIS White, CLARIS Blue und CLARIS Smart entwickelt.<br \/>\nDamit diese passend in den Wassertank eingesetzt werden k\u00f6nnen, konzipierte JURA diverse Verl\u00e4ngerungen.<\/p>\n<div id=\"pagelayout_0_pagetype_0_pagecontent_0_panExpandable\" class=\"block-expandable state-expanded\" data-init=\"expandable\" data-expandable-options=\"{&quot;modal&quot;:true}\">\n<div class=\"content\" data-expandable=\"content\">\n<p>Die Verl\u00e4ngerung CLARIS Smart Z-Linie wird bei folgenden Vollautomaten ben\u00f6tigt:<\/p>\n<div id=\"pagelayout_0_pagetype_0_pagecontent_0_pnlGlobalContentText\">\n<ul>\n<li>Z8<\/li>\n<li>Z6<\/li>\n<\/ul>\n<\/div>\n<\/div>\n<\/div>\n","protected":false},"excerpt":{"rendered":"<p>Verl\u00e4ngerung zu der passenden Filterpatrone Speziell f\u00fcr JURA-Vollautomaten wurden die Filterpatronen CLARIS White, CLARIS Blue und CLARIS Smart entwickelt. Damit diese passend in den Wassertank eingesetzt werden k\u00f6nnen, konzipierte JURA diverse Verl\u00e4ngerungen. Die Verl\u00e4ngerung CLARIS Smart Z-Linie wird bei folgenden Vollautomaten ben\u00f6tigt: Z8 Z6<\/p>\n","protected":false},"featured_media":17176,"comment_status":"closed","ping_status":"closed","template":"","meta":[],"product_brand":[],"product_cat":[268],"product_tag":[],"class_list":{"0":"post-5134","1":"product","2":"type-product","3":"status-publish","4":"has-post-thumbnail","6":"product_cat-pflegeprodukte-2","8":"first","9":"instock","10":"taxable","11":"shipping-taxable","12":"purchasable","13":"product-type-simple"},"_links":{"self":[{"href":"https:\/\/yithcompare.321dev.ch\/de\/wp-json\/wp\/v2\/product\/5134","targetHints":{"allow":["GET"]}}],"collection":[{"href":"https:\/\/yithcompare.321dev.ch\/de\/wp-json\/wp\/v2\/product"}],"about":[{"href":"https:\/\/yithcompare.321dev.ch\/de\/wp-json\/wp\/v2\/types\/product"}],"replies":[{"embeddable":true,"href":"https:\/\/yithcompare.321dev.ch\/de\/wp-json\/wp\/v2\/comments?post=5134"}],"wp:featuredmedia":[{"embeddable":true,"href":"https:\/\/yithcompare.321dev.ch\/de\/wp-json\/wp\/v2\/media\/17176"}],"wp:attachment":[{"href":"https:\/\/yithcompare.321dev.ch\/de\/wp-json\/wp\/v2\/media?parent=5134"}],"wp:term":[{"taxonomy":"product_brand","embeddable":true,"href":"https:\/\/yithcompare.321dev.ch\/de\/wp-json\/wp\/v2\/product_brand?post=5134"},{"taxonomy":"product_cat","embeddable":true,"href":"https:\/\/yithcompare.321dev.ch\/de\/wp-json\/wp\/v2\/product_cat?post=5134"},{"taxonomy":"product_tag","embeddable":true,"href":"https:\/\/yithcompare.321dev.ch\/de\/wp-json\/wp\/v2\/product_tag?post=5134"}],"curies":[{"name":"wp","href":"https:\/\/api.w.org\/{rel}","templated":true}]}}

Verlängerung zur Filterpatrone CLARIS Z-Linie, 1 Stück

<p><strong>Verlängerung zu der passenden Filterpatrone</strong></p>
<p>Speziell für JURA-Vollautomaten wurden die Filterpatronen CLARIS White, CLARIS Blue und CLARIS Smart entwickelt.<br />
Damit diese passend in den Wassertank eingesetzt werden können, konzipierte JURA diverse Verlängerungen.</p>
<div id="pagelayout_0_pagetype_0_pagecontent_0_panExpandable" class="block-expandable state-expanded" data-init="expandable" data-expandable-options="{&quot;modal&quot;:true}">
<div class="content" data-expandable="content">
<p>Die Verlängerung CLARIS Smart Z-Linie wird bei folgenden Vollautomaten benötigt:</p>
<div id="pagelayout_0_pagetype_0_pagecontent_0_pnlGlobalContentText">
<ul>
<li>Z8</li>
<li>Z6</li>
</ul>
</div>
</div>
</div>

<p>Verlängerung zu der passenden Filterpatrone Speziell für JURA-Vollautomaten wurden die Filterpatronen CLARIS White, CLARIS Blue und CLARIS Smart entwickelt. Damit diese passend in den Wassertank eingesetzt werden können, konzipierte JURA diverse Verlängerungen. Die Verlängerung CLARIS Smart Z-Linie wird bei folgenden Vollautomaten benötigt: Z8 Z6</p>
