{"id":5003,"date":"2017-07-07T00:00:00","date_gmt":"2017-07-06T22:00:00","guid":{"rendered":"https:\/\/esperanza.ch\/produit\/mexico-2\/"},"modified":"2024-12-23T18:19:39","modified_gmt":"2024-12-23T16:19:39","slug":"aequator-mexico","status":"publish","type":"product","link":"https:\/\/yithcompare.321dev.ch\/de\/produit\/aequator-mexico\/","title":{"rendered":"Aequator Mexico II, 2 M\u00fchlen"},"content":{"rendered":"<p><strong>Vielseitigkeit dank robuster Glas-Konstruktion.<br \/>\n<\/strong>Die Kaffeemaschine Mexico ist bestens geeignet f\u00fcr die professionelle Gastronomie und f\u00fcr\u2019s B\u00fcro. Einfachste Bedienung per Tastendruck sowie der Doppeltassenbezug garantieren feinste Kaffee-Aromen in hoher Geschwindigkeit. Die elegante Maschine mit einer Glas-Front zeichnet sich \u2013 dank starker Komponenten \u2013 durch eine lange Lebensdauer aus.<\/p>\n<p><strong>Zertifizierung<br \/>\n<\/strong>Die Produktion nach den Richtlinien im Qualit\u00e4ts- und Umweltmanagement ist durch die Zertifikate ISO 9001 und 14001 sichergestellt.<\/p>\n<p><strong>Heiss-Start-System<br \/>\n<\/strong>Das einzigartige Aequa- tor-Heizsystem sorgt zuver- l\u00e4ssig f\u00fcr angenehm heissen Kaffee-Genuss.<br \/>\n<strong>Hygienische Zubereitung<br \/>\n<\/strong>Das hygieneoptimierte Milchsystem f\u00fcr bakteriolo- gisch einwandfreien Betrieb und geringen Wartungs- und Reinigungsaufwand.<br \/>\n<strong>Mahlgrad-\u00dcberpr\u00fcfung<br \/>\n<\/strong>Konstantes Getr\u00e4nkearoma dank der automatischen \u00dcberpr\u00fcfung und kontinuierlichen Feineinstellung\u00a0des Mahlgrades und der Kaffee-Br\u00fchzeit.<\/p>\n","protected":false},"excerpt":{"rendered":"<p>Kapazit\u00e4t von 180 bis 240 Kaffees\/Std.<br \/>\n27 Produkte (Kaffee, Spezialit\u00e4ten und Heisswasser)<br \/>\n2 M\u00fchlen f\u00fcr ca. 240 Tassen<br \/>\n2 Instantbeh\u00e4lter, Milch- und Schokoladenpulver<\/p>\n","protected":false},"featured_media":18931,"comment_status":"open","ping_status":"closed","template":"","meta":[],"product_brand":[],"product_cat":[197,196],"product_tag":[],"class_list":{"0":"post-5003","1":"product","2":"type-product","3":"status-publish","4":"has-post-thumbnail","6":"product_cat-kaffeevollautomaten-aequator","7":"product_cat-kaffeemaschinen-kaffeevollautomaten","9":"first","10":"instock","11":"taxable","12":"shipping-taxable","13":"purchasable","14":"product-type-simple"},"_links":{"self":[{"href":"https:\/\/yithcompare.321dev.ch\/de\/wp-json\/wp\/v2\/product\/5003","targetHints":{"allow":["GET"]}}],"collection":[{"href":"https:\/\/yithcompare.321dev.ch\/de\/wp-json\/wp\/v2\/product"}],"about":[{"href":"https:\/\/yithcompare.321dev.ch\/de\/wp-json\/wp\/v2\/types\/product"}],"replies":[{"embeddable":true,"href":"https:\/\/yithcompare.321dev.ch\/de\/wp-json\/wp\/v2\/comments?post=5003"}],"wp:featuredmedia":[{"embeddable":true,"href":"https:\/\/yithcompare.321dev.ch\/de\/wp-json\/wp\/v2\/media\/18931"}],"wp:attachment":[{"href":"https:\/\/yithcompare.321dev.ch\/de\/wp-json\/wp\/v2\/media?parent=5003"}],"wp:term":[{"taxonomy":"product_brand","embeddable":true,"href":"https:\/\/yithcompare.321dev.ch\/de\/wp-json\/wp\/v2\/product_brand?post=5003"},{"taxonomy":"product_cat","embeddable":true,"href":"https:\/\/yithcompare.321dev.ch\/de\/wp-json\/wp\/v2\/product_cat?post=5003"},{"taxonomy":"product_tag","embeddable":true,"href":"https:\/\/yithcompare.321dev.ch\/de\/wp-json\/wp\/v2\/product_tag?post=5003"}],"curies":[{"name":"wp","href":"https:\/\/api.w.org\/{rel}","templated":true}]}}

Aequator Mexico II, 2 Mühlen

<p><strong>Vielseitigkeit dank robuster Glas-Konstruktion.<br />
</strong>Die Kaffeemaschine Mexico ist bestens geeignet für die professionelle Gastronomie und für’s Büro. Einfachste Bedienung per Tastendruck sowie der Doppeltassenbezug garantieren feinste Kaffee-Aromen in hoher Geschwindigkeit. Die elegante Maschine mit einer Glas-Front zeichnet sich – dank starker Komponenten – durch eine lange Lebensdauer aus.</p>
<p><strong>Zertifizierung<br />
</strong>Die Produktion nach den Richtlinien im Qualitäts- und Umweltmanagement ist durch die Zertifikate ISO 9001 und 14001 sichergestellt.</p>
<p><strong>Heiss-Start-System<br />
</strong>Das einzigartige Aequa- tor-Heizsystem sorgt zuver- lässig für angenehm heissen Kaffee-Genuss.<br />
<strong>Hygienische Zubereitung<br />
</strong>Das hygieneoptimierte Milchsystem für bakteriolo- gisch einwandfreien Betrieb und geringen Wartungs- und Reinigungsaufwand.<br />
<strong>Mahlgrad-Überprüfung<br />
</strong>Konstantes Getränkearoma dank der automatischen Überprüfung und kontinuierlichen Feineinstellung des Mahlgrades und der Kaffee-Brühzeit.</p>

<p>Kapazität von 180 bis 240 Kaffees/Std.<br />
27 Produkte (Kaffee, Spezialitäten und Heisswasser)<br />
2 Mühlen für ca. 240 Tassen<br />
2 Instantbehälter, Milch- und Schokoladenpulver</p>
