{"id":4841,"date":"2017-06-30T00:00:00","date_gmt":"2017-06-29T22:00:00","guid":{"rendered":"https:\/\/esperanza.ch\/produit\/cafe-esperanza-decafeine-fairtrade-2\/"},"modified":"2025-05-12T01:03:34","modified_gmt":"2025-05-11T23:03:34","slug":"cafe-esperanza-decafeine-fairtrade-2","status":"publish","type":"product","link":"https:\/\/yithcompare.321dev.ch\/de\/produit\/cafe-esperanza-decafeine-fairtrade-2\/","title":{"rendered":"100% KOFFEINFREI Esperanza Fairtrade-Kaffeebohnen"},"content":{"rendered":"<h3><strong>Praline\u00a0<\/strong>(dominantes Aroma)<\/h3>\n<p>Intensit\u00e4t: 3\/5<br \/>\nR\u00f6stgrad: Dunkel<br \/>\nGetr\u00e4nkeart: Lungo, Caf\u00e9 cr\u00e8me<br \/>\nArten: 100% Arabica<br \/>\nHerkunft: Huatusco, Mexiko (s\u00fcdatlantische Region), Uni\u00f3n Regional Peque\u00f1os Productores Caf\u00e9<br \/>\nErnten: November bis M\u00e4rz (Mexiko)<br \/>\nTrocknung: nass, Kaffee gewaschen<br \/>\nWasser-Entkoffeinierungsverfahren oder Swiss Water\u00ae Process (SWP)<\/p>\n<p>Frisch verpackt in einem Beutel mit einem Ventil zum Schutz der Aromen.<br \/>\nIdealerweise vor drei Monaten, vorzugsweise vor zw\u00f6lf Monaten nach dem Braten zu genie\u00dfen.<\/p>\n","protected":false},"excerpt":{"rendered":"<p>Unsere Kunden fragen uns oft nach unserer Meinung zu unserem KOFFEINFREI. Einige von ihnen ironisieren \u00fcber diese gewaschenen Bohnen, und gewaschen, und wieder gewaschen. Wir denken, weil wir sie gekostet haben, dass ihre Intensit\u00e4t selbst die St\u00e4rksten unter uns tr\u00f6stet. Vor dem Schlafengehen.<\/p>\n","protected":false},"featured_media":17510,"comment_status":"open","ping_status":"closed","template":"","meta":[],"product_brand":[],"product_cat":[165,164,417,412],"product_tag":[],"class_list":{"0":"post-4841","1":"product","2":"type-product","3":"status-publish","4":"has-post-thumbnail","6":"product_cat-kaffeewelt","7":"product_cat-kaffeebohnen","8":"product_cat-mexiko","9":"product_cat-entkoffeiniert","10":"pa_emballage-500-g-de","11":"pa_emballage-5-kg-de","12":"pa_emballage-10-kg-de","14":"first","15":"instock","16":"sale","17":"taxable","18":"shipping-taxable","19":"purchasable","20":"product-type-variable","21":"has-default-attributes"},"_links":{"self":[{"href":"https:\/\/yithcompare.321dev.ch\/de\/wp-json\/wp\/v2\/product\/4841","targetHints":{"allow":["GET"]}}],"collection":[{"href":"https:\/\/yithcompare.321dev.ch\/de\/wp-json\/wp\/v2\/product"}],"about":[{"href":"https:\/\/yithcompare.321dev.ch\/de\/wp-json\/wp\/v2\/types\/product"}],"replies":[{"embeddable":true,"href":"https:\/\/yithcompare.321dev.ch\/de\/wp-json\/wp\/v2\/comments?post=4841"}],"wp:featuredmedia":[{"embeddable":true,"href":"https:\/\/yithcompare.321dev.ch\/de\/wp-json\/wp\/v2\/media\/17510"}],"wp:attachment":[{"href":"https:\/\/yithcompare.321dev.ch\/de\/wp-json\/wp\/v2\/media?parent=4841"}],"wp:term":[{"taxonomy":"product_brand","embeddable":true,"href":"https:\/\/yithcompare.321dev.ch\/de\/wp-json\/wp\/v2\/product_brand?post=4841"},{"taxonomy":"product_cat","embeddable":true,"href":"https:\/\/yithcompare.321dev.ch\/de\/wp-json\/wp\/v2\/product_cat?post=4841"},{"taxonomy":"product_tag","embeddable":true,"href":"https:\/\/yithcompare.321dev.ch\/de\/wp-json\/wp\/v2\/product_tag?post=4841"}],"curies":[{"name":"wp","href":"https:\/\/api.w.org\/{rel}","templated":true}]}}

<h3><strong>Praline </strong>(dominantes Aroma)</h3>
<p>Intensität: 3/5<br />
Röstgrad: Dunkel<br />
Getränkeart: Lungo, Café crème<br />
Arten: 100% Arabica<br />
Herkunft: Huatusco, Mexiko (südatlantische Region), Unión Regional Pequeños Productores Café<br />
Ernten: November bis März (Mexiko)<br />
Trocknung: nass, Kaffee gewaschen<br />
Wasser-Entkoffeinierungsverfahren oder Swiss Water® Process (SWP)</p>
<p>Frisch verpackt in einem Beutel mit einem Ventil zum Schutz der Aromen.<br />
Idealerweise vor drei Monaten, vorzugsweise vor zwölf Monaten nach dem Braten zu genießen.</p>

<p>Unsere Kunden fragen uns oft nach unserer Meinung zu unserem KOFFEINFREI. Einige von ihnen ironisieren über diese gewaschenen Bohnen, und gewaschen, und wieder gewaschen. Wir denken, weil wir sie gekostet haben, dass ihre Intensität selbst die Stärksten unter uns tröstet. Vor dem Schlafengehen.</p>
