{"id":44227,"date":"2023-11-29T09:55:25","date_gmt":"2023-11-29T07:55:25","guid":{"rendered":"https:\/\/esperanza.ch\/?post_type=product&#038;p=44227"},"modified":"2024-01-29T14:22:59","modified_gmt":"2024-01-29T12:22:59","slug":"zubehorschublade-giga-69867","status":"publish","type":"product","link":"https:\/\/yithcompare.321dev.ch\/de\/produit\/zubehorschublade-giga-69867\/","title":{"rendered":"Zubeh\u00f6rschublade GIGA"},"content":{"rendered":"<h3>Zubeh\u00f6rschublade GIGA<\/h3>\n<p><strong>Optimaler Stauraum<\/strong><br \/>\nDas schlanke Ger\u00e4t besitzt zwei Schubladen mit modernem D\u00e4mpfungssystem f\u00fcr leichtes, ger\u00e4uschloses Schlie\u00dfen. Seine Kapazit\u00e4t eignet sich optimal f\u00fcr den Einsatz im Haushaltbereich und ist f\u00fcr Tassen von bis zu 90 mm Durchmesser und einer H\u00f6he von 110 mm geeignet. Pro Etage finden wahlweise 5 Espresso- (\u00d8 57 mm), 4 Kaffee- (\u00d8 66 mm) oder 6 Cappuccinotassen (\u00d8 90 mm) Platz. Zus\u00e4tzlichen Stauraum bietet die Tassenablage oben.<\/p>\n<p><strong>Warme Tassen immer zur richtigen Zeit<\/strong><br \/>\nMit der programmierbaren Ein- und Ausschaltzeit stellt der moderne Tassenw\u00e4rmer seine \u00d6kointelligenz unter Beweis. Ganz einfach l\u00e4sst er sich Ihren W\u00fcnschen anpassen und w\u00e4rmt die Tassen genau auf den richtigen Zeitpunkt vor, zu welchem Sie Ihren Morgenkaffee genie\u00dfen m\u00f6chten. Falls keine Ausschaltzeit programmiert wird, schaltet sich das intelligente Ger\u00e4t selbst\u00e4ndig nach 12 Stunden aus.<\/p>\n","protected":false},"excerpt":{"rendered":"<p>Dank der neuen Zubeh\u00f6rschublade passt sich der Tassenw\u00e4rmer perfekt an die Ger\u00e4teh\u00f6he der GIGA an. Zudem profitieren Sie von einem weiteren Fach, um Ihre Kaffee- und Espressol\u00f6ffel optimal zu platzieren.<\/p>\n","protected":false},"featured_media":52066,"comment_status":"closed","ping_status":"closed","template":"","meta":[],"product_brand":[],"product_cat":[201,266],"product_tag":[],"class_list":{"0":"post-44227","1":"product","2":"type-product","3":"status-publish","4":"has-post-thumbnail","6":"product_cat-tassenwarmer-de","7":"product_cat-tassenwaermer2","9":"first","10":"instock","11":"taxable","12":"shipping-taxable","13":"purchasable","14":"product-type-simple"},"_links":{"self":[{"href":"https:\/\/yithcompare.321dev.ch\/de\/wp-json\/wp\/v2\/product\/44227","targetHints":{"allow":["GET"]}}],"collection":[{"href":"https:\/\/yithcompare.321dev.ch\/de\/wp-json\/wp\/v2\/product"}],"about":[{"href":"https:\/\/yithcompare.321dev.ch\/de\/wp-json\/wp\/v2\/types\/product"}],"replies":[{"embeddable":true,"href":"https:\/\/yithcompare.321dev.ch\/de\/wp-json\/wp\/v2\/comments?post=44227"}],"wp:featuredmedia":[{"embeddable":true,"href":"https:\/\/yithcompare.321dev.ch\/de\/wp-json\/wp\/v2\/media\/52066"}],"wp:attachment":[{"href":"https:\/\/yithcompare.321dev.ch\/de\/wp-json\/wp\/v2\/media?parent=44227"}],"wp:term":[{"taxonomy":"product_brand","embeddable":true,"href":"https:\/\/yithcompare.321dev.ch\/de\/wp-json\/wp\/v2\/product_brand?post=44227"},{"taxonomy":"product_cat","embeddable":true,"href":"https:\/\/yithcompare.321dev.ch\/de\/wp-json\/wp\/v2\/product_cat?post=44227"},{"taxonomy":"product_tag","embeddable":true,"href":"https:\/\/yithcompare.321dev.ch\/de\/wp-json\/wp\/v2\/product_tag?post=44227"}],"curies":[{"name":"wp","href":"https:\/\/api.w.org\/{rel}","templated":true}]}}

Zubehörschublade GIGA

<h3>Zubehörschublade GIGA</h3>
<p><strong>Optimaler Stauraum</strong><br />
Das schlanke Gerät besitzt zwei Schubladen mit modernem Dämpfungssystem für leichtes, geräuschloses Schließen. Seine Kapazität eignet sich optimal für den Einsatz im Haushaltbereich und ist für Tassen von bis zu 90 mm Durchmesser und einer Höhe von 110 mm geeignet. Pro Etage finden wahlweise 5 Espresso- (Ø 57 mm), 4 Kaffee- (Ø 66 mm) oder 6 Cappuccinotassen (Ø 90 mm) Platz. Zusätzlichen Stauraum bietet die Tassenablage oben.</p>
<p><strong>Warme Tassen immer zur richtigen Zeit</strong><br />
Mit der programmierbaren Ein- und Ausschaltzeit stellt der moderne Tassenwärmer seine Ökointelligenz unter Beweis. Ganz einfach lässt er sich Ihren Wünschen anpassen und wärmt die Tassen genau auf den richtigen Zeitpunkt vor, zu welchem Sie Ihren Morgenkaffee genießen möchten. Falls keine Ausschaltzeit programmiert wird, schaltet sich das intelligente Gerät selbständig nach 12 Stunden aus.</p>

<p>Dank der neuen Zubehörschublade passt sich der Tassenwärmer perfekt an die Gerätehöhe der GIGA an. Zudem profitieren Sie von einem weiteren Fach, um Ihre Kaffee- und Espressolöffel optimal zu platzieren.</p>
