{"id":17811,"date":"2020-05-12T19:09:20","date_gmt":"2020-05-12T17:09:20","guid":{"rendered":"https:\/\/esperanza.ch\/?post_type=product&#038;p=17811"},"modified":"2024-11-01T09:52:01","modified_gmt":"2024-11-01T07:52:01","slug":"degustationspaket-die-karamellisierten-esperanza-kaffee","status":"publish","type":"product","link":"https:\/\/yithcompare.321dev.ch\/de\/produit\/degustationspaket-die-karamellisierten-esperanza-kaffee\/","title":{"rendered":"DIE KARAMELLISIERTEN, Verkostungsset, Esperanza Kaffee"},"content":{"rendered":"<p><span style=\"color: #282828;\"><b>1 x Bio Excelso, 500g<br \/>\n<\/b>H<\/span><span style=\"color: #282828;\">auptaromen: <strong>Honig, Karamell<\/strong><\/span><br \/>\n<span style=\"color: #282828;\">Intensit\u00e4t: 4\/5<\/span><br \/>\n<span style=\"color: #282828;\">R\u00f6stgrad: dunkel<\/span><br \/>\n<span style=\"color: #282828;\">Getr\u00e4nkeart: Espresso, Caf\u00e9 cr\u00e8me<\/span><br \/>\n<span style=\"color: #282828;\">Arten: 100% Arabica<br \/>\nUrspr\u00fcnge: Bolivien, Peru, Indonesien<br \/>\n<\/span><\/p>\n<p><span style=\"color: #282828;\"><b>1 x Moka, 500g<br \/>\n<\/b><\/span><span style=\"color: #282828;\">Hauptaromen: <strong>Karamell, ger\u00f6stete Haselnuss<\/strong><\/span><br \/>\n<span style=\"color: #282828;\">Intensit\u00e4t: 3\/5<\/span><br \/>\n<span style=\"color: #282828;\">R\u00f6stgrad: Dunkel<\/span><br \/>\n<span style=\"color: #282828;\">Getr\u00e4nkeart: intensiver Lungo, Latte<\/span><br \/>\n<span style=\"color: #282828;\">Arten: 100% Arabica<br \/>\nUrspr\u00fcnge: Kolumbien, Guatemala, Mexiko<br \/>\n<\/span><\/p>\n<p><span style=\"color: #282828;\"><b>1 x Br\u00e9sil, 250g<br \/>\n<\/b><\/span><span style=\"color: #282828;\">Hauptaromen: <strong>Toast, Toffee<\/strong> (Sahne-Karamel)<\/span><br \/>\n<span style=\"color: #282828;\">Intensit\u00e4t: 2\/5<\/span><br \/>\n<span style=\"color: #282828;\">R\u00f6stgrad: Mittel<\/span><br \/>\n<span style=\"color: #282828;\">Getr\u00e4nkeart: Lungo<\/span><br \/>\n<span style=\"color: #282828;\">Arten: 100% Arabica<br \/>\nHerkunft: Brasilien (Minas Gerais)<br \/>\n<\/span><\/p>\n","protected":false},"excerpt":{"rendered":"<p>Stellen Sie sich die Cr\u00e8me Caramel Ihrer Kindheit vor, den Honig, eine Kombination, die durch die ger\u00f6stete Haselnuss des Moka-Kaffees erg\u00e4nzt wird.<\/p>\n","protected":false},"featured_media":22910,"comment_status":"open","ping_status":"closed","template":"","meta":[],"product_brand":[],"product_cat":[165,164,417,415,414,418,410,416,312],"product_tag":[],"class_list":{"0":"post-17811","1":"product","2":"type-product","3":"status-publish","4":"has-post-thumbnail","6":"product_cat-kaffeewelt","7":"product_cat-kaffeebohnen","8":"product_cat-mexiko","9":"product_cat-guatemala-de","10":"product_cat-kolumbien","11":"product_cat-peru-de","12":"product_cat-brasilien","13":"product_cat-indonesien","14":"product_cat-unsere-kaffeebohnen-sets","16":"first","17":"instock","18":"taxable","19":"shipping-taxable","20":"purchasable","21":"product-type-simple"},"_links":{"self":[{"href":"https:\/\/yithcompare.321dev.ch\/de\/wp-json\/wp\/v2\/product\/17811","targetHints":{"allow":["GET"]}}],"collection":[{"href":"https:\/\/yithcompare.321dev.ch\/de\/wp-json\/wp\/v2\/product"}],"about":[{"href":"https:\/\/yithcompare.321dev.ch\/de\/wp-json\/wp\/v2\/types\/product"}],"replies":[{"embeddable":true,"href":"https:\/\/yithcompare.321dev.ch\/de\/wp-json\/wp\/v2\/comments?post=17811"}],"wp:featuredmedia":[{"embeddable":true,"href":"https:\/\/yithcompare.321dev.ch\/de\/wp-json\/wp\/v2\/media\/22910"}],"wp:attachment":[{"href":"https:\/\/yithcompare.321dev.ch\/de\/wp-json\/wp\/v2\/media?parent=17811"}],"wp:term":[{"taxonomy":"product_brand","embeddable":true,"href":"https:\/\/yithcompare.321dev.ch\/de\/wp-json\/wp\/v2\/product_brand?post=17811"},{"taxonomy":"product_cat","embeddable":true,"href":"https:\/\/yithcompare.321dev.ch\/de\/wp-json\/wp\/v2\/product_cat?post=17811"},{"taxonomy":"product_tag","embeddable":true,"href":"https:\/\/yithcompare.321dev.ch\/de\/wp-json\/wp\/v2\/product_tag?post=17811"}],"curies":[{"name":"wp","href":"https:\/\/api.w.org\/{rel}","templated":true}]}}

<p><span style="color: #282828;"><b>1 x Bio Excelso, 500g<br />
</b>H</span><span style="color: #282828;">auptaromen: <strong>Honig, Karamell</strong></span><br />
<span style="color: #282828;">Intensität: 4/5</span><br />
<span style="color: #282828;">Röstgrad: dunkel</span><br />
<span style="color: #282828;">Getränkeart: Espresso, Café crème</span><br />
<span style="color: #282828;">Arten: 100% Arabica<br />
Ursprünge: Bolivien, Peru, Indonesien<br />
</span></p>
<p><span style="color: #282828;"><b>1 x Moka, 500g<br />
</b></span><span style="color: #282828;">Hauptaromen: <strong>Karamell, geröstete Haselnuss</strong></span><br />
<span style="color: #282828;">Intensität: 3/5</span><br />
<span style="color: #282828;">Röstgrad: Dunkel</span><br />
<span style="color: #282828;">Getränkeart: intensiver Lungo, Latte</span><br />
<span style="color: #282828;">Arten: 100% Arabica<br />
Ursprünge: Kolumbien, Guatemala, Mexiko<br />
</span></p>
<p><span style="color: #282828;"><b>1 x Brésil, 250g<br />
</b></span><span style="color: #282828;">Hauptaromen: <strong>Toast, Toffee</strong> (Sahne-Karamel)</span><br />
<span style="color: #282828;">Intensität: 2/5</span><br />
<span style="color: #282828;">Röstgrad: Mittel</span><br />
<span style="color: #282828;">Getränkeart: Lungo</span><br />
<span style="color: #282828;">Arten: 100% Arabica<br />
Herkunft: Brasilien (Minas Gerais)<br />
</span></p>

<p>Stellen Sie sich die Crème Caramel Ihrer Kindheit vor, den Honig, eine Kombination, die durch die geröstete Haselnuss des Moka-Kaffees ergänzt wird.</p>
