{"id":16862,"date":"2020-03-27T00:18:34","date_gmt":"2020-03-26T22:18:34","guid":{"rendered":"https:\/\/esperanza.ch\/?post_type=product&#038;p=16862"},"modified":"2024-08-06T10:26:55","modified_gmt":"2024-08-06T08:26:55","slug":"zubehoerset-fuer-milchsysteme-hp3-jura","status":"publish","type":"product","link":"https:\/\/yithcompare.321dev.ch\/de\/produit\/zubehoerset-fuer-milchsysteme-hp3-jura\/","title":{"rendered":"Zubeh\u00f6rset f\u00fcr Milchsysteme HP3"},"content":{"rendered":"<p><strong>Ob dieses Zubeh\u00f6rset zu Ihrem Vollautomaten passt, erfahren Sie hier.<br \/>\n<\/strong><span style=\"color: #333333;\">Kompatibel mit:<\/span><\/p>\n<div id=\"pagelayout_0_pagetype_0_pagecontent_0_panExpandable\" class=\"block-expandable state-expanded\" data-init=\"expandable\" data-expandable-options=\"{&quot;modal&quot;:true}\">\n<div class=\"content\" data-expandable=\"content\">\n<ul>\n<li>E8 (SA) \/ E8 (SB) \/ E8 (SC) \/ E800 (2018)<\/li>\n<li>GIGA 10 (SA) \/ GIGA 6 \/ GIGA 6 (SA)<\/li>\n<li>GIGA W10 (SA)<\/li>\n<li>J600 \/ J8 (SA) \/ J8 twin (SA)<\/li>\n<li>S8 \/ S8 (SA) \/ S80<\/li>\n<li>WE8 (2019ff)<\/li>\n<li>Z6 \/ Z8 \/ Z10 (SA)<\/li>\n<\/ul>\n<\/div>\n<\/div>\n<div id=\"pagelayout_0_pagetype_0_pagecontent_0_panExpandable\" class=\"block-expandable state-expanded\" data-init=\"expandable\" data-expandable-options=\"{&quot;modal&quot;:true}\">\n<div class=\"content\" data-expandable=\"content\">\n<p>Ihr Vollautomat ist nicht darunter? W\u00e4hlen Sie die Produktvariante HP1 oder HP2.<\/p>\n<\/div>\n<\/div>\n","protected":false},"excerpt":{"rendered":"<p>Jeder Vollautomat, welcher Kaffeespezialit\u00e4ten mit Milch zubereitet, ist mit dem Zubeh\u00f6rset f\u00fcr Milchsysteme ausgestattet. Bei normalem Gebrauch sollte dieses alle drei Monate gewechselt werden.<\/p>\n<p>Jedes Set besteht aus Milchschl\u00e4uchen, Anschlussteilen und Ansaugstutzen. Die Milchschl\u00e4uche k\u00f6nnen individuell zugeschnitten werden.<\/p>\n<p>Je nach Milchsystem HP1, HP2 oder HP3, muss ein unterschiedliches Zubeh\u00f6rset verwendet werden.<\/p>\n","protected":false},"featured_media":52077,"comment_status":"closed","ping_status":"closed","template":"","meta":[],"product_brand":[],"product_cat":[425,400],"product_tag":[],"class_list":{"0":"post-16862","1":"product","2":"type-product","3":"status-publish","4":"has-post-thumbnail","6":"product_cat-zubehoer-von-kaelte-pro","7":"product_cat-kaltes-zubehor","9":"first","10":"instock","11":"taxable","12":"shipping-taxable","13":"purchasable","14":"product-type-simple"},"_links":{"self":[{"href":"https:\/\/yithcompare.321dev.ch\/de\/wp-json\/wp\/v2\/product\/16862","targetHints":{"allow":["GET"]}}],"collection":[{"href":"https:\/\/yithcompare.321dev.ch\/de\/wp-json\/wp\/v2\/product"}],"about":[{"href":"https:\/\/yithcompare.321dev.ch\/de\/wp-json\/wp\/v2\/types\/product"}],"replies":[{"embeddable":true,"href":"https:\/\/yithcompare.321dev.ch\/de\/wp-json\/wp\/v2\/comments?post=16862"}],"wp:featuredmedia":[{"embeddable":true,"href":"https:\/\/yithcompare.321dev.ch\/de\/wp-json\/wp\/v2\/media\/52077"}],"wp:attachment":[{"href":"https:\/\/yithcompare.321dev.ch\/de\/wp-json\/wp\/v2\/media?parent=16862"}],"wp:term":[{"taxonomy":"product_brand","embeddable":true,"href":"https:\/\/yithcompare.321dev.ch\/de\/wp-json\/wp\/v2\/product_brand?post=16862"},{"taxonomy":"product_cat","embeddable":true,"href":"https:\/\/yithcompare.321dev.ch\/de\/wp-json\/wp\/v2\/product_cat?post=16862"},{"taxonomy":"product_tag","embeddable":true,"href":"https:\/\/yithcompare.321dev.ch\/de\/wp-json\/wp\/v2\/product_tag?post=16862"}],"curies":[{"name":"wp","href":"https:\/\/api.w.org\/{rel}","templated":true}]}}

Zubehörset für Milchsysteme HP3

<p><strong>Ob dieses Zubehörset zu Ihrem Vollautomaten passt, erfahren Sie hier.<br />
</strong><span style="color: #333333;">Kompatibel mit:</span></p>
<div id="pagelayout_0_pagetype_0_pagecontent_0_panExpandable" class="block-expandable state-expanded" data-init="expandable" data-expandable-options="{&quot;modal&quot;:true}">
<div class="content" data-expandable="content">
<ul>
<li>E8 (SA) / E8 (SB) / E8 (SC) / E800 (2018)</li>
<li>GIGA 10 (SA) / GIGA 6 / GIGA 6 (SA)</li>
<li>GIGA W10 (SA)</li>
<li>J600 / J8 (SA) / J8 twin (SA)</li>
<li>S8 / S8 (SA) / S80</li>
<li>WE8 (2019ff)</li>
<li>Z6 / Z8 / Z10 (SA)</li>
</ul>
</div>
</div>
<div id="pagelayout_0_pagetype_0_pagecontent_0_panExpandable" class="block-expandable state-expanded" data-init="expandable" data-expandable-options="{&quot;modal&quot;:true}">
<div class="content" data-expandable="content">
<p>Ihr Vollautomat ist nicht darunter? Wählen Sie die Produktvariante HP1 oder HP2.</p>
</div>
</div>

<p>Jeder Vollautomat, welcher Kaffeespezialitäten mit Milch zubereitet, ist mit dem Zubehörset für Milchsysteme ausgestattet. Bei normalem Gebrauch sollte dieses alle drei Monate gewechselt werden.</p>
<p>Jedes Set besteht aus Milchschläuchen, Anschlussteilen und Ansaugstutzen. Die Milchschläuche können individuell zugeschnitten werden.</p>
<p>Je nach Milchsystem HP1, HP2 oder HP3, muss ein unterschiedliches Zubehörset verwendet werden.</p>
