{"id":16600,"date":"2020-04-01T01:22:41","date_gmt":"2020-03-31T23:22:41","guid":{"rendered":"https:\/\/esperanza.ch\/?post_type=product&#038;p=16600"},"modified":"2022-12-17T11:15:27","modified_gmt":"2022-12-17T09:15:27","slug":"esperanza-foresta-fairtrade-kaffee-bohnen","status":"publish","type":"product","link":"https:\/\/yithcompare.321dev.ch\/de\/produit\/esperanza-foresta-fairtrade-kaffee-bohnen\/","title":{"rendered":"FORESTA Esperanza Fairtrade-Kaffeebohnen, 250g"},"content":{"rendered":"<p><strong>Fr\u00fchlingsaromen, holzig, Unterholz<br \/>\n<\/strong>Intensit\u00e4t: 2\/5<br \/>\nR\u00f6stgrad: Mild<br \/>\nGetr\u00e4nkeart: Espresso, Lungo<br \/>\nArten: 100% Arabica<br \/>\nHerkunft und Labels: Burundi (Fairer Handel), Brasilien (Fairer Handel) und Peru (Fairer Handel)<\/p>\n<p><strong>Verpackung<\/strong><\/p>\n<ul>\n<li>Frisch verpackt in einem aluminiumfreien Beutel mit Ventil zum Schutz der Aromen.<\/li>\n<li>Frische: am besten innerhalb von drei Monaten genie\u00dfen, am besten innerhalb von zw\u00f6lf Monaten nach der R\u00f6stung verbrauchen.<\/li>\n<\/ul>\n<p>FORESTA Kaffee kommt aus dem Korb mit den Ostereiern! Es ist einer der Saisonkaffees, die wir regelm\u00e4\u00dfig entwickeln, um unsere Leidenschaft zu befriedigen, aber vor allem f\u00fcr Ihre Freude am Koffeinerlebnis.<\/p>\n<p>Unser R\u00f6stteam in Gruy\u00e8re hat sich mit den Empfindlichkeiten und Wahrnehmungen des Fr\u00fchlings besch\u00e4ftigt. Wir alle sehnen uns nach frischer Luft, Licht und gr\u00fcnen Wiesen.<\/p>\n<p>Das R\u00f6stprofil distanziert sich damit von den intensiven Winteraromen. Wir finden uns mit Aromen von Unterholz, Fr\u00fchling und leicht waldigen Impulsen, die wir Sie einladen, mit uns zu teilen. Stellen Sie sich die G\u00e4rten von Tanganjika vor!<\/p>\n<p>100% Arabica und Fairtrade Max Havelaar, unsere FORESTA-Mischung besteht aus gewaschenen Kaffees aus Burundi, Naturkaffees aus Brasilien und umweltfreundlichen Kaffees aus Peru.<\/p>\n","protected":false},"excerpt":{"rendered":"<p>FORESTA, der saisonale Kaffee kommt mit Ostereiern aus dem Korb! Frisch verpackt in einem folienfreien Beutel, einem Beh\u00e4lter mit Ventil zum Schutz der Aromen Ihres Kaffees.<\/p>\n","protected":false},"featured_media":16592,"comment_status":"open","ping_status":"closed","template":"","meta":[],"product_brand":[],"product_cat":[165,164],"product_tag":[],"class_list":{"0":"post-16600","1":"product","2":"type-product","3":"status-publish","4":"has-post-thumbnail","6":"product_cat-kaffeewelt","7":"product_cat-kaffeebohnen","9":"first","10":"outofstock","11":"sale","12":"taxable","13":"shipping-taxable","14":"purchasable","15":"product-type-variable","16":"has-default-attributes"},"_links":{"self":[{"href":"https:\/\/yithcompare.321dev.ch\/de\/wp-json\/wp\/v2\/product\/16600","targetHints":{"allow":["GET"]}}],"collection":[{"href":"https:\/\/yithcompare.321dev.ch\/de\/wp-json\/wp\/v2\/product"}],"about":[{"href":"https:\/\/yithcompare.321dev.ch\/de\/wp-json\/wp\/v2\/types\/product"}],"replies":[{"embeddable":true,"href":"https:\/\/yithcompare.321dev.ch\/de\/wp-json\/wp\/v2\/comments?post=16600"}],"wp:featuredmedia":[{"embeddable":true,"href":"https:\/\/yithcompare.321dev.ch\/de\/wp-json\/wp\/v2\/media\/16592"}],"wp:attachment":[{"href":"https:\/\/yithcompare.321dev.ch\/de\/wp-json\/wp\/v2\/media?parent=16600"}],"wp:term":[{"taxonomy":"product_brand","embeddable":true,"href":"https:\/\/yithcompare.321dev.ch\/de\/wp-json\/wp\/v2\/product_brand?post=16600"},{"taxonomy":"product_cat","embeddable":true,"href":"https:\/\/yithcompare.321dev.ch\/de\/wp-json\/wp\/v2\/product_cat?post=16600"},{"taxonomy":"product_tag","embeddable":true,"href":"https:\/\/yithcompare.321dev.ch\/de\/wp-json\/wp\/v2\/product_tag?post=16600"}],"curies":[{"name":"wp","href":"https:\/\/api.w.org\/{rel}","templated":true}]}}

<p><strong>Frühlingsaromen, holzig, Unterholz<br />
</strong>Intensität: 2/5<br />
Röstgrad: Mild<br />
Getränkeart: Espresso, Lungo<br />
Arten: 100% Arabica<br />
Herkunft und Labels: Burundi (Fairer Handel), Brasilien (Fairer Handel) und Peru (Fairer Handel)</p>
<p><strong>Verpackung</strong></p>
<ul>
<li>Frisch verpackt in einem aluminiumfreien Beutel mit Ventil zum Schutz der Aromen.</li>
<li>Frische: am besten innerhalb von drei Monaten genießen, am besten innerhalb von zwölf Monaten nach der Röstung verbrauchen.</li>
</ul>
<p>FORESTA Kaffee kommt aus dem Korb mit den Ostereiern! Es ist einer der Saisonkaffees, die wir regelmäßig entwickeln, um unsere Leidenschaft zu befriedigen, aber vor allem für Ihre Freude am Koffeinerlebnis.</p>
<p>Unser Röstteam in Gruyère hat sich mit den Empfindlichkeiten und Wahrnehmungen des Frühlings beschäftigt. Wir alle sehnen uns nach frischer Luft, Licht und grünen Wiesen.</p>
<p>Das Röstprofil distanziert sich damit von den intensiven Winteraromen. Wir finden uns mit Aromen von Unterholz, Frühling und leicht waldigen Impulsen, die wir Sie einladen, mit uns zu teilen. Stellen Sie sich die Gärten von Tanganjika vor!</p>
<p>100% Arabica und Fairtrade Max Havelaar, unsere FORESTA-Mischung besteht aus gewaschenen Kaffees aus Burundi, Naturkaffees aus Brasilien und umweltfreundlichen Kaffees aus Peru.</p>

<p>FORESTA, der saisonale Kaffee kommt mit Ostereiern aus dem Korb! Frisch verpackt in einem folienfreien Beutel, einem Behälter mit Ventil zum Schutz der Aromen Ihres Kaffees.</p>
