{"id":19610,"date":"2020-04-08T21:49:56","date_gmt":"2020-04-08T19:49:56","guid":{"rendered":"https:\/\/esperanza.ch\/uber-uns\/"},"modified":"2022-09-22T17:29:56","modified_gmt":"2022-09-22T15:29:56","slug":"uber-uns","status":"publish","type":"page","link":"https:\/\/yithcompare.321dev.ch\/de\/uber-uns\/","title":{"rendered":"\u00dcber uns"},"content":{"rendered":"<h1>Wer sind wir?<\/h1>\t\t\n\t\t\t\t\t\t\t\t\t\t\t\t<img decoding=\"async\" width=\"1020\" height=\"765\" src=\"https:\/\/yithcompare.321dev.ch\/wp-content\/uploads\/2020\/04\/tasse_cafe_esperanza.jpg\" alt=\"\" loading=\"lazy\" srcset=\"https:\/\/yithcompare.321dev.ch\/wp-content\/uploads\/2020\/04\/tasse_cafe_esperanza.jpg 1024w, https:\/\/yithcompare.321dev.ch\/wp-content\/uploads\/2020\/04\/tasse_cafe_esperanza-533x400.jpg 533w, https:\/\/yithcompare.321dev.ch\/wp-content\/uploads\/2020\/04\/tasse_cafe_esperanza-768x576.jpg 768w, https:\/\/yithcompare.321dev.ch\/wp-content\/uploads\/2020\/04\/tasse_cafe_esperanza-510x383.jpg 510w\" sizes=\"auto, (max-width: 1020px) 100vw, 1020px\">\t\t\t\t\t\t\t\t\t\t\t\t\t\t\n\t\t<p>Das Abenteuer Esperanza begann 1996, als einige Enthusiasten die Gelegenheit nutzten, einem Paar an der Waadtl\u00e4nder Riviera einen grossen Trommelr\u00f6ster aus den 1930er-Jahren abzukaufen. Voller Tatendrang machten sie ihre Leidenschaft f\u00fcr guten Kaffee zum Beruf und schlugen der damaligen Wirtschaftskrise ein Schnippchen. Der Trommelr\u00f6ster wurde nach Vuadens im Greyerzerland transportiert, wo er in der ehemaligen Molkerei der Fabrik Guigoz ein neues Zuhause fand.<\/p>\n<p>W\u00e4hrend der ersten Monate am Fusse des Mol\u00e9son verfeinerte das kleine R\u00f6stteam seine Auslese und seine Blends. Alle Bohnen wurden \u2013 und werden auch heute noch \u2013 in kleinen Mengen ger\u00f6stet, um eine homogene Durchr\u00f6stung zu gew\u00e4hrleisten. Vertrieben wurde der Kaffee zun\u00e4chst auf M\u00e4rkten und in einigen Gesch\u00e4ften, denen das Konzept lokales Handwerk und fairer Kaffee gefiel.<\/p>\n<p>Ab dem Jahr 2000 ging das neue Unternehmen Les Caf\u00e9s Esperanza GmbH Partnerschaften mit Kaffeemaschinenherstellern ein, unter anderem als Fachh\u00e4ndler und autorisierte Servicestelle von JURA. Esperanza stieg in das neu aufgekommene Freizeit- und Eventgesch\u00e4ft ein und st\u00e4rkte seine Position in der Westschweiz mit einer umfassenden Mietl\u00f6sung f\u00fcr Veranstalter, die sowohl Kaffeemaschinen als auch Verbrauchsg\u00fcter beinhaltet.<\/p>\n<p>Im Jahr 2008 erweiterte Esperanza sein Angebot mit einem Mietservice f\u00fcr Take-aways und B\u00fcros, die die Werte von Esperanza teilen: hochwertiger, traditionell ger\u00f6steter und frisch gemahlener Kaffee aus Respekt vor Mensch und Natur.<\/p>\n<p>Mit seinem reichen Sortiment an sorgf\u00e4ltig ger\u00f6stetem Kaffee f\u00fcr Betriebe, Haushalte und Veranstalter feiert Esperanza 2020 einen ersten Meilenstein in seiner Geschichte.<\/p>","protected":false},"excerpt":{"rendered":"<p>Wer sind wir? Das Abenteuer Esperanza begann 1996, als einige Enthusiasten die Gelegenheit nutzten, einem Paar an der Waadtl\u00e4nder Riviera einen grossen Trommelr\u00f6ster aus den 1930er-Jahren abzukaufen. Voller Tatendrang machten sie ihre Leidenschaft f\u00fcr guten Kaffee zum Beruf und schlugen der damaligen Wirtschaftskrise ein Schnippchen. Der Trommelr\u00f6ster wurde nach Vuadens im Greyerzerland transportiert, wo er [&hellip;]<\/p>\n","protected":false},"author":6990,"featured_media":0,"parent":0,"menu_order":0,"comment_status":"closed","ping_status":"closed","template":"","meta":{"footnotes":""},"class_list":["post-19610","page","type-page","status-publish","hentry"],"_links":{"self":[{"href":"https:\/\/yithcompare.321dev.ch\/de\/wp-json\/wp\/v2\/pages\/19610","targetHints":{"allow":["GET"]}}],"collection":[{"href":"https:\/\/yithcompare.321dev.ch\/de\/wp-json\/wp\/v2\/pages"}],"about":[{"href":"https:\/\/yithcompare.321dev.ch\/de\/wp-json\/wp\/v2\/types\/page"}],"author":[{"embeddable":true,"href":"https:\/\/yithcompare.321dev.ch\/de\/wp-json\/wp\/v2\/users\/6990"}],"replies":[{"embeddable":true,"href":"https:\/\/yithcompare.321dev.ch\/de\/wp-json\/wp\/v2\/comments?post=19610"}],"version-history":[{"count":0,"href":"https:\/\/yithcompare.321dev.ch\/de\/wp-json\/wp\/v2\/pages\/19610\/revisions"}],"wp:attachment":[{"href":"https:\/\/yithcompare.321dev.ch\/de\/wp-json\/wp\/v2\/media?parent=19610"}],"curies":[{"name":"wp","href":"https:\/\/api.w.org\/{rel}","templated":true}]}}

Über uns

<h1>Wer sind wir?</h1>		
												<img decoding="async" width="1020" height="765" src="https://yithcompare.321dev.ch/wp-content/uploads/2020/04/tasse_cafe_esperanza.jpg" alt="" loading="lazy" srcset="https://yithcompare.321dev.ch/wp-content/uploads/2020/04/tasse_cafe_esperanza.jpg 1024w, https://yithcompare.321dev.ch/wp-content/uploads/2020/04/tasse_cafe_esperanza-533x400.jpg 533w, https://yithcompare.321dev.ch/wp-content/uploads/2020/04/tasse_cafe_esperanza-768x576.jpg 768w, https://yithcompare.321dev.ch/wp-content/uploads/2020/04/tasse_cafe_esperanza-510x383.jpg 510w" sizes="auto, (max-width: 1020px) 100vw, 1020px">														
		<p>Das Abenteuer Esperanza begann 1996, als einige Enthusiasten die Gelegenheit nutzten, einem Paar an der Waadtländer Riviera einen grossen Trommelröster aus den 1930er-Jahren abzukaufen. Voller Tatendrang machten sie ihre Leidenschaft für guten Kaffee zum Beruf und schlugen der damaligen Wirtschaftskrise ein Schnippchen. Der Trommelröster wurde nach Vuadens im Greyerzerland transportiert, wo er in der ehemaligen Molkerei der Fabrik Guigoz ein neues Zuhause fand.</p>
<p>Während der ersten Monate am Fusse des Moléson verfeinerte das kleine Röstteam seine Auslese und seine Blends. Alle Bohnen wurden – und werden auch heute noch – in kleinen Mengen geröstet, um eine homogene Durchröstung zu gewährleisten. Vertrieben wurde der Kaffee zunächst auf Märkten und in einigen Geschäften, denen das Konzept lokales Handwerk und fairer Kaffee gefiel.</p>
<p>Ab dem Jahr 2000 ging das neue Unternehmen Les Cafés Esperanza GmbH Partnerschaften mit Kaffeemaschinenherstellern ein, unter anderem als Fachhändler und autorisierte Servicestelle von JURA. Esperanza stieg in das neu aufgekommene Freizeit- und Eventgeschäft ein und stärkte seine Position in der Westschweiz mit einer umfassenden Mietlösung für Veranstalter, die sowohl Kaffeemaschinen als auch Verbrauchsgüter beinhaltet.</p>
<p>Im Jahr 2008 erweiterte Esperanza sein Angebot mit einem Mietservice für Take-aways und Büros, die die Werte von Esperanza teilen: hochwertiger, traditionell gerösteter und frisch gemahlener Kaffee aus Respekt vor Mensch und Natur.</p>
<p>Mit seinem reichen Sortiment an sorgfältig geröstetem Kaffee für Betriebe, Haushalte und Veranstalter feiert Esperanza 2020 einen ersten Meilenstein in seiner Geschichte.</p>

<p>Wer sind wir? Das Abenteuer Esperanza begann 1996, als einige Enthusiasten die Gelegenheit nutzten, einem Paar an der Waadtländer Riviera einen grossen Trommelröster aus den 1930er-Jahren abzukaufen. Voller Tatendrang machten sie ihre Leidenschaft für guten Kaffee zum Beruf und schlugen der damaligen Wirtschaftskrise ein Schnippchen. Der Trommelröster wurde nach Vuadens im Greyerzerland transportiert, wo er [&hellip;]</p>
