{"id":1403,"date":"2018-02-12T17:31:38","date_gmt":"2018-02-12T15:31:38","guid":{"rendered":"https:\/\/esperanza.ch\/home\/"},"modified":"2023-07-04T12:00:59","modified_gmt":"2023-07-04T10:00:59","slug":"home","status":"publish","type":"page","link":"https:\/\/yithcompare.321dev.ch\/de\/home\/","title":{"rendered":"Home"},"content":{"rendered":"<img decoding=\"async\" src=\"https:\/\/yithcompare.321dev.ch\/wp-content\/uploads\/2021\/03\/1.jpg\" alt=\"1\" loading=\"lazy\">\n\t\t\t<h5>Verkostungsset : DIE ELIXIERE<\/h5><h5>Supremo 500g &#8211; Bio Excelso 500g &#8211; Bio Sumatra 250g<\/h5>\n\t\t\t\t\t\t<a href=\"https:\/\/yithcompare.321dev.ch\/de\/verkostungs-set-die-elixien-esperanza-kaffee\/\">Wollen Sie sie entdecken?<\/a>\t\t\t\t\t\t\n\t\t\t\t\t\t\t\t\t\t\t\t\t<a href=\"https:\/\/kariyon.ch\/products\/cafe-esperanza?_pos=1&#038;_psq=esperanza&#038;_ss=e&#038;_v=1.0\" target=\"_blank\" rel=\"noopener\">\n\t\t\t\t\t\t\t<img decoding=\"async\" width=\"1020\" height=\"204\" src=\"https:\/\/yithcompare.321dev.ch\/wp-content\/uploads\/2020\/09\/kariyon-logo_blanc-1400x280.png\" alt=\"kariyon-logo_blanc\" loading=\"lazy\" srcset=\"https:\/\/yithcompare.321dev.ch\/wp-content\/uploads\/2020\/09\/kariyon-logo_blanc-1400x280.png 1400w, https:\/\/yithcompare.321dev.ch\/wp-content\/uploads\/2020\/09\/kariyon-logo_blanc-800x160.png 800w, https:\/\/yithcompare.321dev.ch\/wp-content\/uploads\/2020\/09\/kariyon-logo_blanc-768x154.png 768w, https:\/\/yithcompare.321dev.ch\/wp-content\/uploads\/2020\/09\/kariyon-logo_blanc-1536x308.png 1536w, https:\/\/yithcompare.321dev.ch\/wp-content\/uploads\/2020\/09\/kariyon-logo_blanc-510x102.png 510w, https:\/\/yithcompare.321dev.ch\/wp-content\/uploads\/2020\/09\/kariyon-logo_blanc.png 1878w\" sizes=\"auto, (max-width: 1020px) 100vw, 1020px\" \/>\t\t\t\t\t\t\t\t<\/a>\n\t\t\t<h2>W\u00e4hlen Sie einen Gutschein! Kaufen Sie bei Ihrem R\u00f6sthandwerker.<\/h2>\t\t\n\t\t\t<h1>Les Caf\u00e9s Esperanza<\/h1>\t\t\n\t\t\t\t\t<a href=\"https:\/\/yithcompare.321dev.ch\/de\/kategorien\/kaffeewelt\/kaffeebohnen\/\">\n\t\t\t\t\t\tDie Kaffeebohnen\t\t\t\t\t<\/a>\n\t\t\t\t\t<a href=\"https:\/\/yithcompare.321dev.ch\/de\/kategorien\/kaffeewelt\/gemahlen\/\">\n\t\t\t\t\t\tGemahlener Kaffee\t\t\t\t\t<\/a>\n\t\t\t\t\t<a href=\"https:\/\/yithcompare.321dev.ch\/de\/esperanza-kompatible-kompostierbare-kaffee-kapseln\/\">\n\t\t\t\t\t\tKaffee Kapseln\t\t\t\t\t\n\t\t\t\tNEU\n\t\t\t\t<\/a>\n\t\t\t\t\t\t\t\t\t\t\t\t<img decoding=\"async\" width=\"1436\" height=\"687\" src=\"https:\/\/yithcompare.321dev.ch\/wp-content\/uploads\/2020\/08\/IMG_1429_2-e1597138133433.jpg\" alt=\"capsule recyclable\" loading=\"lazy\" srcset=\"https:\/\/yithcompare.321dev.ch\/wp-content\/uploads\/2020\/08\/IMG_1429_2-e1597138133433.jpg 1436w, https:\/\/yithcompare.321dev.ch\/wp-content\/uploads\/2020\/08\/IMG_1429_2-e1597138133433-800x383.jpg 800w, https:\/\/yithcompare.321dev.ch\/wp-content\/uploads\/2020\/08\/IMG_1429_2-e1597138133433-1400x670.jpg 1400w, https:\/\/yithcompare.321dev.ch\/wp-content\/uploads\/2020\/08\/IMG_1429_2-e1597138133433-768x367.jpg 768w, https:\/\/yithcompare.321dev.ch\/wp-content\/uploads\/2020\/08\/IMG_1429_2-e1597138133433-510x244.jpg 510w\" sizes=\"auto, (max-width: 1436px) 100vw, 1436px\" \/>\t\t\t\t\t\t\t\t\t\t\t\t\t\t\n\t\t\t<h2>Hinter den Kulissen unserer neuen Kapseln<\/h2>\t\t\n\t\t<p>Die Entwicklung von Kapseln war eine langfristige Reflexions- und Produktionsarbeit f\u00fcr Esperanza. Wir wollten &#8211; auf Wunsch unserer Kunden &#8211; Kapseln anbieten und dabei unsere Werte respektieren, indem wir die Frische unserer Produkte auch in dieser Verpackung garantieren.<\/p><p>\u00a0Kompostierbar &#8211; Recycelbar &#8211; Fairtrade &#8211; Nespresso\u00ae-Kompatibel<\/p>\t\t\n\t\t\t<a href=\"https:\/\/yithcompare.321dev.ch\/de\/esperanza-kompatible-kompostierbare-kaffee-kapseln\/\">\n\t\t\t\t\t\tGehen Sie jetzt hinter die Kulissen\n\t\t\t\t\t<\/a>\n\t\t\t\tUnsere Bestseller\t\t\t\t\n\t\t\t\tUnsere neuen Verkostungs-Set\t\t\t\t\n\t\t\t<p>Frische<\/p>\t\t\n\t\t<p style=\"text-align: center;\">Wir verwalten einen angemessenen Vorrat an Kaffee f\u00fcr optimale Frische.<\/p>\n\t\t\t<p>Schnelle Lieferung<\/p>\t\t\n\t\t<p style=\"text-align: center;\">Wir versenden Ihre Pakete innerhalb von 24 Stunden mit DHL<\/p>\n\t\t\t<p>Sichere Zahlung<\/p>\t\t\n\t\t<p style=\"text-align: center;\">W\u00e4hlen Sie Ihre Zahlungsmethode und zahlen Sie sicher!<\/p>\n\t\t\t<p>Fairer Handel<\/p>\t\t\n\t\t<p style=\"text-align: center;\">Wir r\u00f6sten ausschlie\u00dflich Fair-Trade-Getreide.<\/p>\n\t\t\t\tK\u00fcrzlich angesehen\t\t\t\t\n\t\t\t\t<a href=\"https:\/\/yithcompare.321dev.ch\/de\/produit\/smeg-kaffeemuehle-50s-style-copie\/\" aria-label=\"JURA Kaffeem\u00fchle P.A.G.\">\n\t\t\t\t\t<img width=\"290\" height=\"290\" src=\"https:\/\/yithcompare.321dev.ch\/wp-content\/uploads\/2023\/06\/pag_grinder_image1-290x290.jpg\" alt=\"\" decoding=\"async\" loading=\"lazy\" srcset=\"https:\/\/yithcompare.321dev.ch\/wp-content\/uploads\/2023\/06\/pag_grinder_image1-290x290.jpg 290w, https:\/\/yithcompare.321dev.ch\/wp-content\/uploads\/2023\/06\/pag_grinder_image1-280x280.jpg 280w, https:\/\/yithcompare.321dev.ch\/wp-content\/uploads\/2023\/06\/pag_grinder_image1-100x100.jpg 100w\" sizes=\"auto, (max-width: 290px) 100vw, 290px\" \/>\t\t\t\t<\/a>\n\t\t\t<p><a href=\"https:\/\/yithcompare.321dev.ch\/de\/produit\/smeg-kaffeemuehle-50s-style-copie\/\">JURA Kaffeem\u00fchle P.A.G.<\/a><\/p>\n\t<bdi>159.00&nbsp;&#67;&#72;&#70;<\/bdi>\n\t\t\t\t<a href=\"https:\/\/yithcompare.321dev.ch\/de\/produit\/ono-coffee-black-ea-copie\/\" aria-label=\"JURA ONO Coffee Black (EA)\">\n\t\t\t\t\t<img width=\"290\" height=\"290\" src=\"https:\/\/yithcompare.321dev.ch\/wp-content\/uploads\/2023\/05\/ONO_packshot_900x900-290x290.jpg\" alt=\"ONO packshot 900x900\" decoding=\"async\" loading=\"lazy\" srcset=\"https:\/\/yithcompare.321dev.ch\/wp-content\/uploads\/2023\/05\/ONO_packshot_900x900-290x290.jpg 290w, https:\/\/yithcompare.321dev.ch\/wp-content\/uploads\/2023\/05\/ONO_packshot_900x900-280x280.jpg 280w, https:\/\/yithcompare.321dev.ch\/wp-content\/uploads\/2023\/05\/ONO_packshot_900x900-100x100.jpg 100w\" sizes=\"auto, (max-width: 290px) 100vw, 290px\" \/>\t\t\t\t<\/a>\n\t\t\t\tNEU\n\t\t<p><a href=\"https:\/\/yithcompare.321dev.ch\/de\/produit\/ono-coffee-black-ea-copie\/\">JURA ONO Coffee Black (EA)<\/a><\/p>\n\t<bdi>349.00&nbsp;&#67;&#72;&#70;<\/bdi>\n\t\t\t\t<a href=\"https:\/\/yithcompare.321dev.ch\/de\/produit\/bialetti-tuttocrema-milchaufschaeumer-330-ml\/\" aria-label=\"BIALETTI Tuttocrema, Milchaufsch\u00e4umer, 330 ml\">\n\t\t\t\t\t<img width=\"290\" height=\"290\" src=\"https:\/\/yithcompare.321dev.ch\/wp-content\/uploads\/2023\/05\/Bia_Tuttocrema_1-290x290.jpg\" alt=\"\" decoding=\"async\" loading=\"lazy\" srcset=\"https:\/\/yithcompare.321dev.ch\/wp-content\/uploads\/2023\/05\/Bia_Tuttocrema_1-290x290.jpg 290w, https:\/\/yithcompare.321dev.ch\/wp-content\/uploads\/2023\/05\/Bia_Tuttocrema_1-400x400.jpg 400w, https:\/\/yithcompare.321dev.ch\/wp-content\/uploads\/2023\/05\/Bia_Tuttocrema_1-800x800.jpg 800w, https:\/\/yithcompare.321dev.ch\/wp-content\/uploads\/2023\/05\/Bia_Tuttocrema_1-280x280.jpg 280w, https:\/\/yithcompare.321dev.ch\/wp-content\/uploads\/2023\/05\/Bia_Tuttocrema_1-768x768.jpg 768w, https:\/\/yithcompare.321dev.ch\/wp-content\/uploads\/2023\/05\/Bia_Tuttocrema_1-510x510.jpg 510w, https:\/\/yithcompare.321dev.ch\/wp-content\/uploads\/2023\/05\/Bia_Tuttocrema_1-100x100.jpg 100w, https:\/\/yithcompare.321dev.ch\/wp-content\/uploads\/2023\/05\/Bia_Tuttocrema_1.jpg 1000w\" sizes=\"auto, (max-width: 290px) 100vw, 290px\" \/>\t\t\t\t<\/a>\n\t\t\t<p><a href=\"https:\/\/yithcompare.321dev.ch\/de\/produit\/bialetti-tuttocrema-milchaufschaeumer-330-ml\/\">BIALETTI Tuttocrema, Milchaufsch\u00e4umer, 330 ml<\/a><\/p>\n\t<bdi>39.90&nbsp;&#67;&#72;&#70;<\/bdi>\n\t\t\t\t<a href=\"https:\/\/yithcompare.321dev.ch\/de\/produit\/bialetti-milchkannchen-edelstahl-300ml\/\" aria-label=\"BIALETTI Milchk\u00e4nnchen aus Edelstahl, 300 ml\">\n\t\t\t\t\t<img width=\"290\" height=\"290\" src=\"https:\/\/yithcompare.321dev.ch\/wp-content\/uploads\/2023\/05\/Bia_PotLait_300_1-290x290.jpg\" alt=\"\" decoding=\"async\" loading=\"lazy\" srcset=\"https:\/\/yithcompare.321dev.ch\/wp-content\/uploads\/2023\/05\/Bia_PotLait_300_1-290x290.jpg 290w, https:\/\/yithcompare.321dev.ch\/wp-content\/uploads\/2023\/05\/Bia_PotLait_300_1-400x400.jpg 400w, https:\/\/yithcompare.321dev.ch\/wp-content\/uploads\/2023\/05\/Bia_PotLait_300_1-800x800.jpg 800w, https:\/\/yithcompare.321dev.ch\/wp-content\/uploads\/2023\/05\/Bia_PotLait_300_1-280x280.jpg 280w, https:\/\/yithcompare.321dev.ch\/wp-content\/uploads\/2023\/05\/Bia_PotLait_300_1-768x768.jpg 768w, https:\/\/yithcompare.321dev.ch\/wp-content\/uploads\/2023\/05\/Bia_PotLait_300_1-510x510.jpg 510w, https:\/\/yithcompare.321dev.ch\/wp-content\/uploads\/2023\/05\/Bia_PotLait_300_1-100x100.jpg 100w, https:\/\/yithcompare.321dev.ch\/wp-content\/uploads\/2023\/05\/Bia_PotLait_300_1.jpg 1000w\" sizes=\"auto, (max-width: 290px) 100vw, 290px\" \/>\t\t\t\t<\/a>\n\t\t\t<p><a href=\"https:\/\/yithcompare.321dev.ch\/de\/produit\/bialetti-milchkannchen-edelstahl-300ml\/\">BIALETTI Milchk\u00e4nnchen aus Edelstahl, 300 ml<\/a><\/p>\n\t<bdi>14.90&nbsp;&#67;&#72;&#70;<\/bdi>\n<!-- row -->","protected":false},"excerpt":{"rendered":"<p>Verkostungsset : DIE ELIXIERE Supremo 500g &#8211; Bio Excelso 500g &#8211; Bio Sumatra 250g Wollen Sie sie entdecken? W\u00e4hlen Sie einen Gutschein! Kaufen Sie bei Ihrem R\u00f6sthandwerker. Les Caf\u00e9s Esperanza Die Kaffeebohnen Gemahlener Kaffee Kaffee Kapseln NEU Hinter den Kulissen unserer neuen Kapseln Die Entwicklung von Kapseln war eine langfristige Reflexions- und Produktionsarbeit f\u00fcr Esperanza. [&hellip;]<\/p>\n","protected":false},"author":6990,"featured_media":0,"parent":0,"menu_order":0,"comment_status":"closed","ping_status":"closed","template":"","meta":{"footnotes":""},"class_list":["post-1403","page","type-page","status-publish","hentry"],"_links":{"self":[{"href":"https:\/\/yithcompare.321dev.ch\/de\/wp-json\/wp\/v2\/pages\/1403","targetHints":{"allow":["GET"]}}],"collection":[{"href":"https:\/\/yithcompare.321dev.ch\/de\/wp-json\/wp\/v2\/pages"}],"about":[{"href":"https:\/\/yithcompare.321dev.ch\/de\/wp-json\/wp\/v2\/types\/page"}],"author":[{"embeddable":true,"href":"https:\/\/yithcompare.321dev.ch\/de\/wp-json\/wp\/v2\/users\/6990"}],"replies":[{"embeddable":true,"href":"https:\/\/yithcompare.321dev.ch\/de\/wp-json\/wp\/v2\/comments?post=1403"}],"version-history":[{"count":0,"href":"https:\/\/yithcompare.321dev.ch\/de\/wp-json\/wp\/v2\/pages\/1403\/revisions"}],"wp:attachment":[{"href":"https:\/\/yithcompare.321dev.ch\/de\/wp-json\/wp\/v2\/media?parent=1403"}],"curies":[{"name":"wp","href":"https:\/\/api.w.org\/{rel}","templated":true}]}}

<img decoding="async" src="https://yithcompare.321dev.ch/wp-content/uploads/2021/03/1.jpg" alt="1" loading="lazy">
			<h5>Verkostungsset : DIE ELIXIERE</h5><h5>Supremo 500g &#8211; Bio Excelso 500g &#8211; Bio Sumatra 250g</h5>
						<a href="https://yithcompare.321dev.ch/de/verkostungs-set-die-elixien-esperanza-kaffee/">Wollen Sie sie entdecken?</a>						
													<a href="https://kariyon.ch/products/cafe-esperanza?_pos=1&#038;_psq=esperanza&#038;_ss=e&#038;_v=1.0" target="_blank" rel="noopener">
							<img decoding="async" width="1020" height="204" src="https://yithcompare.321dev.ch/wp-content/uploads/2020/09/kariyon-logo_blanc-1400x280.png" alt="kariyon-logo_blanc" loading="lazy" srcset="https://yithcompare.321dev.ch/wp-content/uploads/2020/09/kariyon-logo_blanc-1400x280.png 1400w, https://yithcompare.321dev.ch/wp-content/uploads/2020/09/kariyon-logo_blanc-800x160.png 800w, https://yithcompare.321dev.ch/wp-content/uploads/2020/09/kariyon-logo_blanc-768x154.png 768w, https://yithcompare.321dev.ch/wp-content/uploads/2020/09/kariyon-logo_blanc-1536x308.png 1536w, https://yithcompare.321dev.ch/wp-content/uploads/2020/09/kariyon-logo_blanc-510x102.png 510w, https://yithcompare.321dev.ch/wp-content/uploads/2020/09/kariyon-logo_blanc.png 1878w" sizes="auto, (max-width: 1020px) 100vw, 1020px" />								</a>
			<h2>Wählen Sie einen Gutschein! Kaufen Sie bei Ihrem Rösthandwerker.</h2>		
			<h1>Les Cafés Esperanza</h1>		
					<a href="https://yithcompare.321dev.ch/de/kategorien/kaffeewelt/kaffeebohnen/">
						Die Kaffeebohnen					</a>
					<a href="https://yithcompare.321dev.ch/de/kategorien/kaffeewelt/gemahlen/">
						Gemahlener Kaffee					</a>
					<a href="https://yithcompare.321dev.ch/de/esperanza-kompatible-kompostierbare-kaffee-kapseln/">
						Kaffee Kapseln					
				NEU
				</a>
												<img decoding="async" width="1436" height="687" src="https://yithcompare.321dev.ch/wp-content/uploads/2020/08/IMG_1429_2-e1597138133433.jpg" alt="capsule recyclable" loading="lazy" srcset="https://yithcompare.321dev.ch/wp-content/uploads/2020/08/IMG_1429_2-e1597138133433.jpg 1436w, https://yithcompare.321dev.ch/wp-content/uploads/2020/08/IMG_1429_2-e1597138133433-800x383.jpg 800w, https://yithcompare.321dev.ch/wp-content/uploads/2020/08/IMG_1429_2-e1597138133433-1400x670.jpg 1400w, https://yithcompare.321dev.ch/wp-content/uploads/2020/08/IMG_1429_2-e1597138133433-768x367.jpg 768w, https://yithcompare.321dev.ch/wp-content/uploads/2020/08/IMG_1429_2-e1597138133433-510x244.jpg 510w" sizes="auto, (max-width: 1436px) 100vw, 1436px" />														
			<h2>Hinter den Kulissen unserer neuen Kapseln</h2>		
		<p>Die Entwicklung von Kapseln war eine langfristige Reflexions- und Produktionsarbeit für Esperanza. Wir wollten &#8211; auf Wunsch unserer Kunden &#8211; Kapseln anbieten und dabei unsere Werte respektieren, indem wir die Frische unserer Produkte auch in dieser Verpackung garantieren.</p><p> Kompostierbar &#8211; Recycelbar &#8211; Fairtrade &#8211; Nespresso®-Kompatibel</p>		
			<a href="https://yithcompare.321dev.ch/de/esperanza-kompatible-kompostierbare-kaffee-kapseln/">
						Gehen Sie jetzt hinter die Kulissen
					</a>
				Unsere Bestseller				
				Unsere neuen Verkostungs-Set				
			<p>Frische</p>		
		<p style="text-align: center;">Wir verwalten einen angemessenen Vorrat an Kaffee für optimale Frische.</p>
			<p>Schnelle Lieferung</p>		
		<p style="text-align: center;">Wir versenden Ihre Pakete innerhalb von 24 Stunden mit DHL</p>
			<p>Sichere Zahlung</p>		
		<p style="text-align: center;">Wählen Sie Ihre Zahlungsmethode und zahlen Sie sicher!</p>
			<p>Fairer Handel</p>		
		<p style="text-align: center;">Wir rösten ausschließlich Fair-Trade-Getreide.</p>
				Kürzlich angesehen				
				<a href="https://yithcompare.321dev.ch/de/produit/smeg-kaffeemuehle-50s-style-copie/" aria-label="JURA Kaffeemühle P.A.G.">
					<img width="290" height="290" src="https://yithcompare.321dev.ch/wp-content/uploads/2023/06/pag_grinder_image1-290x290.jpg" alt="" decoding="async" loading="lazy" srcset="https://yithcompare.321dev.ch/wp-content/uploads/2023/06/pag_grinder_image1-290x290.jpg 290w, https://yithcompare.321dev.ch/wp-content/uploads/2023/06/pag_grinder_image1-280x280.jpg 280w, https://yithcompare.321dev.ch/wp-content/uploads/2023/06/pag_grinder_image1-100x100.jpg 100w" sizes="auto, (max-width: 290px) 100vw, 290px" />				</a>
			<p><a href="https://yithcompare.321dev.ch/de/produit/smeg-kaffeemuehle-50s-style-copie/">JURA Kaffeemühle P.A.G.</a></p>
	<bdi>159.00&nbsp;&#67;&#72;&#70;</bdi>
				<a href="https://yithcompare.321dev.ch/de/produit/ono-coffee-black-ea-copie/" aria-label="JURA ONO Coffee Black (EA)">
					<img width="290" height="290" src="https://yithcompare.321dev.ch/wp-content/uploads/2023/05/ONO_packshot_900x900-290x290.jpg" alt="ONO packshot 900x900" decoding="async" loading="lazy" srcset="https://yithcompare.321dev.ch/wp-content/uploads/2023/05/ONO_packshot_900x900-290x290.jpg 290w, https://yithcompare.321dev.ch/wp-content/uploads/2023/05/ONO_packshot_900x900-280x280.jpg 280w, https://yithcompare.321dev.ch/wp-content/uploads/2023/05/ONO_packshot_900x900-100x100.jpg 100w" sizes="auto, (max-width: 290px) 100vw, 290px" />				</a>
				NEU
		<p><a href="https://yithcompare.321dev.ch/de/produit/ono-coffee-black-ea-copie/">JURA ONO Coffee Black (EA)</a></p>
	<bdi>349.00&nbsp;&#67;&#72;&#70;</bdi>
				<a href="https://yithcompare.321dev.ch/de/produit/bialetti-tuttocrema-milchaufschaeumer-330-ml/" aria-label="BIALETTI Tuttocrema, Milchaufschäumer, 330 ml">
					<img width="290" height="290" src="https://yithcompare.321dev.ch/wp-content/uploads/2023/05/Bia_Tuttocrema_1-290x290.jpg" alt="" decoding="async" loading="lazy" srcset="https://yithcompare.321dev.ch/wp-content/uploads/2023/05/Bia_Tuttocrema_1-290x290.jpg 290w, https://yithcompare.321dev.ch/wp-content/uploads/2023/05/Bia_Tuttocrema_1-400x400.jpg 400w, https://yithcompare.321dev.ch/wp-content/uploads/2023/05/Bia_Tuttocrema_1-800x800.jpg 800w, https://yithcompare.321dev.ch/wp-content/uploads/2023/05/Bia_Tuttocrema_1-280x280.jpg 280w, https://yithcompare.321dev.ch/wp-content/uploads/2023/05/Bia_Tuttocrema_1-768x768.jpg 768w, https://yithcompare.321dev.ch/wp-content/uploads/2023/05/Bia_Tuttocrema_1-510x510.jpg 510w, https://yithcompare.321dev.ch/wp-content/uploads/2023/05/Bia_Tuttocrema_1-100x100.jpg 100w, https://yithcompare.321dev.ch/wp-content/uploads/2023/05/Bia_Tuttocrema_1.jpg 1000w" sizes="auto, (max-width: 290px) 100vw, 290px" />				</a>
			<p><a href="https://yithcompare.321dev.ch/de/produit/bialetti-tuttocrema-milchaufschaeumer-330-ml/">BIALETTI Tuttocrema, Milchaufschäumer, 330 ml</a></p>
	<bdi>39.90&nbsp;&#67;&#72;&#70;</bdi>
				<a href="https://yithcompare.321dev.ch/de/produit/bialetti-milchkannchen-edelstahl-300ml/" aria-label="BIALETTI Milchkännchen aus Edelstahl, 300 ml">
					<img width="290" height="290" src="https://yithcompare.321dev.ch/wp-content/uploads/2023/05/Bia_PotLait_300_1-290x290.jpg" alt="" decoding="async" loading="lazy" srcset="https://yithcompare.321dev.ch/wp-content/uploads/2023/05/Bia_PotLait_300_1-290x290.jpg 290w, https://yithcompare.321dev.ch/wp-content/uploads/2023/05/Bia_PotLait_300_1-400x400.jpg 400w, https://yithcompare.321dev.ch/wp-content/uploads/2023/05/Bia_PotLait_300_1-800x800.jpg 800w, https://yithcompare.321dev.ch/wp-content/uploads/2023/05/Bia_PotLait_300_1-280x280.jpg 280w, https://yithcompare.321dev.ch/wp-content/uploads/2023/05/Bia_PotLait_300_1-768x768.jpg 768w, https://yithcompare.321dev.ch/wp-content/uploads/2023/05/Bia_PotLait_300_1-510x510.jpg 510w, https://yithcompare.321dev.ch/wp-content/uploads/2023/05/Bia_PotLait_300_1-100x100.jpg 100w, https://yithcompare.321dev.ch/wp-content/uploads/2023/05/Bia_PotLait_300_1.jpg 1000w" sizes="auto, (max-width: 290px) 100vw, 290px" />				</a>
			<p><a href="https://yithcompare.321dev.ch/de/produit/bialetti-milchkannchen-edelstahl-300ml/">BIALETTI Milchkännchen aus Edelstahl, 300 ml</a></p>
	<bdi>14.90&nbsp;&#67;&#72;&#70;</bdi>
<!-- row -->

<p>Verkostungsset : DIE ELIXIERE Supremo 500g &#8211; Bio Excelso 500g &#8211; Bio Sumatra 250g Wollen Sie sie entdecken? Wählen Sie einen Gutschein! Kaufen Sie bei Ihrem Rösthandwerker. Les Cafés Esperanza Die Kaffeebohnen Gemahlener Kaffee Kaffee Kapseln NEU Hinter den Kulissen unserer neuen Kapseln Die Entwicklung von Kapseln war eine langfristige Reflexions- und Produktionsarbeit für Esperanza. [&hellip;]</p>
